{"id":19,"date":"2021-03-16T04:47:30","date_gmt":"2021-03-16T04:47:30","guid":{"rendered":"http:\/\/blogs.sld.cu\/alcoholismo\/?page_id=19"},"modified":"2021-12-14T16:07:27","modified_gmt":"2021-12-14T16:07:27","slug":"alcoholismo","status":"publish","type":"page","link":"https:\/\/blogs.sld.cu\/alcoholismo\/alcoholismo\/","title":{"rendered":"Alcoholismo"},"content":{"rendered":"<h3><strong><span style=\"font-size: 12pt; font-family: verdana, geneva;\">Consumo de alcohol<\/span><\/strong><\/h3>\n<p><span style=\"font-size: 12pt; font-family: verdana, geneva;\">En el 2016, m\u00e1s de la mitad de la poblaci\u00f3n mundial de 15 a\u00f1os o m\u00e1s se hab\u00eda abstenido de consumir alcohol en los 12 meses anteriores (57 % o 3 100 millones de personas).<\/span><\/p>\n<p><span style=\"font-size: 12pt; font-family: verdana, geneva;\">En la actualidad, alrededor de 2,300 millones de personas son consumidores. M\u00e1s de la mitad de la poblaci\u00f3nmundial, consume alcohol en solo tres regiones de la OMS (Am\u00e9ricas, Europa y Pac\u00edfico Occidental).<\/span><\/p>\n<p><span style=\"font-size: 12pt; font-family: verdana, geneva;\">En todo el mundo, m\u00e1s de la cuarta parte de todos los j\u00f3venes de 15 a 19 a\u00f1os son bebedores (26,5 %), lo que representa 155 millones de adolescentes. Las tasas de prevalencia del consumo de alcohol son m\u00e1s altas en los j\u00f3venes de 15 a 19 a\u00f1os en la Regi\u00f3n de Europa de la OMS (43,8 %), seguidas por las de la Regi\u00f3n de las Am\u00e9ricas (38,2%) y la Regi\u00f3n del Pac\u00edfico Occidental (37,9%).<\/span><\/p>\n<p><span style=\"font-size: 12pt; font-family: verdana, geneva;\">En el 2016, el consumo nocivo de alcohol caus\u00f3 unos 3 millones de muertes (5,3 % de todas las muertes) en el mundo y 132,6 millones de a\u00f1os de vida ajustados en funci\u00f3n de la discapacidad <strong>(<a title=\"AVAD\" href=\"http:\/\/blogs.sld.cu\/alcoholismo\/avad\/\">AVAD<\/a><\/strong>), es decir, el 5,1 % de todos los <a href=\"https:\/\/blogs.sld.cu\/alcoholismo\/avad\/\"><strong>AVAD<\/strong><\/a> de ese a\u00f1o. La mortalidad resultante del consumo de alcohol es mayor que la causada por enfermedades como la tuberculosis, la infecci\u00f3n por el VIH\/sida y la diabetes.<\/span><\/p>\n<p><strong>\u00a0<\/strong><\/p>\n","protected":false},"excerpt":{"rendered":"<p>Consumo de alcohol En el 2016, m\u00e1s de la mitad de la poblaci\u00f3n mundial de 15 a\u00f1os o m\u00e1s se hab\u00eda abstenido de consumir alcohol en los 12 meses anteriores (57 % o 3 100 millones de personas). En la actualidad, alrededor de 2,300 millones de personas son consumidores. M\u00e1s de la mitad de la [&hellip;]<\/p>\n","protected":false},"author":208,"featured_media":0,"parent":0,"menu_order":0,"comment_status":"closed","ping_status":"open","template":"","meta":[],"_links":{"self":[{"href":"https:\/\/blogs.sld.cu\/alcoholismo\/wp-json\/wp\/v2\/pages\/19"}],"collection":[{"href":"https:\/\/blogs.sld.cu\/alcoholismo\/wp-json\/wp\/v2\/pages"}],"about":[{"href":"https:\/\/blogs.sld.cu\/alcoholismo\/wp-json\/wp\/v2\/types\/page"}],"author":[{"embeddable":true,"href":"https:\/\/blogs.sld.cu\/alcoholismo\/wp-json\/wp\/v2\/users\/208"}],"replies":[{"embeddable":true,"href":"https:\/\/blogs.sld.cu\/alcoholismo\/wp-json\/wp\/v2\/comments?post=19"}],"version-history":[{"count":8,"href":"https:\/\/blogs.sld.cu\/alcoholismo\/wp-json\/wp\/v2\/pages\/19\/revisions"}],"predecessor-version":[{"id":170,"href":"https:\/\/blogs.sld.cu\/alcoholismo\/wp-json\/wp\/v2\/pages\/19\/revisions\/170"}],"wp:attachment":[{"href":"https:\/\/blogs.sld.cu\/alcoholismo\/wp-json\/wp\/v2\/media?parent=19"}],"curies":[{"name":"wp","href":"https:\/\/api.w.org\/{rel}","templated":true}]}}