{"id":211,"date":"2014-02-14T15:11:41","date_gmt":"2014-02-14T15:11:41","guid":{"rendered":"http:\/\/blogs.sld.cu\/alejandro\/?page_id=211"},"modified":"2014-02-14T15:11:41","modified_gmt":"2014-02-14T15:11:41","slug":"tendencias-y-escenarios","status":"publish","type":"page","link":"https:\/\/blogs.sld.cu\/alejandro\/tendencias-y-escenarios\/","title":{"rendered":"Tendencias y escenarios"},"content":{"rendered":"<p>An\u00e1lisis de tendencias<\/p>\n<p>El an\u00e1lisis de Tendencias se refiere a la naturaleza, las causas, la velocidad y el impacto potencial de una tendencia en desarrollo. Las tendencias pueden tener un impacto primario o secundario. Por ejemplo, la prolongaci\u00f3n del retiro no s\u00f3lo incrementa el n\u00famero de personas a las que se les debe proporcionar recursos (impacto primario), sino que tambi\u00e9n se incrementa el n\u00famero de personas que pueden contribuir a la econom\u00eda a trav\u00e9s del trabajo renumerado y no renumerado (impacto secundario).<\/p>\n<p>La importancia de comprender las tendencias, cada vez es mas aceptado en el mundo empresarial. Los ejecutivos saben que una empresa que no se adapta a las tendencias actuales se va quedando atr\u00e1s. El conocimiento es cada vez m\u00e1s importante en el mundo y las tendencias proporcionan una valiosa base para formarse juicios pr\u00e1cticos acerca de los propios objetivos y estrategias. Siendo el conocimiento de las tendencias lo que permite enfrentar los riesgos en un negocio y de no ser arrastrado por la ola de un cambio inesperado. Mediante la utilizaci\u00f3n del an\u00e1lisis de tendencias, las personas y organizaciones pueden remontar las olas del cambio y lograr sus objetivos.<\/p>\n<p>El an\u00e1lisis de las tendencias puede dividirse en tres partes.<\/p>\n<p>1. An\u00e1lisis: Una vez que se identifica una tendencia, se tendr\u00e1 que encontrar las causas que la provocan, con que rapidez se desarrollara y cuales ser\u00e1n las consecuencias de su impacto. Recuerde que una tendencia puede tener efectos secundarios a los que hay que estar atentos. Por lo que se debe llevar a cabo un an\u00e1lisis de las causas y otro sobre los impactos:<br \/>\n\u2022 An\u00e1lisis de las causas: Es necesario identificar las fuerzas que est\u00e1n creando y configurando la tendencia. Con frecuencia, estas fuerzas son las propias tendencias por lo que es necesario hacer un sondeo para identificar las causas reales que contribuyen a las tendencias.<br \/>\n\u2022 An\u00e1lisis del impacto: Se identifican los efectos de las tendencias. A menudo las consecuencias m\u00e1s importantes escapan a la observaci\u00f3n. Hay que tener en cuenta que una tendencia puede tener muchas consecuencias sorprendentes por lo que la previsi\u00f3n puede ser complicada<br \/>\n2. Monitoreo: Las Tendencias consideradas como particularmente importantes deben ser cuidadosamente vigiladas y mantenerse constamente informado. Por ejemplo, un r\u00e1pido aumento de la tasa de desempleo o la aparici\u00f3n de una nueva y mortal enfermedad pueden tener impactos significativos en diferentes<br \/>\norganizaciones y comunidades.<br \/>\n3. Proyecci\u00f3n: Disponer de estad\u00edsticas, una tendencia puede ser graficada para mostrar c\u00f3mo la tendencia ha evolucionado con el tiempo. Si lo desea, la l\u00ednea de tendencia puede ser extendida o &#8220;proyectada&#8221; en el futuro. Esa proyecci\u00f3n muestra donde la tendencia podr\u00eda estar en alg\u00fan momento del futuro y darle un seguimiento a su comportamiento<\/p>\n<p>Por ejemplo:<br \/>\nUna tendencia de nuestro tiempo es el superconsumismo. Los niveles de consumos aumentan aceleradamente.<br \/>\nLa causa, nuestro sistema de valores basados en el tener en lugar del ser. Como dice la frase: Todos vivimos inconformes con lo que tenemos y estamos conforme con lo que somos&#8230; Es precisamente nuestro sistema de valores, lo que nos lleva a dedicamos a llenar el vac\u00edo interior adquiriendo cada vez mas cosas del exterior. Y para que tengo una idea del papel social de estos en nuestras relaciones, que podemos afirmar que la envidia se forma cuando queremos tener lo que el otro tiene; y la admiraci\u00f3n, cuando aspiramos a ser como esa otra persona. Preg\u00fantense ahora, \u00bfque abunda mas, los envidiosos o los admiradores sinceros? (no confundirlo con los oportunistas).<br \/>\nEl impacto: el agotamiento de los recursos naturales: el petr\u00f3leo, la vegetaci\u00f3n, los minerales, etc. Como dato de inter\u00e9s, el 20% de la poblaci\u00f3n mundial consume m\u00e1s del 80% de los recursos del planeta.<\/p>\n<p>Aqu\u00ed podemos preguntarnos: \u00bfseguir\u00e1 aumentando esta tendencia? \u00bfDebemos tomar medidas reactivas para disminuir el superconsumismo, como campa\u00f1as de ahorro? \u00bfProponer medidas proactivas, para combatir la causa y fomentar un nuevo sistema de valores? \u00bfQu\u00e9 suceder\u00e1 si se agotan los recursos naturales? \u00bfExisten alternativas de producciones artificiales? \u00bfSustituir\u00e1 lo artificial a lo natural?, etc.<\/p>\n<p>Desde ahora (en el presente) me defino por una actitud proactiva que vaya a la causa del problema y se proponga la implementaci\u00f3n (en el futuro) de una \u00e9tica global que incluya un nuevo sistema de valores que permita alcanzar la manifestaci\u00f3n plena del ser.<\/p>\n<p>Como dice Gast\u00f3n Berger: se puede considerar la Prospectiva como una actitud mental de concebir el futuro para obrar en el presente y afirma que prever el futuro es un ejercicio muy riesgoso y que lo mejor es tomar la decisi\u00f3n de edificarlo desde ahora.<\/p>\n<p>Otra forma de medir el impacto de una determinada tendencia es por los estados imaginables a trav\u00e9s de un conjunto de consecuencias. Esta t\u00e9cnica, conocida como Escenarios. Los escenarios le pueden ayudar a entender mejor donde esta surgiendo una tendencia y que impacto podr\u00eda tener, lo cual es \u00fatil para la identificaci\u00f3n de los posibles resultados de las diferentes estrategias empresariales.<\/p>\n<p>Siguiendo las ideas de Francisco J Mojica.<\/p>\n<p>El m\u00e9todo prospectivo debe involucrar al futuro como una causa final del presente. Es decir facilitar la construcci\u00f3n del futuro a trav\u00e9s del presente y una forma de lograr esto es por medio del dise\u00f1o de escenarios.<\/p>\n<p>El dise\u00f1o de escenarios<br \/>\nUn escenario es una imagen de futuro de car\u00e1cter conjetural que supone una descripci\u00f3n de lo que pasar\u00eda si llegase a ocurrir, e involucra algunas veces la precisi\u00f3n de los estadios previos que se habr\u00edan recorrido, desde el presente hasta el horizonte de tiempo que se ha elegido.<\/p>\n<p>Mojica define dos categor\u00edas de escenarios.<\/p>\n<p>Escenarios Probables<br \/>\nEstos escenarios son los obtenidos a trav\u00e9s de las t\u00e9cnicas de &#8220;forecasting&#8221; que, como dijimos, est\u00e1n basadas en los principios de previsi\u00f3n y, por lo tanto, buscan identificar y calificar tendencias.<\/p>\n<p>Escenarios Alternos<br \/>\nSi el futuro es construible m\u00e1s que previsible, quiere decir que adem\u00e1s de lo probable existen otras alternativas que podr\u00edamos explorar. Estos son los escenarios alternos, llamados as\u00ed porque nos se\u00f1alan otras situaciones en donde nos podr\u00edamos encontrar.<\/p>\n<p>Hemos vista que uno de los escenarios probables es la singularidad tecnol\u00f3gica de Kurzweil donde el escenario final es la fusi\u00f3n entre humanos y tecnolog\u00edas. Podemos preguntarnos si no existen escenarios alternos que en lugar de conducirnos a la fusi\u00f3n nos lleve a la cooperaci\u00f3n entre humanos y tecnolog\u00edas. \u00bfQu\u00e9 acciones desde el presente serian necesarias?<\/p>\n<p>Hoy estamos mas consciente que los cambios tanto econ\u00f3mico, social o tecnol\u00f3gico ocurren cada vez con mayor frecuencia a la vez que se desarrollan con mas rapidez y fuerza. De ah\u00ed la necesidad de anticiparnos a los cambios para estar preparados y poder enfrentar las amenazas que encierra el futuro de la cual ni siquiera somos conscientes (piensen en la actual crisis financiera). Por lo que se necesita de un proceso de planificaci\u00f3n<\/p>\n<p>Retomando a Mojica: Los escenarios constituyen elementos centrales en todo proceso de planificaci\u00f3n. A su vez, la planificaci\u00f3n puede ser abordada bajo dos enfoques: descriptivo y normativo.<br \/>\n\u2022 En el enfoque descriptivo el objetivo es explorar el futuro con el prop\u00f3sito de visualizar todas las posibles situaciones que puedan presentarse, siempre bajo la condici\u00f3n de que el futuro es incierto. En este contexto el proceso planificador emplea escenarios descriptivos (tambi\u00e9n llamados exploratorios) para dise\u00f1ar un plan de acci\u00f3n o estrategia que sea coherente con los posibles escenarios futuros. Por ello, a este proceso planificador tambi\u00e9n se lo denomina planificaci\u00f3n estrat\u00e9gica.<br \/>\n\u2022 En el enfoque normativo, que a su vez, es un proceso cuyo fundamento consiste en visualizar el futuro deseado y orientar todos los recursos y esfuerzos hacia \u00e9l.<br \/>\nAs\u00ed, mientras en la planificaci\u00f3n estrat\u00e9gica los escenarios constituyen una oferta de diferentes situaciones que pueden presentarse en el futuro, en la planificaci\u00f3n normativa los escenarios son el objetivo que se debe alcanzar.<\/p>\n<p>Ahora como ejercicio mental, pensemos en algunos de los estos escenarios.<br \/>\n1. Todos sabemos del crecimiento vertiginoso de China, actualmente la tercera econom\u00eda mundial. \u00bfQu\u00e9 pasar\u00eda si China se convirtiera en la primera econom\u00eda del mundo? \u00bfQu\u00e9 actitud asumir\u00eda los Estados Unidos? \u00bfSe acabar\u00eda el terrorismo? \u00bfSe alcanzar\u00eda la paz mundial o surgir\u00edan nueva guerras por la hegemon\u00eda?<br \/>\n2. Conocemos de la tendencia de sustituir los productos agr\u00edcolas por productos transgenicos y dado el desarrollo de la biotecnolog\u00eda es posible que casi todos los productos agr\u00edcolas puedan ser elaborados por m\u00e9todos artificiales, lo cual trae como consecuencia que los pa\u00edses desarrollados puedan asumir la producci\u00f3n de muchos productos agr\u00edcolas. \u00bfSeguir\u00e1n aumentando las producciones y el consumo de productos elaborados por la biotecnolog\u00eda? \u00bfQu\u00e9 suceder\u00e1 con los pa\u00edses pobres? \u00bfCubrir\u00e1n los productos bio y nanotecnologicas las necesidades de los pa\u00edses desarrollados y no se no necesitara en el futuro de los pa\u00edses pobres? \u00bfQu\u00e9 consecuencias traer\u00eda esto?<br \/>\n3. Todos coinciden en la convergencia tecnol\u00f3gica entre nanotecnolog\u00eda, biotecnol\u00f3gica, tecnolog\u00edas de la informaci\u00f3n y la ciencia cognitiva. \u00bfQu\u00e9 impacto tendr\u00e1 en la econom\u00eda y en la sociedad? \u00bfAumentara la brecha entre ricos y pobres? \u00bfLas tecnolog\u00edas por si sola solucionaran todos los problemas? \u00bfCu\u00e1les seria los riesgos del mal uso de alguna de estas tecnolog\u00edas? \u00bfla humanidad estar\u00e1 en peligro de extinci\u00f3n?<\/p>\n","protected":false},"excerpt":{"rendered":"<p>An\u00e1lisis de tendencias El an\u00e1lisis de Tendencias se refiere a la naturaleza, las causas, la velocidad y el impacto potencial de una tendencia en desarrollo. Las tendencias pueden tener un impacto primario o secundario. Por ejemplo, la prolongaci\u00f3n del retiro no s\u00f3lo incrementa el n\u00famero de personas a las que se les debe proporcionar recursos [&hellip;]<\/p>\n","protected":false},"author":109,"featured_media":0,"parent":0,"menu_order":0,"comment_status":"open","ping_status":"closed","template":"","meta":[],"_links":{"self":[{"href":"https:\/\/blogs.sld.cu\/alejandro\/wp-json\/wp\/v2\/pages\/211"}],"collection":[{"href":"https:\/\/blogs.sld.cu\/alejandro\/wp-json\/wp\/v2\/pages"}],"about":[{"href":"https:\/\/blogs.sld.cu\/alejandro\/wp-json\/wp\/v2\/types\/page"}],"author":[{"embeddable":true,"href":"https:\/\/blogs.sld.cu\/alejandro\/wp-json\/wp\/v2\/users\/109"}],"replies":[{"embeddable":true,"href":"https:\/\/blogs.sld.cu\/alejandro\/wp-json\/wp\/v2\/comments?post=211"}],"version-history":[{"count":1,"href":"https:\/\/blogs.sld.cu\/alejandro\/wp-json\/wp\/v2\/pages\/211\/revisions"}],"predecessor-version":[{"id":212,"href":"https:\/\/blogs.sld.cu\/alejandro\/wp-json\/wp\/v2\/pages\/211\/revisions\/212"}],"wp:attachment":[{"href":"https:\/\/blogs.sld.cu\/alejandro\/wp-json\/wp\/v2\/media?parent=211"}],"curies":[{"name":"wp","href":"https:\/\/api.w.org\/{rel}","templated":true}]}}