{"id":12,"date":"2021-01-23T06:47:35","date_gmt":"2021-01-23T06:47:35","guid":{"rendered":"http:\/\/blogs.sld.cu\/alzheimer\/?page_id=12"},"modified":"2021-11-23T14:12:21","modified_gmt":"2021-11-23T14:12:21","slug":"causariesgos","status":"publish","type":"page","link":"https:\/\/blogs.sld.cu\/alzheimer\/causariesgos\/","title":{"rendered":"Causas\/Riesgos"},"content":{"rendered":"<p id=\"p_lt_ctl02_pageplaceholder_p_lt_WebPartZone1_PageHeaderRouter_PageHeaderRouter__h1Title\"><span style=\"color: #0062ad;\"><strong>Causas y factores de riesgo<\/strong><\/span><\/p>\n<p>Seg\u00fan la Organizaci\u00f3n Mundial de la Salud (OMS), se define factor de riesgo como cualquier rasgo, caracter\u00edstica o exposici\u00f3n de un individuo que aumente su probabilidad de sufrir una lesi\u00f3n.<\/p>\n<p>Los cient\u00edficos han identificado factores que aumentan el riesgo de parecer Alzheimer. Los factores de riesgo m\u00e1s importantes (la edad, los antecedentes familiares y la herencia) no se pueden cambiar, pero existen nuevas pruebas que sugieren que podr\u00eda haber otros factores sobre los que s\u00ed podemos influir.<\/p>\n<p><span style=\"color: #0062ad;\"><strong>Edad<\/strong><\/span><\/p>\n<p>El mayor factor de riesgo para el Alzheimer es el envejecimiento. La mayor\u00eda de las personas con la enfermedad tienen 65 a\u00f1os o m\u00e1s. Una de cada nueve personas en este grupo etario y cerca de un tercio de las personas mayores de 85 a\u00f1os tienen Alzheimer.<\/p>\n<p><span style=\"color: #0062ad;\"><strong>Antecedentes familiares<\/strong><\/span><\/p>\n<p>Otro factor de riesgo importante son los antecedentes familiares. Las personas con padre, madre, hermano o hermana con Alzheimer tienen m\u00e1s probabilidades de desarrollar la enfermedad. El riesgo aumenta si m\u00e1s de un familiar tiene la enfermedad. Cuando las enfermedades tienden a suceder en familias, los factores hereditarios (gen\u00e9ticos) o ambientales (o ambos) pueden ser importantes.<\/p>\n<div id=\"p_lt_ctl02_pageplaceholder_p_lt_WebPartZone3_Article_WebPartZone_WebPartZone_zone_editabletext1_ucEditableText_widget1_ctl00__calloutWrapper\" class=\"callout\">\n<blockquote>\n<h4><em>El aluminio no es una causa<\/em><\/h4>\n<p><em>Durante las d\u00e9cadas de 1960 y 1970, el aluminio surgi\u00f3 como posible causante de la enfermedad de Alzheimer. Esta sospecha llev\u00f3 a preocupaciones sobre la exposici\u00f3n diaria al aluminio a trav\u00e9s de fuentes tales como las ollas, el papel aluminio, las bebidas enlatadas, los anti\u00e1cidos y los antitranspirantes. Desde entonces, ning\u00fan estudio logr\u00f3 confirmar el rol del aluminio como causante del Alzheimer. Casi todos los cient\u00edficos hoy se centran en otras \u00e1reas de investigaci\u00f3n, y pocos expertos creen que las fuentes de aluminio a la que nos exponemos a diario generen peligro.<\/em><\/p><\/blockquote>\n<p><span style=\"color: #0062ad;\"><strong>Gen\u00e9tica (herencia)<\/strong><\/span><\/p>\n<\/div>\n<p>Los cient\u00edficos saben que los genes est\u00e1n involucrados en el Alzheimer. Hay dos categor\u00edas de genes que influyen sobre la capacidad de una persona de desarrollar una enfermedad: los genes de riesgo y los genes deterministas. Se encontraron genes del Alzheimer en ambas categor\u00edas.<\/p>\n<ol>\n<li>Los genes de riesgo aumentan la probabilidad de desarrollar una enfermedad, pero no garantizan que suceda. Los investigadores encontraron varios genes que aumentan el riesgo de Alzheimer. La apolipoprote\u00edna E-e4, o APOE-e4, es el primer gen de riesgo identificado y contin\u00faa siendo el de mayor impacto.<\/li>\n<li>Otras formas comunes del gen APOE son APOE-e2 y APOE-e3. Todas las personas heredan una copia de alguna forma de APOE de cada progenitor. Aquellos que heredan una copia de APOE-e4 tienen un mayor riesgo de desarrollar Alzheimer; aquellos que heredan dos copias, tienen un riesgo todav\u00eda mayor, aunque no la certeza. Los investigadores todav\u00eda no saben c\u00f3mo el APOE-e4 aumenta el riesgo. Adem\u00e1s de elevar el riesgo, el APOE-e4 puede hacer que los s\u00edntomas del Alzheimer aparezcan a una edad m\u00e1s temprana de lo habitual.<\/li>\n<li>Los genes deterministas directamente causan la enfermedad, lo que garantiza que cualquier persona que los hereda desarrollar\u00e1 el trastorno. Los cient\u00edficos descubrieron variantes que causan directamente la enfermedad de Alzheimer en los genes que codifican tres prote\u00ednas: la prote\u00edna precursora amiloidea (APP), presenilina-1 (PS-1) y presenilina-2 (PS-2).<\/li>\n<\/ol>\n<p><em><strong>Qu\u00e9 puede hacer ahora<\/strong><\/em><\/p>\n<p><em>La mayor\u00eda de los expertos cree que casi todos los casos de enfermedad de Alzheimer ocurren como resultado de interacciones complejas entre los genes y otros factores de riesgo. La edad, los antecedentes familiares y la herencia son factores de riesgo que no podemos cambiar. Ahora, las investigaciones comienzan a revelar claves acerca de otros factores de riesgo sobre los que podemos influir a trav\u00e9s del estilo de vida general, las opciones de bienestar y el manejo efectivo de otras afecciones.<\/em><\/p>\n<p><strong><span style=\"color: #0062ad;\">Lesiones en la cabeza<\/span><\/strong><\/p>\n<p>Podr\u00eda existir un v\u00ednculo fuerte entre las lesiones graves en la cabeza y el riesgo futuro de padecer Alzheimer, especialmente cuando el traumatismo se repite o incluye p\u00e9rdida de conocimiento. Para proteger su cerebro, use el cintur\u00f3n de seguridad, use casco cuando practica deportes y haga de su hogar un espacio a prueba de ca\u00eddas.<\/p>\n<p><strong><span style=\"color: #0062ad;\">Conexi\u00f3n entre el coraz\u00f3n y la cabeza<\/span><\/strong><\/p>\n<p>Algunas de las evidencias m\u00e1s concluyentes vinculan la salud del cerebro con la del coraz\u00f3n. Esta conexi\u00f3n tiene sentido, ya que el cerebro se alimenta a trav\u00e9s de las redes de vasos sangu\u00edneos m\u00e1s importantes del cuerpo, y el coraz\u00f3n es responsable de bombear sangre a trav\u00e9s de estos vasos sangu\u00edneos hasta el cerebro.<\/p>\n<p><span style=\"color: #0062ad;\"><strong>El riesgo de desarrollar&#8230;<\/strong><\/span><\/p>\n<p>Alzheimer o demencia vascular parece aumentar con varias de las afecciones que da\u00f1an el coraz\u00f3n y los vasos sangu\u00edneos. Estas incluyen las cardiopat\u00edas, diabetes, accidentes cerebrovasculares, presi\u00f3n arterial elevada y colesterol elevado. Trabaje junto a su m\u00e9dico para controlar la salud del coraz\u00f3n y trate cualquier problema que surja. Estudios realizados con tejido cerebral donado ofrecen evidencias adicionales de una conexi\u00f3n entre el coraz\u00f3n y el cerebro. Estos estudios sugieren que es m\u00e1s probable que las placas y los ovillos causen s\u00edntomas de Alzheimer si ocurren accidentes cerebrovasculares o da\u00f1os a los vasos sangu\u00edneos del cerebro.<\/p>\n<p><a href=\"https:\/\/blogs.sld.cu\/alzheimer\/evaluacion-del-riesgo-de-desarrollar-enfermedad-de-alzheimer\/\" target=\"_blank\" rel=\"noopener\"><strong>Evaluaci\u00f3n del riesgo de desarrollar enfermedad de Alzheimer<\/strong><\/a><\/p>\n<p>&nbsp;<\/p>\n","protected":false},"excerpt":{"rendered":"<p>Causas y factores de riesgo Seg\u00fan la Organizaci\u00f3n Mundial de la Salud (OMS), se define factor de riesgo como cualquier rasgo, caracter\u00edstica o exposici\u00f3n de un individuo que aumente su probabilidad de sufrir una lesi\u00f3n. Los cient\u00edficos han identificado factores que aumentan el riesgo de parecer Alzheimer. Los factores de riesgo m\u00e1s importantes (la edad, [&hellip;]<\/p>\n","protected":false},"author":208,"featured_media":0,"parent":0,"menu_order":0,"comment_status":"closed","ping_status":"closed","template":"","meta":[],"_links":{"self":[{"href":"https:\/\/blogs.sld.cu\/alzheimer\/wp-json\/wp\/v2\/pages\/12"}],"collection":[{"href":"https:\/\/blogs.sld.cu\/alzheimer\/wp-json\/wp\/v2\/pages"}],"about":[{"href":"https:\/\/blogs.sld.cu\/alzheimer\/wp-json\/wp\/v2\/types\/page"}],"author":[{"embeddable":true,"href":"https:\/\/blogs.sld.cu\/alzheimer\/wp-json\/wp\/v2\/users\/208"}],"replies":[{"embeddable":true,"href":"https:\/\/blogs.sld.cu\/alzheimer\/wp-json\/wp\/v2\/comments?post=12"}],"version-history":[{"count":8,"href":"https:\/\/blogs.sld.cu\/alzheimer\/wp-json\/wp\/v2\/pages\/12\/revisions"}],"predecessor-version":[{"id":135,"href":"https:\/\/blogs.sld.cu\/alzheimer\/wp-json\/wp\/v2\/pages\/12\/revisions\/135"}],"wp:attachment":[{"href":"https:\/\/blogs.sld.cu\/alzheimer\/wp-json\/wp\/v2\/media?parent=12"}],"curies":[{"name":"wp","href":"https:\/\/api.w.org\/{rel}","templated":true}]}}