{"id":149,"date":"2021-11-25T00:50:22","date_gmt":"2021-11-25T00:50:22","guid":{"rendered":"https:\/\/blogs.sld.cu\/alzheimer\/?page_id=149"},"modified":"2021-11-25T00:58:53","modified_gmt":"2021-11-25T00:58:53","slug":"conversando-con-cuidadores","status":"publish","type":"page","link":"https:\/\/blogs.sld.cu\/alzheimer\/conversando-con-cuidadores\/","title":{"rendered":"Conversando con cuidadores"},"content":{"rendered":"<p><a href=\"http:\/\/blogs.sld.cu\/alzheimer\/files\/2021\/11\/conversando-con-los-cuidadores-69.jpg\"><img loading=\"lazy\" class=\"size-full wp-image-153 alignleft\" src=\"http:\/\/blogs.sld.cu\/alzheimer\/files\/2021\/11\/conversando-con-los-cuidadores-69.jpg\" alt=\"\" width=\"300\" height=\"200\" srcset=\"https:\/\/blogs.sld.cu\/alzheimer\/files\/2021\/11\/conversando-con-los-cuidadores-69.jpg 300w, https:\/\/blogs.sld.cu\/alzheimer\/files\/2021\/11\/conversando-con-los-cuidadores-69-250x167.jpg 250w\" sizes=\"(max-width: 300px) 100vw, 300px\" \/><\/a>&#8220;Conversaciones con los Cuidadores&#8221; es una serie de nueve videos cortos en los que cuidadores y familias cubanas ofrecen consejos pr\u00e1cticos de cuidadores\/familiares que atienden a personas con demencia.<\/p>\n<p>Siguiendo el modelo de conversaciones con cuidadores, una serie en ingl\u00e9s desarrollada por UCSF Memory and Aging Center y Tideswell at UCSF, Conversando con los Cuidadores es la primera de su tipo en espa\u00f1ol. Al enfatizar el papel y las experiencias de los cuidadores, los videos tienen como objetivo ayudar a los espectadores a manejar desaf\u00edos comunes en cuidado de personas con demencia.<\/p>\n<p><strong><a href=\"https:\/\/www.youtube.com\/playlist?list=PLgdobFpNy7LWQ2YWrc1RBx0KboivR76BB\" target=\"_blank\" rel=\"noopener\">Acceda a todos los videos a trav\u00e9s de Youtube.<\/a><\/strong><\/p>\n<p class=\"style-scope ytd-playlist-video-renderer\"><a id=\"video-title\" class=\"yt-simple-endpoint style-scope ytd-playlist-video-renderer\" title=\"Capitulo 1 Historias de Vidas\" href=\"https:\/\/www.youtube.com\/watch?v=TO1EUamPqzQ&amp;list=PLgdobFpNy7LWQ2YWrc1RBx0KboivR76BB&amp;index=2\" aria-label=\"Capitulo 1 Historias de Vidas de Global Brain Health Institute (GBHI) hace 1 a\u00f1o 9 minutos y 40 segundos\">&#8211; Cap\u00edtulo 1. Historias de Vidas<strong><br \/>\n<\/strong><\/a><a href=\"https:\/\/www.youtube.com\/watch?v=8Q2pJDdEcdc&amp;list=PLgdobFpNy7LWQ2YWrc1RBx0KboivR76BB&amp;index=3\" target=\"_blank\" rel=\"noopener\">&#8211; Cap\u00edtulo 2. S\u00edntomas psicol\u00f3gicos conductuales<\/a><br \/>\n<a href=\"https:\/\/www.youtube.com\/watch?v=PuyqYRFh2Qg&amp;list=PLgdobFpNy7LWQ2YWrc1RBx0KboivR76BB&amp;index=4\" target=\"_blank\" rel=\"noopener\">&#8211; Cap\u00edtulo 3. Comunicaci\u00f3n<\/a><br \/>\n<a href=\"https:\/\/www.youtube.com\/watch?v=COHk1YFGBOI&amp;list=PLgdobFpNy7LWQ2YWrc1RBx0KboivR76BB&amp;index=5\" target=\"_blank\" rel=\"noopener\">&#8211; Cap\u00edtulo 4. Actividades de la vida diaria<\/a><br \/>\n<a href=\"https:\/\/www.youtube.com\/watch?v=jtotvPczxrQ&amp;list=PLgdobFpNy7LWQ2YWrc1RBx0KboivR76BB&amp;index=6\" target=\"_blank\" rel=\"noopener\">&#8211; Cap\u00edtulo 5. Cuidado personal<\/a><br \/>\n<a href=\"https:\/\/www.youtube.com\/watch?v=E8rrHFhn3dc&amp;list=PLgdobFpNy7LWQ2YWrc1RBx0KboivR76BB&amp;index=7\" target=\"_blank\" rel=\"noopener\">&#8211; Cap\u00edtulo 6. Aceptaci\u00f3n y compromiso<\/a><br \/>\n<a href=\"https:\/\/www.youtube.com\/watch?v=qJddN9vP1ic&amp;list=PLgdobFpNy7LWQ2YWrc1RBx0KboivR76BB&amp;index=8\" target=\"_blank\" rel=\"noopener\">&#8211; Cap\u00edtulo 7. Apoyo al cuidador<\/a><br \/>\n<a href=\"https:\/\/www.youtube.com\/watch?v=sQ8sJUQyS5Q&amp;list=PLgdobFpNy7LWQ2YWrc1RBx0KboivR76BB&amp;index=9\" target=\"_blank\" rel=\"noopener\">&#8211; Cap\u00edtulo 8. Historia de familia<\/a><br \/>\n<a href=\"https:\/\/www.youtube.com\/watch?v=zmlDhAVOFps&amp;list=PLgdobFpNy7LWQ2YWrc1RBx0KboivR76BB&amp;index=10\" target=\"_blank\" rel=\"noopener\">&#8211; Cap\u00edtulo 9. Recomendaciones para cuidadores<\/a><br \/>\n<a id=\"video-title\" class=\"yt-simple-endpoint style-scope ytd-playlist-video-renderer\" title=\"Capitulo 1 Historias de Vidas\" href=\"https:\/\/www.youtube.com\/watch?v=TO1EUamPqzQ&amp;list=PLgdobFpNy7LWQ2YWrc1RBx0KboivR76BB&amp;index=2\" aria-label=\"Capitulo 1 Historias de Vidas de Global Brain Health Institute (GBHI) hace 1 a\u00f1o 9 minutos y 40 segundos\"><\/a><\/p>\n","protected":false},"excerpt":{"rendered":"<p>&#8220;Conversaciones con los Cuidadores&#8221; es una serie de nueve videos cortos en los que cuidadores y familias cubanas ofrecen consejos pr\u00e1cticos de cuidadores\/familiares que atienden a personas con demencia. Siguiendo el modelo de conversaciones con cuidadores, una serie en ingl\u00e9s desarrollada por UCSF Memory and Aging Center y Tideswell at UCSF, Conversando con los Cuidadores [&hellip;]<\/p>\n","protected":false},"author":123,"featured_media":0,"parent":0,"menu_order":0,"comment_status":"closed","ping_status":"closed","template":"","meta":[],"_links":{"self":[{"href":"https:\/\/blogs.sld.cu\/alzheimer\/wp-json\/wp\/v2\/pages\/149"}],"collection":[{"href":"https:\/\/blogs.sld.cu\/alzheimer\/wp-json\/wp\/v2\/pages"}],"about":[{"href":"https:\/\/blogs.sld.cu\/alzheimer\/wp-json\/wp\/v2\/types\/page"}],"author":[{"embeddable":true,"href":"https:\/\/blogs.sld.cu\/alzheimer\/wp-json\/wp\/v2\/users\/123"}],"replies":[{"embeddable":true,"href":"https:\/\/blogs.sld.cu\/alzheimer\/wp-json\/wp\/v2\/comments?post=149"}],"version-history":[{"count":4,"href":"https:\/\/blogs.sld.cu\/alzheimer\/wp-json\/wp\/v2\/pages\/149\/revisions"}],"predecessor-version":[{"id":155,"href":"https:\/\/blogs.sld.cu\/alzheimer\/wp-json\/wp\/v2\/pages\/149\/revisions\/155"}],"wp:attachment":[{"href":"https:\/\/blogs.sld.cu\/alzheimer\/wp-json\/wp\/v2\/media?parent=149"}],"curies":[{"name":"wp","href":"https:\/\/api.w.org\/{rel}","templated":true}]}}