{"id":66,"date":"2021-11-19T21:55:18","date_gmt":"2021-11-19T21:55:18","guid":{"rendered":"https:\/\/blogs.sld.cu\/alzheimer\/?page_id=66"},"modified":"2021-11-19T21:55:18","modified_gmt":"2021-11-19T21:55:18","slug":"usar-el-servicio-o-bano","status":"publish","type":"page","link":"https:\/\/blogs.sld.cu\/alzheimer\/usar-el-servicio-o-bano\/","title":{"rendered":"Usar el servicio o ba\u00f1o"},"content":{"rendered":"<div class=\"itemIntroText\">\n<p>Ir al servicio no es tan simple. Para su familiar afectado por la enfermedad de Alzheimer puede resultar una prueba imposible de superar.<\/p>\n<p><strong>\u00bfC\u00f3mo facilitarle esta actividad?<\/strong><\/p>\n<p>Acondicionar correctamente el servicio. Es un paso imprescindible por que a medida que evoluciona la enfermedad, su familiar tendr\u00e1 m\u00e1s dificultades.<\/p>\n<p>1. Quitar o inmovilizar el cerrojo para evitar que su familiar quede encerarlo.<br \/>\n2. Indicar claramente la puerta con un cartel llevando el dibujo de la taza del inodoro.<br \/>\n3. Despejar el acceso al cuarto de ba\u00f1o: quitar sillas, felpudos, objetos que pueden demorar la llegada de su familiar.<br \/>\n4. Dejar una luz encendida para que pueda su familiar tener acceso f\u00e1cil durante la noche : luz en el pasillo, luz en el servicio.<br \/>\n5. Poner barras laterales que permitan a su familiar sentarse y levantarse con facilidad (chequear previamente que su altura sea apropiada).<br \/>\n6. Acondicionar, si es necesario, el inodoro con un asiento m\u00e1s elevado.<br \/>\n7. Quitar alfombras del cuarto de ba\u00f1o si las hay.<br \/>\n8. Chequear que est\u00e9n los utensilios necesarios.<\/p>\n<p><strong>Evaluar la movilidad de su familiar<\/strong><\/p>\n<p>Muchos ancianos no se mueven tan r\u00e1pidamente como nosotros. Sufren artrosis, dolor de cadera, deformaciones de las articulaciones, de los pies lo que reduce su movilidad. Tambi\u00e9n, ciertas zapatillas no toman bien el pie y obstaculizan la marcha.<\/p>\n<p>Ud. debe tener en cuenta el tiempo necesario para que su familiar se desplace hasta el servicio para no evitar fugas antes de llegar.<\/p>\n<p><strong>Conocer su capacidad para desvestirse y para vestirse<\/strong><\/p>\n<p>Puede ocurrir fugas porque su familiar, al llegar al cuarto de ba\u00f1o, no tiene la velocidad necesaria para desvestirse. En este caso hay que:<\/p>\n<p>&#8211; decirle que se desabroche bien el pantal\u00f3n, que se suba la falda, etc. y ayudarle;<br \/>\n&#8211; seleccionar vestidos que facilitar esta operaci\u00f3n.<\/p>\n<p><strong>Disponer el material de aseo para facilitar su uso<\/strong><\/p>\n<p>&#8211; Papel higi\u00e9nico en un sitio bien visible y f\u00e1cil de acceso (si se usa un rollo, corte varias hojas lista para usar).<br \/>\n&#8211; Indicar con un cartel donde esta la cadena, el mando de la cisterna.<br \/>\n&#8211; Si hay un lavabo, disponer de jab\u00f3n y una toalla peque\u00f1a.<\/p>\n<h3><strong>Tomar un Ba\u00f1o o Ducha<\/strong><\/h3>\n<p>Tomar un ba\u00f1o o una ducha representa una serie de operaciones complejas para su familiar. As\u00ed que no es sorprendente que \u00e9l lo rechace con frecuencia. La insistencia por parte de usted puede desencadenar una reacci\u00f3n agresiva.<\/p>\n<p>Por otra parte, cada uno de nosotros ha desarrollado una conducta autom\u00e1tica de sus h\u00e1bitos higi\u00e9nicos. Los hay que prefieren ba\u00f1arse, otros ducharse, unos se ba\u00f1an por la ma\u00f1ana y otros por la noche.<\/p>\n<p>B\u00e1sese en los h\u00e1bitos anteriores de su familiar para crear una rutina de ba\u00f1o o de ducha: siempre a la misma hora, siempre siguiendo las mismas fases sucesivas. Sepa que un ba\u00f1o diario no es siempre necesario.<\/p>\n<\/div>\n<div class=\"itemFullText\">\n<p><strong>Seguir la rutina de su familiar<\/strong><\/p>\n<p>Ud. lleva a\u00f1os viviendo con su familiar. Sabe cu\u00e1les son sus h\u00e1bitos, como proceder para asearle, si le gusta el ba\u00f1o o la ducha.<\/p>\n<p>La primera regla es mantener esta rutina personal.<\/p>\n<p><strong>El aseo debe realizarse:<\/strong><\/p>\n<ul>\n<li>Siempre en la misma habitaci\u00f3n: cuarto de ba\u00f1o o la cocina.<\/li>\n<li>Siempre a la misma hora.<\/li>\n<li>Siempre con las mismas secuencias: por ejemplo lavarse los dientes, lavarse la cara, peinarse, maquillarse.<\/li>\n<\/ul>\n<p>Recordamos que cada uno de nosotros ha elaborado a lo largo de los a\u00f1os su propia rutina para asearse. Su familiar tambi\u00e9n.<\/p>\n<p>Si est\u00e1 acostumbrado a tomar una ducha diaria, hay que mantener este h\u00e1bito. Si est\u00e1 acostumbrado a tomar un ba\u00f1o a la semana, no se oponga.<\/p>\n<p>Si su familiar es mujer y acostumbra a maquillarse cada d\u00eda, Ud. intentar\u00e1 maquillarla al finalizar el aseo.<\/p>\n<p><strong>Cuidar el cabello, la cara, la piel, las u\u00f1as\u2026<\/strong><\/p>\n<p><strong>El cabello<\/strong><\/p>\n<p>Lavarle y peinarle el pelo puede resultar muy agradable y relajante para su familiar si sigue los consejos siguientes:<\/p>\n<ul>\n<li>Aseg\u00farese de que su familiar ha comprendido exactamente lo que Ud. va a hacer antes de empezar.<\/li>\n<li>A veces, es mejor lavarle el pelo en un cubo de agua.<\/li>\n<li>Limite el uso del champ\u00fa y tenga gran cuidado de no meterle agua en los ojos.<\/li>\n<li>Una vez aclarado, cubra su cabeza con una toalla. Si emplea un secador, aseg\u00farese de que el aire no sea demasiado caliente.<\/li>\n<li>P\u00e9inele como su familiar le pida o como acostumbrarse a hacerlo.<\/li>\n<li>D\u00edgale lo bien que le ha quedado y con un espejo mu\u00e9strele el resultado para que se vea (&#8220;Mira que bien peinado est\u00e1s&#8221;).<\/li>\n<\/ul>\n<p>Es posible concretar una cita con el peluquero o que \u00e9ste se desplace hasta casa. En ese caso, inf\u00f3rmele del estado de su familiar y de la enfermedad.<\/p>\n<p>Recuerde que el pelo produce una buena o mala impresi\u00f3n de su familiar. Un pelo bien cortado, unos cabellos bien peinados aumentaran su autoestima.<\/p>\n<p><strong>La cara<\/strong><\/p>\n<p>-El afeitado<\/p>\n<p>Muchos hombres se han afeitado diariamente durante su vida. Es importante animarle a hacerlo cuando sea posible si est\u00e1 acostumbrado. T\u00f3mese todo su tiempo<\/p>\n<p>-Vello facial de las mujeres<\/p>\n<p>Algunas mujeres son propensas a tener vello superfluo en la cara; esto se puede eliminar con una crema depilatoria. P\u00eddale siempre permiso, sea cuidadoso y discreto. Nunca lo haga en p\u00fablico.<\/p>\n<p>-El maquillaje<\/p>\n<p>La mayor\u00eda de las mujeres acostumbran a maquillarse todos los d\u00edas. Ay\u00fadela a maquillarse:<\/p>\n<ul>\n<li>Aprenda a conocer cu\u00e1les son sus preferencias, los colores que prefiere.<\/li>\n<li>Sepa si es al\u00e9rgica a alg\u00fan producto de belleza.<\/li>\n<li>No innove. Maqu\u00edllela como siempre lo ha hecho ella.<\/li>\n<li>Cuando acabe la sesi\u00f3n, d\u00edgale lo guapa que est\u00e1.<\/li>\n<\/ul>\n<p><strong>Los dientes<\/strong><\/p>\n<p>La higiene bucal es igual de importante que el resto del cuerpo, pero muchas veces es olvidada o descuidada.<\/p>\n<p>Es importante inspeccionar la lengua, la cara interna de las mejillas y los dientes para ver si est\u00e1n doloridos, ensangrentados o con \u00falcera. Su familiar puede ser incapaz de decirle que le duele la boca.<\/p>\n<p>Si su familiar usa dentadura postiza o tiene una pr\u00f3tesis dental y no puede limpiarla el solo, l\u00edmpiela minuciosamente con unos guantes est\u00e9riles (de venta en farmacias):<\/p>\n<ul>\n<li>Cepill\u00e1ndola despu\u00e9s de cada comida.<\/li>\n<li>Dej\u00e1ndola durante la noche en agua templada mezclada con un producto desinfectante (pida consejo a su farmac\u00e9utico).<\/li>\n<li>Aseg\u00farese de que su dentadura todav\u00eda se sujeta y que no le hace heridas en la boca, Sino, contacte con su dentista.<\/li>\n<\/ul>\n<p><strong>La piel<\/strong><\/p>\n<p>El cuidado de la piel es muy importante ya que nos protege de las agresiones externas, y debe examinarse regularmente con atenci\u00f3n.<\/p>\n<p>Despu\u00e9s del ba\u00f1o o de la ducha debe sercarse bien, sobre todo en pliegues cut\u00e1neos. (en los pies, las axilas, las ingles y debajo de las mamas) ya que la humedad puede favorecer la aparici\u00f3n de hongos o infecciones bacterianas.<\/p>\n<p>Aproveche el aseo, el ba\u00f1o o la ducha para localizar posibles lesiones cut\u00e1neas o enrojecimientos de la piel.<\/p>\n<p>-Las u\u00f1as<\/p>\n<p>Las u\u00f1as de las manos deben inspeccionarse todos los d\u00edas y mantenerse limpias.<\/p>\n<p>Si su familiar es diab\u00e9tico, preg\u00fantele a su m\u00e9dico cuales son las precauciones que debe de tomar.<\/p>\n<p>Evite cortarle las u\u00f1as muy cortas.<\/p>\n<p>-Los pies<\/p>\n<p>Los pies son a menudo olvidados por todos nosotros pero es tremendamente placentero meterlos en un recipiente de agua caliente. Esto puede hacerse en cualquier momento del dia y permite ablandar las u\u00f1as de los pies antes de arreglarlas.<\/p>\n<p>Se deben inspeccionar los pies dos veces al d\u00eda como m\u00ednimo (una durante el ba\u00f1o y otra a la hora de acostar a su familiar) en busca de alguna herida. No olvide mirar entre los dedos y cortarle las u\u00f1as (no demasiado cortas).<\/p>\n<p><strong>Higiene \u00edntima<\/strong><\/p>\n<p>Las zonas genitales son propensas a desarrollar infecciones (la proliferaci\u00f3n bacteriana se facilita por la humedad), sobre todo si su familiar sufre de incontinencia.<\/p>\n<p>Las zonas genitales (comprendiendo los pliegues) deben lavarse todos los d\u00edas.<\/p>\n<p>Si su familiar es una mujer debe separar bien los labios mayores y lavarlos con la esponja con agua tibia y jab\u00f3n.<\/p>\n<p>Si su familiar es un hombre deber\u00e1 limpiar la zona retrayendo el prepucio con agua tibia y jab\u00f3n. Vuelva a colocar el prepucio en su sitio.<\/p>\n<p>Si lleva sonda vesical se limpiar\u00e1 con una soluci\u00f3n antis\u00e9ptica la zona donde est\u00e1 introducida la sonda y parte de la misma. Nunca con alcohol (pedir consejo a su m\u00e9dico)<\/p>\n<p><strong>El uso de los productos de higiene<\/strong><\/p>\n<p>Los polvos de talco son muy agradables pero no sustituyen un buen secado. Son \u00fatiles en los repliegues cut\u00e1neos: bajo los brazos, debajo del pecho, en las axilas, etc.<\/p>\n<p>Los desodorantes en aerosol pueden estar muy fr\u00edos y causar un sobresalto al enfermo si no est\u00e1 advertido previamente. Tambi\u00e9n tenga cuidado que \u00e9l no lo inhale. Emplee mejor desodorantes s\u00f3lidos.<\/p>\n<p>La crema corporal es muy relajante siempre que se utilice en peque\u00f1as cantidades. Puede aprovechar para dar un peque\u00f1o masaje a su familiar.<\/p>\n<\/div>\n","protected":false},"excerpt":{"rendered":"<p>Ir al servicio no es tan simple. Para su familiar afectado por la enfermedad de Alzheimer puede resultar una prueba imposible de superar. \u00bfC\u00f3mo facilitarle esta actividad? Acondicionar correctamente el servicio. Es un paso imprescindible por que a medida que evoluciona la enfermedad, su familiar tendr\u00e1 m\u00e1s dificultades. 1. Quitar o inmovilizar el cerrojo para [&hellip;]<\/p>\n","protected":false},"author":123,"featured_media":0,"parent":0,"menu_order":0,"comment_status":"closed","ping_status":"closed","template":"","meta":[],"_links":{"self":[{"href":"https:\/\/blogs.sld.cu\/alzheimer\/wp-json\/wp\/v2\/pages\/66"}],"collection":[{"href":"https:\/\/blogs.sld.cu\/alzheimer\/wp-json\/wp\/v2\/pages"}],"about":[{"href":"https:\/\/blogs.sld.cu\/alzheimer\/wp-json\/wp\/v2\/types\/page"}],"author":[{"embeddable":true,"href":"https:\/\/blogs.sld.cu\/alzheimer\/wp-json\/wp\/v2\/users\/123"}],"replies":[{"embeddable":true,"href":"https:\/\/blogs.sld.cu\/alzheimer\/wp-json\/wp\/v2\/comments?post=66"}],"version-history":[{"count":2,"href":"https:\/\/blogs.sld.cu\/alzheimer\/wp-json\/wp\/v2\/pages\/66\/revisions"}],"predecessor-version":[{"id":100,"href":"https:\/\/blogs.sld.cu\/alzheimer\/wp-json\/wp\/v2\/pages\/66\/revisions\/100"}],"wp:attachment":[{"href":"https:\/\/blogs.sld.cu\/alzheimer\/wp-json\/wp\/v2\/media?parent=66"}],"curies":[{"name":"wp","href":"https:\/\/api.w.org\/{rel}","templated":true}]}}