{"id":71,"date":"2021-10-27T03:10:06","date_gmt":"2021-10-27T03:10:06","guid":{"rendered":"https:\/\/blogs.sld.cu\/alzheimer\/?page_id=71"},"modified":"2021-10-27T03:10:06","modified_gmt":"2021-10-27T03:10:06","slug":"seguridad","status":"publish","type":"page","link":"https:\/\/blogs.sld.cu\/alzheimer\/seguridad\/","title":{"rendered":"Seguridad"},"content":{"rendered":"<p>Una persona que no tiene ya la capacidad para entender el peligro, o tiene deficiencias f\u00edsicas, necesita precauciones. Por ejemplo, instalar barras para afirmarse y alfombras apropiadas para no resbalarse en el ba\u00f1o; luces nocturnas, eliminar el exceso de cosas que producen desorden y aglomeraci\u00f3n, para prevenir ca\u00eddas, instalar barandas firmes en la escalera, o barrera al final de la escalera. Vigile tambi\u00e9n peligros como fumar, o el uso descuidado de utensilios dom\u00e9sticos. Una persona en estado de confusi\u00f3n no debe conducir un veh\u00edculo, ni usar herramientas motorizadas, o tener acceso a armas de fuego.<\/p>\n","protected":false},"excerpt":{"rendered":"<p>Una persona que no tiene ya la capacidad para entender el peligro, o tiene deficiencias f\u00edsicas, necesita precauciones. Por ejemplo, instalar barras para afirmarse y alfombras apropiadas para no resbalarse en el ba\u00f1o; luces nocturnas, eliminar el exceso de cosas que producen desorden y aglomeraci\u00f3n, para prevenir ca\u00eddas, instalar barandas firmes en la escalera, o [&hellip;]<\/p>\n","protected":false},"author":123,"featured_media":0,"parent":0,"menu_order":0,"comment_status":"closed","ping_status":"closed","template":"","meta":[],"_links":{"self":[{"href":"https:\/\/blogs.sld.cu\/alzheimer\/wp-json\/wp\/v2\/pages\/71"}],"collection":[{"href":"https:\/\/blogs.sld.cu\/alzheimer\/wp-json\/wp\/v2\/pages"}],"about":[{"href":"https:\/\/blogs.sld.cu\/alzheimer\/wp-json\/wp\/v2\/types\/page"}],"author":[{"embeddable":true,"href":"https:\/\/blogs.sld.cu\/alzheimer\/wp-json\/wp\/v2\/users\/123"}],"replies":[{"embeddable":true,"href":"https:\/\/blogs.sld.cu\/alzheimer\/wp-json\/wp\/v2\/comments?post=71"}],"version-history":[{"count":1,"href":"https:\/\/blogs.sld.cu\/alzheimer\/wp-json\/wp\/v2\/pages\/71\/revisions"}],"predecessor-version":[{"id":72,"href":"https:\/\/blogs.sld.cu\/alzheimer\/wp-json\/wp\/v2\/pages\/71\/revisions\/72"}],"wp:attachment":[{"href":"https:\/\/blogs.sld.cu\/alzheimer\/wp-json\/wp\/v2\/media?parent=71"}],"curies":[{"name":"wp","href":"https:\/\/api.w.org\/{rel}","templated":true}]}}