{"id":8,"date":"2021-01-23T06:44:23","date_gmt":"2021-01-23T06:44:23","guid":{"rendered":"http:\/\/blogs.sld.cu\/alzheimer\/?page_id=8"},"modified":"2021-12-01T22:52:31","modified_gmt":"2021-12-01T22:52:31","slug":"acerca-de","status":"publish","type":"page","link":"https:\/\/blogs.sld.cu\/alzheimer\/acerca-de\/","title":{"rendered":"Acerca de"},"content":{"rendered":"<p>Este sitio forma parte del Portal de Enfermedades de Infomed, red de personas e instituciones que trabajan para que la informaci\u00f3n y el conocimiento lleguen a todos.<\/p>\n<p>Aqu\u00ed usted podr\u00e1 encontrar informaci\u00f3n acerca de la Enfermedad de Alzheimer.<\/p>\n<p>\u00bfQu\u00e9 es el alzh\u00e9imer? \u00bfCu\u00e1les son los factores de riesgo para padecerlo? \u00bfCu\u00e1les sus principales s\u00edntomas? \u00bfC\u00f3mo se diagnostica y cu\u00e1ndo debemos acudir al m\u00e9dico? \u00bfExiste un tratamiento para esta enfermedad? \u00bfC\u00f3mo abordar el cuidado de una persona que padece Enfermedad de Alzheimer?<\/p>\n<p>Estas y otras interrogantes ser\u00e1n respondidas a trav\u00e9s de las secciones que integran este espacio.<\/p>\n<p>La editora del sitio es la <a href=\"https:\/\/blogs.sld.cu\/alzheimer\/dra-tania-zayas-llerena\/\">Dra. Tayas Llerena<\/a><\/p>\n<p>&nbsp;<\/p>\n","protected":false},"excerpt":{"rendered":"<p>Este sitio forma parte del Portal de Enfermedades de Infomed, red de personas e instituciones que trabajan para que la informaci\u00f3n y el conocimiento lleguen a todos. Aqu\u00ed usted podr\u00e1 encontrar informaci\u00f3n acerca de la Enfermedad de Alzheimer. \u00bfQu\u00e9 es el alzh\u00e9imer? \u00bfCu\u00e1les son los factores de riesgo para padecerlo? \u00bfCu\u00e1les sus principales s\u00edntomas? \u00bfC\u00f3mo [&hellip;]<\/p>\n","protected":false},"author":208,"featured_media":0,"parent":0,"menu_order":0,"comment_status":"closed","ping_status":"closed","template":"","meta":[],"_links":{"self":[{"href":"https:\/\/blogs.sld.cu\/alzheimer\/wp-json\/wp\/v2\/pages\/8"}],"collection":[{"href":"https:\/\/blogs.sld.cu\/alzheimer\/wp-json\/wp\/v2\/pages"}],"about":[{"href":"https:\/\/blogs.sld.cu\/alzheimer\/wp-json\/wp\/v2\/types\/page"}],"author":[{"embeddable":true,"href":"https:\/\/blogs.sld.cu\/alzheimer\/wp-json\/wp\/v2\/users\/208"}],"replies":[{"embeddable":true,"href":"https:\/\/blogs.sld.cu\/alzheimer\/wp-json\/wp\/v2\/comments?post=8"}],"version-history":[{"count":6,"href":"https:\/\/blogs.sld.cu\/alzheimer\/wp-json\/wp\/v2\/pages\/8\/revisions"}],"predecessor-version":[{"id":168,"href":"https:\/\/blogs.sld.cu\/alzheimer\/wp-json\/wp\/v2\/pages\/8\/revisions\/168"}],"wp:attachment":[{"href":"https:\/\/blogs.sld.cu\/alzheimer\/wp-json\/wp\/v2\/media?parent=8"}],"curies":[{"name":"wp","href":"https:\/\/api.w.org\/{rel}","templated":true}]}}