{"id":81,"date":"2021-02-05T05:49:16","date_gmt":"2021-02-05T05:49:16","guid":{"rendered":"http:\/\/blogs.sld.cu\/amigdalitis\/?page_id=81"},"modified":"2021-02-19T20:49:44","modified_gmt":"2021-02-19T20:49:44","slug":"glosario","status":"publish","type":"page","link":"https:\/\/blogs.sld.cu\/amigdalitis\/glosario\/","title":{"rendered":"Glosario"},"content":{"rendered":"<h3><span style=\"font-family: verdana, geneva;font-size: 12pt\">T\u00e9rminos relacionados con la amigdalitis<\/span><\/h3>\n<p style=\"text-align: left\"><span style=\"font-family: verdana, geneva;font-size: 12pt\"><strong>Adenoides: <\/strong>Parecido a una gl\u00e1ndula o en forma de gl\u00e1ndula, son las am\u00edgdalas far\u00edngeas. <strong><br \/>\n<\/strong><\/span><\/p>\n<p style=\"text-align: left\"><span style=\"font-size: 12pt;font-family: verdana, geneva\"><strong>Am\u00edgdalas: <\/strong>Las am\u00edgdalas o tonsilas son masas de tejido linfoide de forma ovalada situadas en la parte posterior de la faringe.<strong><br \/>\n<\/strong><\/span><\/p>\n<p style=\"text-align: left\"><span style=\"font-size: 12pt;font-family: verdana, geneva\"><strong>Am\u00edgdalas far\u00edngeas:<\/strong> Unidad estructural y funcional del sistema linfoepitelial asociado a las mucosas (MALT), situada en el techo y la pared posterior de la nasofaringe y que forma parte del anillo linf\u00e1tico de Waldeyer.<\/span><\/p>\n<p style=\"text-align: left\"><span style=\"font-size: 12pt;font-family: verdana, geneva\"><strong>Am\u00edgdalas palatinas: <\/strong>Unidad estructural y funcional del sistema linfoepitelial asociado a las mucosas, situada entre los pilares anterior y posterior de cada lado del velo del paladar, que forma parte del anillo linf\u00e1tico de Waldeyer. <\/span><\/p>\n<p style=\"text-align: left\"><span style=\"font-family: verdana, geneva\"><span style=\"font-size: 12pt\"><strong><span id=\"lema\">Am\u00edgdala lingual<\/span>:<\/strong> Am\u00edgdala del anillo linf\u00e1tico de Waldeyer que se localiza en la ra\u00edz o zona far\u00edngea de la lengua<\/span>.<\/span><\/p>\n<p style=\"text-align: left\"><span style=\"font-size: 12pt;font-family: verdana, geneva\"><strong>Analg\u00e9sicos: <\/strong>Medicamentos que reducen o alivian el dolor.<strong><br \/>\n<\/strong><\/span><\/p>\n<p style=\"text-align: left\"><span style=\"font-size: 12pt;font-family: verdana, geneva\"><strong>A<span id=\"lema\">nillo de Waldeyer<\/span>:<\/strong> Conjunto de am\u00edgdalas u \u00f3rganos linfoepiteliales del sistema linfoepitelial asociado a la mucosa localizados al comienzo de los aparatos digestivo y respiratorio. Est\u00e1 constituido por las am\u00edgdalas palatinas, lingual, far\u00edngea y tub\u00e1ricas, y vinculado a la defensa del organismo.<\/span><\/p>\n<p style=\"text-align: left\"><span style=\"font-family: verdana, geneva\"><strong><span style=\"font-size: 12pt\">Antiinflamatorios: <\/span><\/strong><span style=\"font-size: 12pt\">Medicamentos que reducen la inflamaci\u00f3n.<\/span><strong><span style=\"font-size: 12pt\"><br \/>\n<\/span><\/strong><\/span><\/p>\n<p style=\"text-align: left\"><span style=\"font-size: 12pt;font-family: verdana, geneva\"><strong>Antit\u00e9rmicos: <\/strong>Medicamentos para bajar la fiebre.<br \/>\n<\/span><\/p>\n<p style=\"text-align: left\"><span style=\"font-family: verdana, geneva;font-size: 12pt\"><strong>Tonsilitis:<\/strong> M\u00e1s conocida como amigdalitis es la inflamaci\u00f3n de una am\u00edgdala palatina o ambas que est\u00e1n en la pared lateral de la orofaringe a cada lado de la garganta.<\/span><\/p>\n<p style=\"text-align: left\"><span style=\"font-family: verdana, geneva;font-size: 12pt\"><strong>Amigdalectom\u00eda: <\/strong>Extirpaci\u00f3n quir\u00fargica de una o ambas am\u00edgdalas palatinas<\/span><\/p>\n<p style=\"text-align: justify\"><span style=\"font-size: 12pt;font-family: verdana, geneva\"><strong>\u00a0<\/strong><\/span><\/p>\n<div class=\"entry_header\">\n<div class=\"pad\">\n<p><span style=\"font-family: tahoma, arial, helvetica, sans-serif;font-size: 12pt\"><strong>\u00a0<\/strong><\/span><\/p>\n<\/div>\n<\/div>\n","protected":false},"excerpt":{"rendered":"<p>T\u00e9rminos relacionados con la amigdalitis Adenoides: Parecido a una gl\u00e1ndula o en forma de gl\u00e1ndula, son las am\u00edgdalas far\u00edngeas. Am\u00edgdalas: Las am\u00edgdalas o tonsilas son masas de tejido linfoide de forma ovalada situadas en la parte posterior de la faringe. Am\u00edgdalas far\u00edngeas: Unidad estructural y funcional del sistema linfoepitelial asociado a las mucosas (MALT), situada [&hellip;]<\/p>\n","protected":false},"author":208,"featured_media":0,"parent":0,"menu_order":0,"comment_status":"closed","ping_status":"closed","template":"","meta":[],"_links":{"self":[{"href":"https:\/\/blogs.sld.cu\/amigdalitis\/wp-json\/wp\/v2\/pages\/81"}],"collection":[{"href":"https:\/\/blogs.sld.cu\/amigdalitis\/wp-json\/wp\/v2\/pages"}],"about":[{"href":"https:\/\/blogs.sld.cu\/amigdalitis\/wp-json\/wp\/v2\/types\/page"}],"author":[{"embeddable":true,"href":"https:\/\/blogs.sld.cu\/amigdalitis\/wp-json\/wp\/v2\/users\/208"}],"replies":[{"embeddable":true,"href":"https:\/\/blogs.sld.cu\/amigdalitis\/wp-json\/wp\/v2\/comments?post=81"}],"version-history":[{"count":13,"href":"https:\/\/blogs.sld.cu\/amigdalitis\/wp-json\/wp\/v2\/pages\/81\/revisions"}],"predecessor-version":[{"id":314,"href":"https:\/\/blogs.sld.cu\/amigdalitis\/wp-json\/wp\/v2\/pages\/81\/revisions\/314"}],"wp:attachment":[{"href":"https:\/\/blogs.sld.cu\/amigdalitis\/wp-json\/wp\/v2\/media?parent=81"}],"curies":[{"name":"wp","href":"https:\/\/api.w.org\/{rel}","templated":true}]}}