{"id":16,"date":"2021-10-26T16:10:57","date_gmt":"2021-10-26T16:10:57","guid":{"rendered":"http:\/\/blogs.sld.cu\/anemiasnutricionales\/?page_id=16"},"modified":"2021-11-08T18:24:10","modified_gmt":"2021-11-08T18:24:10","slug":"acerca-de","status":"publish","type":"page","link":"https:\/\/blogs.sld.cu\/anemiasnutricionales\/acerca-de\/","title":{"rendered":"Acerca de"},"content":{"rendered":"<p>Este sitio forma parte <strong>del Portal de Enfermedades de Infomed<\/strong>, red de personas e instituciones que trabajan para que la informaci\u00f3n y el conocimiento lleguen a todos. En nuestro sitio usted podr\u00e1 encontrar informaci\u00f3n acerca de las anemias nutricionales.<\/p>\n<p>\u00bfQu\u00e9 es la anemia? \u00bfCu\u00e1les son las anemias nutricionales m\u00e1s frecuentes? \u00bfCu\u00e1les son sus causas y s\u00edntomas? \u00bfC\u00f3mo se diagnostican? \u00bfC\u00f3mo se pueden prevenir y en qu\u00e9 consiste el tratamiento de cada una de ellas? Estas y otras interrogantes ser\u00e1n respondidas a trav\u00e9s de las secciones que integran este espacio.<\/p>\n<p><img loading=\"lazy\" class=\"n3VNCb alignleft\" src=\"https:\/\/instituciones.sld.cu\/ihi\/files\/2019\/02\/Juanca.jpg\" alt=\"Dr. Juan Carlos Jaime Fagundo\" width=\"155\" height=\"218\" data-noaft=\"1\" \/>El editor del sitio web es el <strong>Dr. Juan Carlos Jaime Fagundo<\/strong>, Especialista de 2do. Grado en Hematolog\u00eda, Profesor e Investigador auxiliar del Dpto. y Jefe del Servicio\u00a0 deTrasplante de C\u00e9lulas Progenitoras Hematopoy\u00e9ticas del Instituto de Hematolog\u00eda e Inmunolog\u00eda.<\/p>\n<p>De manera educativa e interactiva, responder\u00e1 a las preguntas de los lectores y les explicar\u00e1 lo necesario para conocer este problema de salud.<\/p>\n","protected":false},"excerpt":{"rendered":"<p>Este sitio forma parte del Portal de Enfermedades de Infomed, red de personas e instituciones que trabajan para que la informaci\u00f3n y el conocimiento lleguen a todos. En nuestro sitio usted podr\u00e1 encontrar informaci\u00f3n acerca de las anemias nutricionales. \u00bfQu\u00e9 es la anemia? \u00bfCu\u00e1les son las anemias nutricionales m\u00e1s frecuentes? \u00bfCu\u00e1les son sus causas y [&hellip;]<\/p>\n","protected":false},"author":123,"featured_media":0,"parent":0,"menu_order":0,"comment_status":"closed","ping_status":"closed","template":"","meta":[],"_links":{"self":[{"href":"https:\/\/blogs.sld.cu\/anemiasnutricionales\/wp-json\/wp\/v2\/pages\/16"}],"collection":[{"href":"https:\/\/blogs.sld.cu\/anemiasnutricionales\/wp-json\/wp\/v2\/pages"}],"about":[{"href":"https:\/\/blogs.sld.cu\/anemiasnutricionales\/wp-json\/wp\/v2\/types\/page"}],"author":[{"embeddable":true,"href":"https:\/\/blogs.sld.cu\/anemiasnutricionales\/wp-json\/wp\/v2\/users\/123"}],"replies":[{"embeddable":true,"href":"https:\/\/blogs.sld.cu\/anemiasnutricionales\/wp-json\/wp\/v2\/comments?post=16"}],"version-history":[{"count":13,"href":"https:\/\/blogs.sld.cu\/anemiasnutricionales\/wp-json\/wp\/v2\/pages\/16\/revisions"}],"predecessor-version":[{"id":132,"href":"https:\/\/blogs.sld.cu\/anemiasnutricionales\/wp-json\/wp\/v2\/pages\/16\/revisions\/132"}],"wp:attachment":[{"href":"https:\/\/blogs.sld.cu\/anemiasnutricionales\/wp-json\/wp\/v2\/media?parent=16"}],"curies":[{"name":"wp","href":"https:\/\/api.w.org\/{rel}","templated":true}]}}