{"id":12,"date":"2022-10-10T20:04:22","date_gmt":"2022-10-10T20:04:22","guid":{"rendered":"https:\/\/blogs.sld.cu\/aneurismadelaaortaabdominal\/?page_id=12"},"modified":"2023-04-17T01:25:56","modified_gmt":"2023-04-17T01:25:56","slug":"aneurisma-de-la-aorta-abdominal","status":"publish","type":"page","link":"https:\/\/blogs.sld.cu\/aneurismadelaaortaabdominal\/aneurisma-de-la-aorta-abdominal\/","title":{"rendered":"Aneurisma de la aorta abdominal"},"content":{"rendered":"<p>Un aneurisma es una dilataci\u00f3n, en este caso de la aorta en la regi\u00f3n abdominal.<\/p>\n<p>La aorta es una arteria el\u00e1stica de mayor tama\u00f1o que lleva sangre oxigenada\u00a0 a los \u00f3rganos de la regi\u00f3n abdominal, a los \u00f3rganos de la regi\u00f3n p\u00e9lvica y a las extremidades inferiores.<\/p>\n","protected":false},"excerpt":{"rendered":"<p>Un aneurisma es una dilataci\u00f3n, en este caso de la aorta en la regi\u00f3n abdominal. La aorta es una arteria el\u00e1stica de mayor tama\u00f1o que lleva sangre oxigenada\u00a0 a los \u00f3rganos de la regi\u00f3n abdominal, a los \u00f3rganos de la regi\u00f3n p\u00e9lvica y a las extremidades inferiores.<\/p>\n","protected":false},"author":208,"featured_media":0,"parent":0,"menu_order":0,"comment_status":"closed","ping_status":"closed","template":"","meta":[],"_links":{"self":[{"href":"https:\/\/blogs.sld.cu\/aneurismadelaaortaabdominal\/wp-json\/wp\/v2\/pages\/12"}],"collection":[{"href":"https:\/\/blogs.sld.cu\/aneurismadelaaortaabdominal\/wp-json\/wp\/v2\/pages"}],"about":[{"href":"https:\/\/blogs.sld.cu\/aneurismadelaaortaabdominal\/wp-json\/wp\/v2\/types\/page"}],"author":[{"embeddable":true,"href":"https:\/\/blogs.sld.cu\/aneurismadelaaortaabdominal\/wp-json\/wp\/v2\/users\/208"}],"replies":[{"embeddable":true,"href":"https:\/\/blogs.sld.cu\/aneurismadelaaortaabdominal\/wp-json\/wp\/v2\/comments?post=12"}],"version-history":[{"count":9,"href":"https:\/\/blogs.sld.cu\/aneurismadelaaortaabdominal\/wp-json\/wp\/v2\/pages\/12\/revisions"}],"predecessor-version":[{"id":169,"href":"https:\/\/blogs.sld.cu\/aneurismadelaaortaabdominal\/wp-json\/wp\/v2\/pages\/12\/revisions\/169"}],"wp:attachment":[{"href":"https:\/\/blogs.sld.cu\/aneurismadelaaortaabdominal\/wp-json\/wp\/v2\/media?parent=12"}],"curies":[{"name":"wp","href":"https:\/\/api.w.org\/{rel}","templated":true}]}}