{"id":148,"date":"2023-04-16T20:10:35","date_gmt":"2023-04-16T20:10:35","guid":{"rendered":"https:\/\/blogs.sld.cu\/aneurismadelaaortaabdominal\/?page_id=148"},"modified":"2023-04-29T08:32:53","modified_gmt":"2023-04-29T08:32:53","slug":"galeno","status":"publish","type":"page","link":"https:\/\/blogs.sld.cu\/aneurismadelaaortaabdominal\/galeno\/","title":{"rendered":"Galeno"},"content":{"rendered":"<p><img loading=\"lazy\" class=\"alignnone size-full wp-image-219\" src=\"https:\/\/blogs.sld.cu\/aneurismadelaaortaabdominal\/files\/2023\/04\/GALENO.jpeg\" alt=\"Claudio Galeno\" width=\"144\" height=\"197\" \/><\/p>\n<p>Tomada de Ecured<\/p>\n<p>A los m\u00e9dicos se les llama galenos, en homenaje a Claudio Galeno (Claudius Galenos, en griego), m\u00e9dico griego, de la antig\u00fcedad, que hizo grandes aportes a la Medicina y que fue m\u00e9dico de emperadores y\u00a0 gladiadores.<\/p>\n<h3>Datos biogr\u00e1ficos y aportes<\/h3>\n<p>Claudius Galeno naci\u00f3 en P\u00e9rgamo en el a\u00f1o 131 despu\u00e9s de Cristo, A los 17 a\u00f1os comenz\u00f3 a interesarse por los estudios\u00a0 m\u00e9dicos y sus motivaciones comenzaron en el templo, al dios de la salud, Asclepios. Amplio sus estudios m\u00e9dicos en .Fue a Roma, donde estableci\u00f3\u00a0 su residencia y se hizo famoso por lo certero de sus diagn\u00f3sticos. Llego\u00a0 a ser m\u00e9dico del emperador Marco Aurelio y de otros personajes importantes del imperio romano. Sali\u00f3 de Roma y retorno a B\u00e9rgamo, su ciudad natal, donde fue medico de gladiadores, pero de Roma lo enviaron a buscar, donde ejerci\u00f3 hasta su muerte en el a\u00f1o 201d.C.<\/p>\n","protected":false},"excerpt":{"rendered":"<p>Tomada de Ecured A los m\u00e9dicos se les llama galenos, en homenaje a Claudio Galeno (Claudius Galenos, en griego), m\u00e9dico griego, de la antig\u00fcedad, que hizo grandes aportes a la Medicina y que fue m\u00e9dico de emperadores y\u00a0 gladiadores. Datos biogr\u00e1ficos y aportes Claudius Galeno naci\u00f3 en P\u00e9rgamo en el a\u00f1o 131 despu\u00e9s de Cristo, [&hellip;]<\/p>\n","protected":false},"author":208,"featured_media":0,"parent":0,"menu_order":0,"comment_status":"closed","ping_status":"closed","template":"","meta":[],"_links":{"self":[{"href":"https:\/\/blogs.sld.cu\/aneurismadelaaortaabdominal\/wp-json\/wp\/v2\/pages\/148"}],"collection":[{"href":"https:\/\/blogs.sld.cu\/aneurismadelaaortaabdominal\/wp-json\/wp\/v2\/pages"}],"about":[{"href":"https:\/\/blogs.sld.cu\/aneurismadelaaortaabdominal\/wp-json\/wp\/v2\/types\/page"}],"author":[{"embeddable":true,"href":"https:\/\/blogs.sld.cu\/aneurismadelaaortaabdominal\/wp-json\/wp\/v2\/users\/208"}],"replies":[{"embeddable":true,"href":"https:\/\/blogs.sld.cu\/aneurismadelaaortaabdominal\/wp-json\/wp\/v2\/comments?post=148"}],"version-history":[{"count":10,"href":"https:\/\/blogs.sld.cu\/aneurismadelaaortaabdominal\/wp-json\/wp\/v2\/pages\/148\/revisions"}],"predecessor-version":[{"id":245,"href":"https:\/\/blogs.sld.cu\/aneurismadelaaortaabdominal\/wp-json\/wp\/v2\/pages\/148\/revisions\/245"}],"wp:attachment":[{"href":"https:\/\/blogs.sld.cu\/aneurismadelaaortaabdominal\/wp-json\/wp\/v2\/media?parent=148"}],"curies":[{"name":"wp","href":"https:\/\/api.w.org\/{rel}","templated":true}]}}