{"id":26,"date":"2022-10-10T21:00:12","date_gmt":"2022-10-10T21:00:12","guid":{"rendered":"https:\/\/blogs.sld.cu\/aneurismadelaaortaabdominal\/?page_id=26"},"modified":"2023-04-13T02:08:33","modified_gmt":"2023-04-13T02:08:33","slug":"prevencion","status":"publish","type":"page","link":"https:\/\/blogs.sld.cu\/aneurismadelaaortaabdominal\/prevencion\/","title":{"rendered":"Prevenci\u00f3n"},"content":{"rendered":"<p>La forma de prevenir esta enfermedad, es en primer lugar,<\/p>\n<h3>Dejar de fumar<\/h3>\n<h3>Mantener bajo control la presi\u00f3n arterial y los niveles de colesterol, llevando una dieta saludable como recomendamos en el sitio de <a href=\"https:\/\/blogs.sld.cu\/insuficienciacardiaca\" target=\"_blank\" rel=\"noopener\">insuficiencia card\u00edaca<\/a> y la dieta mediterr\u00e1nea,adaptada a nuestras condiciones\u00a0 y\u00a0 un estilo de vida sano.<br \/>\nMantener bajo control.<\/h3>\n<p>Si ya lo padece, mantener con su medico de cabecera, un estricto control del crecimiento del mismo.con los examenes que le sean indicados por el mismo.<\/p>\n<p>&nbsp;<\/p>\n","protected":false},"excerpt":{"rendered":"<p>La forma de prevenir esta enfermedad, es en primer lugar, Dejar de fumar Mantener bajo control la presi\u00f3n arterial y los niveles de colesterol, llevando una dieta saludable como recomendamos en el sitio de insuficiencia card\u00edaca y la dieta mediterr\u00e1nea,adaptada a nuestras condiciones\u00a0 y\u00a0 un estilo de vida sano. Mantener bajo control. Si ya lo [&hellip;]<\/p>\n","protected":false},"author":208,"featured_media":0,"parent":0,"menu_order":0,"comment_status":"closed","ping_status":"closed","template":"","meta":[],"_links":{"self":[{"href":"https:\/\/blogs.sld.cu\/aneurismadelaaortaabdominal\/wp-json\/wp\/v2\/pages\/26"}],"collection":[{"href":"https:\/\/blogs.sld.cu\/aneurismadelaaortaabdominal\/wp-json\/wp\/v2\/pages"}],"about":[{"href":"https:\/\/blogs.sld.cu\/aneurismadelaaortaabdominal\/wp-json\/wp\/v2\/types\/page"}],"author":[{"embeddable":true,"href":"https:\/\/blogs.sld.cu\/aneurismadelaaortaabdominal\/wp-json\/wp\/v2\/users\/208"}],"replies":[{"embeddable":true,"href":"https:\/\/blogs.sld.cu\/aneurismadelaaortaabdominal\/wp-json\/wp\/v2\/comments?post=26"}],"version-history":[{"count":5,"href":"https:\/\/blogs.sld.cu\/aneurismadelaaortaabdominal\/wp-json\/wp\/v2\/pages\/26\/revisions"}],"predecessor-version":[{"id":112,"href":"https:\/\/blogs.sld.cu\/aneurismadelaaortaabdominal\/wp-json\/wp\/v2\/pages\/26\/revisions\/112"}],"wp:attachment":[{"href":"https:\/\/blogs.sld.cu\/aneurismadelaaortaabdominal\/wp-json\/wp\/v2\/media?parent=26"}],"curies":[{"name":"wp","href":"https:\/\/api.w.org\/{rel}","templated":true}]}}