{"id":145,"date":"2020-03-17T21:16:57","date_gmt":"2020-03-17T21:16:57","guid":{"rendered":"http:\/\/blogs.sld.cu\/arritmiacardiaca\/?page_id=145"},"modified":"2020-12-15T15:32:05","modified_gmt":"2020-12-15T15:32:05","slug":"145-2","status":"publish","type":"page","link":"https:\/\/blogs.sld.cu\/arritmiacardiaca\/145-2\/","title":{"rendered":"S\u00edntomas y causas"},"content":{"rendered":"<p><span style=\"font-size: 12pt\">Los <strong>s\u00edntomas<\/strong> son variables:<\/span><\/p>\n<p><span style=\"font-size: 12pt\"><a href=\"http:\/\/blogs.sld.cu\/arritmiacardiaca\/files\/2020\/03\/\u00edndice.jpg\"><img loading=\"lazy\" class=\" size-full wp-image-357 aligncenter\" src=\"http:\/\/blogs.sld.cu\/arritmiacardiaca\/files\/2020\/03\/\u00edndice.jpg\" alt=\"\u00edndice\" width=\"275\" height=\"183\" srcset=\"https:\/\/blogs.sld.cu\/arritmiacardiaca\/files\/2020\/03\/\u00edndice.jpg 275w, https:\/\/blogs.sld.cu\/arritmiacardiaca\/files\/2020\/03\/\u00edndice-250x166.jpg 250w\" sizes=\"(max-width: 275px) 100vw, 275px\" \/><\/a><\/span><\/p>\n<ul>\n<li><span style=\"font-size: 12pt\">\u00bb Las <strong>palpitaciones <\/strong>constituyen una manifestaci\u00f3n muy frecuente. Consisten en una sensaci\u00f3n de r\u00e1pido golpeteo en el pecho, acompa\u00f1\u00e1ndose a veces de la percepci\u00f3n de latidos r\u00e1pidos en el cuello. Con frecuencia, su brusco desencadenamiento se puede relacionar con estimulantes, estr\u00e9s, exceso de tabaco, ejercicio, etc. Las extras\u00edstoles y taquicardias son las principales arritmias que originan las palpitaciones.<\/span><\/li>\n<li><span style=\"font-size: 12pt\">\u00bb La <strong>disnea <\/strong>o sensaci\u00f3n \u201csubjetiva\u201d de falta de aire se acompa\u00f1a frecuentemente de sensaci\u00f3n de malestar general, que se va acentuando cuanto m\u00e1s duradera es la arritmia.<\/span><\/li>\n<li><span style=\"font-size: 12pt\">\u00bb La<strong> insuficiencia card\u00edaca<\/strong> no aparece en corazones sanos a menos que la frecuencia sea muy baja, muy elevada, o la arritmia muy duradera. Sin embargo, en corazones previamente enfermos, la insuficiencia card\u00edaca puede manifestarse tempranamente, y no son raros los signos de fallo card\u00edaco agudo o shock cardiog\u00e9nico (hipotensi\u00f3n, sudoraci\u00f3n, frialdad, anuria (suspenci\u00f3n de la orina), alteraci\u00f3n del sensorio, etc.).<\/span><\/li>\n<li><span style=\"font-size: 12pt\">\u00bb La <strong>angina de pecho<\/strong> es m\u00e1s frecuente en los ritmos r\u00e1pidos, y en corazones que ya ten\u00edan previamente insuficiencia coronaria. La taquicardia produce angina al aumentar el consumo de ox\u00edgeno del miocardio (incremento de las demandas).<\/span><\/li>\n<li><span style=\"font-size: 12pt\">\u00bb El <strong>s\u00edncope <\/strong>es m\u00e1s frecuente en las bradiarritmias con periodos de asistolia de varios segundos, pero tambi\u00e9n puede ocurrir en ritmos r\u00e1pidos. Traduce una isquemia cerebral transitoria, que produce una p\u00e9rdida de consciencia. La recuperaci\u00f3n posterior es generalmente completa, sin secuelas neurol\u00f3gicas.<\/span><\/li>\n<li><span style=\"font-size: 12pt\">\u00bb\u00a0 Parada cardiorrespiratoria y\/o muerte por asistolia, fibrilaci\u00f3n ventricular, taquicardia ventricular sin pulso o disociaci\u00f3n electromec\u00e1nica.<\/span><\/li>\n<\/ul>\n<p><span style=\"font-size: 12pt\"><strong>CAUSAS<\/strong><\/span><\/p>\n<ul>\n<li><span style=\"font-size: 12pt\"><strong>\u00bb Arritmias en ausencia de cardiopat\u00eda: <\/strong>Uso de antidepresivos tric\u00edclicos y otros medicamentos, alteraciones electrol\u00edticas (sobre todo hipopotasemia por diur\u00e9ticos), ingesta de excitantes (drogas, caf\u00e9), junto con tabaco y estr\u00e9s, hipoxemias severas por neumopat\u00edas agudas o cr\u00f3nicas descompensadas<\/span><\/li>\n<li><span style=\"font-size: 12pt\"><strong>\u00bb Arritmias en presencia de cardiopat\u00eda: <\/strong>Prolapso mitral, valvulopat\u00edas, cardiopat\u00eda isqu\u00e9mica, etc. A veces, se recogen antecedentes de muerte s\u00fabita familiar (miocardiopat\u00eda hipertr\u00f3fica). Las primeras son espor\u00e1dicas. Las segundas, puesto que existe en general un sustrato anat\u00f3mico, son repetitivas o recurrentes.<\/span><\/li>\n<\/ul>\n","protected":false},"excerpt":{"rendered":"<p>Los s\u00edntomas son variables: \u00bb Las palpitaciones constituyen una manifestaci\u00f3n muy frecuente. Consisten en una sensaci\u00f3n de r\u00e1pido golpeteo en el pecho, acompa\u00f1\u00e1ndose a veces de la percepci\u00f3n de latidos r\u00e1pidos en el cuello. Con frecuencia, su brusco desencadenamiento se puede relacionar con estimulantes, estr\u00e9s, exceso de tabaco, ejercicio, etc. Las extras\u00edstoles y taquicardias son [&hellip;]<\/p>\n","protected":false},"author":208,"featured_media":0,"parent":0,"menu_order":0,"comment_status":"closed","ping_status":"closed","template":"","meta":[],"_links":{"self":[{"href":"https:\/\/blogs.sld.cu\/arritmiacardiaca\/wp-json\/wp\/v2\/pages\/145"}],"collection":[{"href":"https:\/\/blogs.sld.cu\/arritmiacardiaca\/wp-json\/wp\/v2\/pages"}],"about":[{"href":"https:\/\/blogs.sld.cu\/arritmiacardiaca\/wp-json\/wp\/v2\/types\/page"}],"author":[{"embeddable":true,"href":"https:\/\/blogs.sld.cu\/arritmiacardiaca\/wp-json\/wp\/v2\/users\/208"}],"replies":[{"embeddable":true,"href":"https:\/\/blogs.sld.cu\/arritmiacardiaca\/wp-json\/wp\/v2\/comments?post=145"}],"version-history":[{"count":18,"href":"https:\/\/blogs.sld.cu\/arritmiacardiaca\/wp-json\/wp\/v2\/pages\/145\/revisions"}],"predecessor-version":[{"id":383,"href":"https:\/\/blogs.sld.cu\/arritmiacardiaca\/wp-json\/wp\/v2\/pages\/145\/revisions\/383"}],"wp:attachment":[{"href":"https:\/\/blogs.sld.cu\/arritmiacardiaca\/wp-json\/wp\/v2\/media?parent=145"}],"curies":[{"name":"wp","href":"https:\/\/api.w.org\/{rel}","templated":true}]}}