{"id":153,"date":"2020-03-18T19:44:36","date_gmt":"2020-03-18T19:44:36","guid":{"rendered":"http:\/\/blogs.sld.cu\/arritmiacardiaca\/?page_id=153"},"modified":"2020-12-15T15:40:55","modified_gmt":"2020-12-15T15:40:55","slug":"registro-con-ecg-ambulatorio","status":"publish","type":"page","link":"https:\/\/blogs.sld.cu\/arritmiacardiaca\/registro-con-ecg-ambulatorio\/","title":{"rendered":"Registro con ECG ambulatorio (Holter)"},"content":{"rendered":"<p><span style=\"font-size: 12pt\">Los registradores de ECG con cinta continua se usan en la monitorizaci\u00f3n tradicional con Holter y registran digitalmente tres o m\u00e1s canales de ECG durante 24 o 48 h. Con la pertinente supervisi\u00f3n humana, los ordenadores controlan el registro y proporcionan &#8220;instant\u00e1neas&#8221; de episodios sintom\u00e1ticos y de otros hallazgos relevantes (arritmias asintom\u00e1ticas, cambios del segmento ST).<\/span><\/p>\n<p><span style=\"font-size: 12pt\"><strong>\u00bb Registrador implantable continuo<\/strong><\/span><\/p>\n<p><span style=\"font-size: 12pt\">En los pacientes que tienen s\u00edntomas muy infrecuentes ni el Holter ni los grabadores de 30 d\u00edas pueden conseguir la informaci\u00f3n diagn\u00f3stica. En estos casos, pueden usarse grabadoras implantables continuas. Estos dispositivos (que tienen el tama\u00f1o aproximado de un paquete de chicles) se insertan bajo la piel a la altura de la segunda costilla, en la parte delantera izquierda del t\u00f3rax, y se activan haciendo pasar un im\u00e1n especial sobre ellos. Pueden grabar hasta 42 min de un \u00fanico canal del ECG, que pueden dividirse entre 1 y 7 episodios, guard\u00e1ndose hasta 20 min de ECG antes de la activaci\u00f3n para su descarga posterior en una unidad de programaci\u00f3n para su an\u00e1lisis.<\/span><\/p>\n<p><span style=\"font-size: 12pt\"><strong>\u00bb Ecocardiograf\u00eda (ECO)<\/strong><\/span><\/p>\n<p><span style=\"font-size: 12pt\">La ecocardiograf\u00eda sigue siendo la t\u00e9cnica de imagen card\u00edaca m\u00e1s utilizada y exhaustiva y se considera, en general, la primera t\u00e9cnica de elecci\u00f3n para la valoraci\u00f3n de la estructura y funci\u00f3n card\u00edaca en la mayor parte de las situaciones cl\u00ednicas. La ecocardiograf\u00eda aporta detalles sobre la estructura card\u00edaca, incluido el tama\u00f1o y la forma de las cavidades (o c\u00e1maras) card\u00edacas, y tambi\u00e9n nos informa sobre la morfolog\u00eda y la funci\u00f3n de las v\u00e1lvulas card\u00edacas.<\/span><\/p>\n<p><span style=\"font-size: 12pt\"><strong>\u00bb\u00a0 Tomograf\u00eda computarizada card\u00edaca\u00a0<\/strong><\/span><\/p>\n<p><span style=\"font-size: 12pt\">La tomograf\u00eda computarizada (TC) cardiovascular proporciona un conjunto de aplicaciones para la evaluaci\u00f3n no invasiva card\u00edaca y de las arterias coronarias. Es la t\u00e9cnica central para el estudio del paciente cardiovascular.<\/span><\/p>\n<p style=\"text-align: left\"><span style=\"font-size: 12pt\"><a title=\"Resonancia magn\u00e9tica card\u00edaca\" href=\"http:\/\/blogs.sld.cu\/arritmiacardiaca\/resonancia-magnetica-cardiaca\/\"><strong>Resonancia magn\u00e9tica card\u00edaca<\/strong><\/a><\/span><\/p>\n<p style=\"text-align: left\"><span style=\"font-size: 12pt\">\u00a0<\/span><\/p>\n","protected":false},"excerpt":{"rendered":"<p>Los registradores de ECG con cinta continua se usan en la monitorizaci\u00f3n tradicional con Holter y registran digitalmente tres o m\u00e1s canales de ECG durante 24 o 48 h. Con la pertinente supervisi\u00f3n humana, los ordenadores controlan el registro y proporcionan &#8220;instant\u00e1neas&#8221; de episodios sintom\u00e1ticos y de otros hallazgos relevantes (arritmias asintom\u00e1ticas, cambios del segmento [&hellip;]<\/p>\n","protected":false},"author":208,"featured_media":0,"parent":0,"menu_order":0,"comment_status":"closed","ping_status":"closed","template":"","meta":[],"_links":{"self":[{"href":"https:\/\/blogs.sld.cu\/arritmiacardiaca\/wp-json\/wp\/v2\/pages\/153"}],"collection":[{"href":"https:\/\/blogs.sld.cu\/arritmiacardiaca\/wp-json\/wp\/v2\/pages"}],"about":[{"href":"https:\/\/blogs.sld.cu\/arritmiacardiaca\/wp-json\/wp\/v2\/types\/page"}],"author":[{"embeddable":true,"href":"https:\/\/blogs.sld.cu\/arritmiacardiaca\/wp-json\/wp\/v2\/users\/208"}],"replies":[{"embeddable":true,"href":"https:\/\/blogs.sld.cu\/arritmiacardiaca\/wp-json\/wp\/v2\/comments?post=153"}],"version-history":[{"count":11,"href":"https:\/\/blogs.sld.cu\/arritmiacardiaca\/wp-json\/wp\/v2\/pages\/153\/revisions"}],"predecessor-version":[{"id":389,"href":"https:\/\/blogs.sld.cu\/arritmiacardiaca\/wp-json\/wp\/v2\/pages\/153\/revisions\/389"}],"wp:attachment":[{"href":"https:\/\/blogs.sld.cu\/arritmiacardiaca\/wp-json\/wp\/v2\/media?parent=153"}],"curies":[{"name":"wp","href":"https:\/\/api.w.org\/{rel}","templated":true}]}}