{"id":21,"date":"2020-01-21T18:56:08","date_gmt":"2020-01-21T18:56:08","guid":{"rendered":"http:\/\/blogs.sld.cu\/arritmiacardiaca\/?page_id=21"},"modified":"2021-01-12T13:05:30","modified_gmt":"2021-01-12T13:05:30","slug":"arritmia-cardiaca","status":"publish","type":"page","link":"https:\/\/blogs.sld.cu\/arritmiacardiaca\/arritmia-cardiaca\/","title":{"rendered":"Arritmia Card\u00edaca"},"content":{"rendered":"<p><span style=\"font-size: 10pt\"><strong>\u00bfQu\u00e9 es la arritmia card\u00edaca?<\/strong><\/span><\/p>\n<p><span style=\"font-size: 10pt\">Se considera arritmia a <em><strong>cualquier ritmo card\u00edaco diferente del ritmo normal del coraz\u00f3n<\/strong><\/em> (ritmo sinusal), o sea, cualquier alteraci\u00f3n del lugar de origen, frecuencia, y\u00a0 regularidad en los latidos. En el adulto, la frecuencia card\u00edaca normal es de entre 60 y 100 latidos por minuto.<\/span><\/p>\n<p><span style=\"font-size: 10pt\"><strong>Escuche aqu\u00ed los latidos normales del coraz\u00f3n.<\/strong><\/span><\/p>\n<!--[if lt IE 9]><script>document.createElement('audio');<\/script><![endif]-->\n<audio class=\"wp-audio-shortcode\" id=\"audio-21-1\" preload=\"none\" style=\"width: 100%;\" controls=\"controls\"><source type=\"audio\/mpeg\" src=\"http:\/\/blogs.sld.cu\/arritmiacardiaca\/files\/2020\/01\/Latidos-de-coraz\u00f3n-a-velocidad-normal.mp3?_=1\" \/><a href=\"http:\/\/blogs.sld.cu\/arritmiacardiaca\/files\/2020\/01\/Latidos-de-coraz\u00f3n-a-velocidad-normal.mp3\">http:\/\/blogs.sld.cu\/arritmiacardiaca\/files\/2020\/01\/Latidos-de-coraz\u00f3n-a-velocidad-normal.mp3<\/a><\/audio>\n<p><span style=\"font-size: 10pt\">Las arritmias card\u00edacas conforman un amplio y heterog\u00e9neo grupo de anomal\u00edas el\u00e9ctricas del coraz\u00f3n, con o sin da\u00f1o en la estructura del \u00f3rgano. Pueden ser inocuas o predisponer al desarrollo de accidentes cerebrovasculares, embolias, o constituir una urgencia de riesgo.<\/span><\/p>\n<p style=\"text-align: left\"><span style=\"font-size: 10pt\"><img loading=\"lazy\" class=\"  wp-image-139 aligncenter\" src=\"http:\/\/blogs.sld.cu\/arritmiacardiaca\/files\/2020\/01\/cavcoraz.png\" alt=\"cavcoraz\" width=\"345\" height=\"260\" srcset=\"https:\/\/blogs.sld.cu\/arritmiacardiaca\/files\/2020\/01\/cavcoraz.png 466w, https:\/\/blogs.sld.cu\/arritmiacardiaca\/files\/2020\/01\/cavcoraz-300x225.png 300w, https:\/\/blogs.sld.cu\/arritmiacardiaca\/files\/2020\/01\/cavcoraz-250x188.png 250w\" sizes=\"(max-width: 345px) 100vw, 345px\" \/><\/span><\/p>\n<p><span style=\"font-size: 10pt\">El coraz\u00f3n es un \u00f3rgano muscular, constituido por cuatro c\u00e1maras o espacios: dos superiores que son las aur\u00edculas y dos inferiores que son los ventr\u00edculos.<\/span><\/p>\n<p><span style=\"font-size: 10pt\">As\u00ed distinguimos:<\/span><\/p>\n<p><span style=\"font-size: 10pt\"><em>Arritmias supraventriculares y ventriculares<\/em><\/span><\/p>\n<ul>\n<li><span style=\"font-size: 10pt\">Seg\u00fan el <em>lugar de origen<\/em>, decimos que una arritmia es <em>supraventricular <\/em>si se origina por encima del ventr\u00edculo (en el haz de His, que est\u00e1 constituido por fibras de conducci\u00f3n nerviosa en el tabique central del coraz\u00f3n y que inician los latidos del mismo), y <em>ventricular <\/em>si se origina en el ventr\u00edculo.<\/span><\/li>\n<\/ul>\n<p><span style=\"font-size: 10pt\"><em>Taquiarritmias, bradiarritmias<\/em><\/span><\/p>\n<ul>\n<li><span style=\"font-size: 10pt\">Seg\u00fan la frecuencia en el electrocardiograma (ECG), hablamos de taquiarritmia o ritmo r\u00e1pido de m\u00e1s de 100 lpm (latidos por minuto), de bradiarritmia o ritmo lento de menos de 60 lpm; y de trastorno aislado del ritmo, cuando s\u00f3lo de vez en cuando el ritmo sinusal normal es interrumpido por alg\u00fan complejo anormal (ejemplo: extras\u00edstoles).<\/span><\/li>\n<\/ul>\n<p><span style=\"font-size: 10pt\"><a title=\"TIPOS DE ARRITMIAS\" href=\"http:\/\/blogs.sld.cu\/arritmiacardiaca\/tipos-de-arritmias\/\"><strong>TIPOS DE ARRITMIAS<\/strong><\/a><\/span><\/p>\n<p><span style=\"font-size: 10pt\">\u00a0<\/span><\/p>\n","protected":false},"excerpt":{"rendered":"<p>\u00bfQu\u00e9 es la arritmia card\u00edaca? Se considera arritmia a cualquier ritmo card\u00edaco diferente del ritmo normal del coraz\u00f3n (ritmo sinusal), o sea, cualquier alteraci\u00f3n del lugar de origen, frecuencia, y\u00a0 regularidad en los latidos. En el adulto, la frecuencia card\u00edaca normal es de entre 60 y 100 latidos por minuto. Escuche aqu\u00ed los latidos normales [&hellip;]<\/p>\n","protected":false},"author":207,"featured_media":0,"parent":0,"menu_order":0,"comment_status":"closed","ping_status":"closed","template":"","meta":[],"_links":{"self":[{"href":"https:\/\/blogs.sld.cu\/arritmiacardiaca\/wp-json\/wp\/v2\/pages\/21"}],"collection":[{"href":"https:\/\/blogs.sld.cu\/arritmiacardiaca\/wp-json\/wp\/v2\/pages"}],"about":[{"href":"https:\/\/blogs.sld.cu\/arritmiacardiaca\/wp-json\/wp\/v2\/types\/page"}],"author":[{"embeddable":true,"href":"https:\/\/blogs.sld.cu\/arritmiacardiaca\/wp-json\/wp\/v2\/users\/207"}],"replies":[{"embeddable":true,"href":"https:\/\/blogs.sld.cu\/arritmiacardiaca\/wp-json\/wp\/v2\/comments?post=21"}],"version-history":[{"count":31,"href":"https:\/\/blogs.sld.cu\/arritmiacardiaca\/wp-json\/wp\/v2\/pages\/21\/revisions"}],"predecessor-version":[{"id":398,"href":"https:\/\/blogs.sld.cu\/arritmiacardiaca\/wp-json\/wp\/v2\/pages\/21\/revisions\/398"}],"wp:attachment":[{"href":"https:\/\/blogs.sld.cu\/arritmiacardiaca\/wp-json\/wp\/v2\/media?parent=21"}],"curies":[{"name":"wp","href":"https:\/\/api.w.org\/{rel}","templated":true}]}}