{"id":15,"date":"2021-01-23T20:24:21","date_gmt":"2021-01-23T20:24:21","guid":{"rendered":"http:\/\/blogs.sld.cu\/artritisreumatoide\/?page_id=15"},"modified":"2021-12-01T21:10:40","modified_gmt":"2021-12-01T21:10:40","slug":"diagnosticotratamiento","status":"publish","type":"page","link":"https:\/\/blogs.sld.cu\/artritisreumatoide\/diagnosticotratamiento\/","title":{"rendered":"Diagn\u00f3stico\/Tratamiento"},"content":{"rendered":"<section id=\"diagnostico\" class=\"row fw-row\" data-rowname=\"Diagn\u00f3stico\" data-header-style=\"\">\n<div class=\"spb-row-container spb-row-standard-width col-sm-12 text-standard\" data-v-center=\"false\" data-top-style=\"none\" data-bottom-style=\"none\">\n<div class=\"spb_content_element clearfix\">\n<section class=\"container\">\n<div class=\"row\">\n<div class=\"spb_content_element col-sm-12 spb_text_column\">\n<div class=\"spb-asset-content\">\n<h2>\u00bfC\u00f3mo se diagnostica la artritis reumatoide?<\/h2>\n<p><a href=\"http:\/\/blogs.sld.cu\/artritisreumatoide\/files\/2021\/12\/85349572-manos-femeninas-mostrando-el-sindrome-del-tunel-carpiano.jpg\"><img loading=\"lazy\" class=\"size-medium wp-image-88 alignleft\" src=\"http:\/\/blogs.sld.cu\/artritisreumatoide\/files\/2021\/12\/85349572-manos-femeninas-mostrando-el-sindrome-del-tunel-carpiano-300x200.jpg\" alt=\"\" width=\"300\" height=\"200\" srcset=\"https:\/\/blogs.sld.cu\/artritisreumatoide\/files\/2021\/12\/85349572-manos-femeninas-mostrando-el-sindrome-del-tunel-carpiano-300x200.jpg 300w, https:\/\/blogs.sld.cu\/artritisreumatoide\/files\/2021\/12\/85349572-manos-femeninas-mostrando-el-sindrome-del-tunel-carpiano-250x167.jpg 250w, https:\/\/blogs.sld.cu\/artritisreumatoide\/files\/2021\/12\/85349572-manos-femeninas-mostrando-el-sindrome-del-tunel-carpiano.jpg 450w\" sizes=\"(max-width: 300px) 100vw, 300px\" \/><\/a>Su m\u00e9dico le realizar\u00e1 un examen f\u00edsico y revisar\u00e1 sus s\u00edntomas.<\/p>\n<p>Tambi\u00e9n puede solicitar an\u00e1lisis de sangre, radiograf\u00edas o un an\u00e1lisis del l\u00edquido articular, que analiza el l\u00edquido en las articulaciones en busca de otras posibles causas de dolor.<\/p>\n<p>El reumat\u00f3logo valora los s\u00edntomas que presenta el enfermo y realiza una exploraci\u00f3n f\u00edsica para comprobar si presenta calor, dolor e hinchaz\u00f3n en las articulaciones.<\/p>\n<p>Los hallazgos que se pueden encontrar en las radiograf\u00edas y algunos estudios anal\u00edticos (VSG, PCR, factor reumatoide, Anticuerpos anti-p\u00e9ptidos citrulinados c\u00edclicos o Ac anti-CCP) son de gran utilidad para confirmar el diagn\u00f3stico.<\/p>\n<p><strong>Un buen control de la artritis reumatoide requiere de un diagn\u00f3stico temprano.<\/strong><\/p>\n<div class=\"row rowTitle\">\n<div class=\"col-12\">\n<h2>\u00bfC\u00f3mo se trata la artritis reumatoide?<\/h2>\n<p>El tratamiento y seguimiento de esta enfermedad se realiza de forma conjunta y multidisciplinar con otros servicios.<\/p>\n<p>El tratamiento tiene como objetivo aliviar los s\u00edntomas, reducir el dolor, prevenir da\u00f1os futuros y mejorar la calidad de vida. Hable con su m\u00e9dico sobre las opciones de tratamiento. Este puede ayudarle a decidir cu\u00e1l es mejor para usted. Las opciones incluyen medicamentos, cirug\u00eda y cambios en el estilo de vida.<\/p>\n<section id=\"tratamiento\" class=\"row fw-row\" data-rowname=\"Tratamiento\" data-header-style=\"\">\n<div class=\"spb-row-container spb-row-standard-width col-sm-12 text-standard\" data-v-center=\"false\" data-top-style=\"none\" data-bottom-style=\"none\">\n<div class=\"spb_content_element clearfix\">\n<section class=\"container\">\n<div class=\"row\">\n<div class=\"spb_content_element col-sm-12 spb_text_column\">\n<div class=\"spb-asset-content\">\n<p class=\"after-p before-p\"><strong>Medicamentos<\/strong><\/p>\n<p class=\"after-h3 before-p\">Para los casos leves de artritis reumatoide su m\u00e9dico puede sugerirle que tome medicamentos de venta libre para reducir la inflamaci\u00f3n. Estos incluyen aspirina, ibuprofeno, o naproxeno. Medicamentos como acetaminof\u00e9n (paracetamol) pueden ayudar a aliviar el dolor y hacer que se sienta mejor. Los analg\u00e9sicos recetados y los medicamentos antiinflamatorios no esteroideos (AINE) se utilizan para reducir el dolor y la hinchaz\u00f3n. Estos medicamentos tienen algunos efectos secundarios y deben tomarse con prudencia.<\/p>\n<p class=\"after-p before-p\">Los medicamentos que controlan su sistema inmunol\u00f3gico (llamados inmunosupresores) tambi\u00e9n pueden usarse para combatir la enfermedad. Cuando tiene artritis reumatoide, su sistema inmunol\u00f3gico est\u00e1 fuera de control. Estos medicamentos lo devuelven a la normalidad. Sin embargo, pueden afectar la capacidad de su sistema inmunol\u00f3gico para responder a las infecciones.<\/p>\n<p class=\"after-p before-p\">Su m\u00e9dico tambi\u00e9n puede recetarle un esteroide, como la prednisona. Los esteroides pueden reducir el dolor y la hinchaz\u00f3n, al mismo tiempo que ralentizan el da\u00f1o a las articulaciones. Sin embargo, solo se pueden utilizar durante un breve per\u00edodo de tiempo. Cuanto m\u00e1s tiempo use esteroides (varios meses o a\u00f1os), menos efectivos se volver\u00e1n. Los esteroides tienen efectos secundarios, como la aparici\u00f3n de moretones con facilidad, adelgazamiento de los huesos, cataratas y diabetes.<\/p>\n<p class=\"after-p before-h3\">Los medicamentos antirreum\u00e1ticos pueden ayudar a tratar la artritis reumatoide. Si comienza a tomar estos medicamentos lo suficientemente temprano, pueden retrasar el da\u00f1o a sus articulaciones. Estos medicamentos funcionan lentamente y pueden pasar algunas semanas antes de que se sienta mejor. Su m\u00e9dico puede hacerle un an\u00e1lisis de sangre para garantizar que estos medicamentos sean seguros para usted. Algunos de estos medicamentos no deben tomarse si est\u00e1 embarazada.<\/p>\n<p class=\"after-p before-p\"><strong>Cirug\u00eda<\/strong><\/p>\n<p class=\"after-h3 before-h3\">Para los casos graves de artritis reumatoide o los casos que no se tratan eficazmente con medicamentos, la cirug\u00eda puede ser una opci\u00f3n. Los procedimientos pueden incluir corregir una deformidad o reemplazar una articulaci\u00f3n. Los reemplazos de rodilla y de cadera son los m\u00e1s comunes. Los efectos de la cirug\u00eda pueden ayudar a aliviar el dolor y recuperar el movimiento articular. Hable con su m\u00e9dico sobre los beneficios y los riesgos de la cirug\u00eda.<\/p>\n<p class=\"after-p before-p\"><strong>Cambios en el estilo de vida<\/strong><\/p>\n<p class=\"after-h3 before-ul\">Hay cambios en el estilo de vida que puede realizar para ayudar a controlar la artritis reumatoide.<\/p>\n<ul class=\"after-p last\">\n<li class=\"first before-li\">Perder peso, si tiene sobrepeso.<\/li>\n<li class=\"after-li before-li\">Mantener una alimentaci\u00f3n saludable.<\/li>\n<li class=\"after-li before-li\">Dejar de fumar.<\/li>\n<li class=\"after-li before-li\">Hacer ejercicio suave y regularmente. Esto puede fortalecer los m\u00fasculos alrededor de las articulaciones y reducir la fatiga. Los ejercicios aer\u00f3bicos acu\u00e1ticos suaves y caminar son buenos ejercicios para probar. Si siente dolor en una nueva articulaci\u00f3n mientras hace ejercicio, det\u00e9ngase y descanse. Hable con su m\u00e9dico si el dolor persiste.<\/li>\n<li class=\"after-li before-li\">Use calor y fr\u00edo. El calor relaja los m\u00fasculos tensos y el fr\u00edo adormece el dolor. Una forma de aplicar calor es tomar una ducha o un ba\u00f1o caliente de 15 minutos. Los tratamientos fr\u00edos incluyen bolsas de hielo o remojar las articulaciones en agua fr\u00eda. No use estos m\u00e9todos si tiene mala circulaci\u00f3n.<\/li>\n<li class=\"after-li last\">Reduzca el estr\u00e9s en sus articulaciones afectadas. Por ejemplo, los bastones pueden ayudarle a caminar. Las herramientas de agarre pueden ayudarle a recoger art\u00edculos. Preg\u00fantele a su m\u00e9dico acerca de otras formas de facilitar su vida diaria.<\/li>\n<\/ul>\n<\/div>\n<\/div>\n<\/div>\n<\/section>\n<\/div>\n<\/div>\n<\/section>\n<section id=\"vivir-con-ar\" class=\"row fw-row\" data-rowname=\"Vivir con AR\" data-header-style=\"\">\n<div class=\"spb-row-container spb-row-standard-width col-sm-12 text-standard\" data-v-center=\"false\" data-top-style=\"none\" data-bottom-style=\"none\">\n<div class=\"spb_content_element clearfix\">\n<section class=\"container\">\n<div class=\"row\">\n<div class=\"spb_content_element col-sm-12 spb_text_column\">\n<div class=\"spb-asset-content\">\n<h2 class=\"first before-p\">Viviendo con artritis reumatoide<\/h2>\n<p class=\"after-h2 before-p\">La artritis reumatoide es una enfermedad de por vida. Cuando se trata, puede desaparecer por un tiempo, pero generalmente regresa. Es importante consultar a su m\u00e9dico tan pronto como comiencen los s\u00edntomas. Cuanto antes comience el tratamiento, mejor ser\u00e1 su resultado. Parte del da\u00f1o de la artritis reumatoide es irreversible, por lo que es muy importante encontrar la enfermedad y tratarla a tiempo.<\/p>\n<p class=\"after-p last\">Si no se trata, puede causar otros problemas de salud. Sus manos pueden doblarse o torcerse. Otras articulaciones pueden deformarse. La inflamaci\u00f3n afectar\u00e1 su cart\u00edlago y huesos. Tambi\u00e9n pueden ocurrir problemas pulmonares y card\u00edacos. Hable con su m\u00e9dico si nota alg\u00fan s\u00edntoma o problema nuevo.<\/p>\n<\/div>\n<\/div>\n<\/div>\n<\/section>\n<\/div>\n<\/div>\n<\/section>\n<\/div>\n<\/div>\n<\/div>\n<\/div>\n<\/div>\n<\/section>\n<\/div>\n<\/div>\n<\/section>\n","protected":false},"excerpt":{"rendered":"<p>\u00bfC\u00f3mo se diagnostica la artritis reumatoide? Su m\u00e9dico le realizar\u00e1 un examen f\u00edsico y revisar\u00e1 sus s\u00edntomas. Tambi\u00e9n puede solicitar an\u00e1lisis de sangre, radiograf\u00edas o un an\u00e1lisis del l\u00edquido articular, que analiza el l\u00edquido en las articulaciones en busca de otras posibles causas de dolor. El reumat\u00f3logo valora los s\u00edntomas que presenta el enfermo y [&hellip;]<\/p>\n","protected":false},"author":208,"featured_media":0,"parent":0,"menu_order":0,"comment_status":"closed","ping_status":"closed","template":"","meta":[],"_links":{"self":[{"href":"https:\/\/blogs.sld.cu\/artritisreumatoide\/wp-json\/wp\/v2\/pages\/15"}],"collection":[{"href":"https:\/\/blogs.sld.cu\/artritisreumatoide\/wp-json\/wp\/v2\/pages"}],"about":[{"href":"https:\/\/blogs.sld.cu\/artritisreumatoide\/wp-json\/wp\/v2\/types\/page"}],"author":[{"embeddable":true,"href":"https:\/\/blogs.sld.cu\/artritisreumatoide\/wp-json\/wp\/v2\/users\/208"}],"replies":[{"embeddable":true,"href":"https:\/\/blogs.sld.cu\/artritisreumatoide\/wp-json\/wp\/v2\/comments?post=15"}],"version-history":[{"count":11,"href":"https:\/\/blogs.sld.cu\/artritisreumatoide\/wp-json\/wp\/v2\/pages\/15\/revisions"}],"predecessor-version":[{"id":86,"href":"https:\/\/blogs.sld.cu\/artritisreumatoide\/wp-json\/wp\/v2\/pages\/15\/revisions\/86"}],"wp:attachment":[{"href":"https:\/\/blogs.sld.cu\/artritisreumatoide\/wp-json\/wp\/v2\/media?parent=15"}],"curies":[{"name":"wp","href":"https:\/\/api.w.org\/{rel}","templated":true}]}}