{"id":9,"date":"2021-01-23T20:06:44","date_gmt":"2021-01-23T20:06:44","guid":{"rendered":"http:\/\/blogs.sld.cu\/artritisreumatoide\/?page_id=9"},"modified":"2021-12-01T21:13:31","modified_gmt":"2021-12-01T21:13:31","slug":"acerca-de","status":"publish","type":"page","link":"https:\/\/blogs.sld.cu\/artritisreumatoide\/acerca-de\/","title":{"rendered":"Acerca de"},"content":{"rendered":"<p>La red Infomed est\u00e1 constituida por un grupo de personas e instituciones que hacen posible que la informaci\u00f3n y el conocimiento lleguen a todos. Como parte de su red de portales ha desarrollado los sitios de enfermedades, para consulta de la poblaci\u00f3n en general, pacientes y su familia.<\/p>\n<h3>En este sitio usted podr\u00e1 encontrar informaci\u00f3n acerca de la Artritis Reumatoide. \u00bfQu\u00e9 es y qu\u00e9 la causa? \u00bfCu\u00e1les son sus principales s\u00edntomas y signos? \u00bfC\u00f3mo se diagnostica y trata? \u00bfCu\u00e1ndo acudir al m\u00e9dico?<\/h3>\n<p>Estas y otras interrogantes ser\u00e1n respondidas a trav\u00e9s de las secciones que integran este espacio.<\/p>\n<p>Su editor es el <strong>Dr. Jos\u00e9 Pedro Mart\u00ednez Larrarte, <\/strong>quien, a trav\u00e9s de las diferentes secciones de este espacio, aborda los elementos esenciales de la enfermedad.<\/p>\n","protected":false},"excerpt":{"rendered":"<p>La red Infomed est\u00e1 constituida por un grupo de personas e instituciones que hacen posible que la informaci\u00f3n y el conocimiento lleguen a todos. Como parte de su red de portales ha desarrollado los sitios de enfermedades, para consulta de la poblaci\u00f3n en general, pacientes y su familia. En este sitio usted podr\u00e1 encontrar informaci\u00f3n [&hellip;]<\/p>\n","protected":false},"author":208,"featured_media":0,"parent":0,"menu_order":0,"comment_status":"closed","ping_status":"closed","template":"","meta":[],"_links":{"self":[{"href":"https:\/\/blogs.sld.cu\/artritisreumatoide\/wp-json\/wp\/v2\/pages\/9"}],"collection":[{"href":"https:\/\/blogs.sld.cu\/artritisreumatoide\/wp-json\/wp\/v2\/pages"}],"about":[{"href":"https:\/\/blogs.sld.cu\/artritisreumatoide\/wp-json\/wp\/v2\/types\/page"}],"author":[{"embeddable":true,"href":"https:\/\/blogs.sld.cu\/artritisreumatoide\/wp-json\/wp\/v2\/users\/208"}],"replies":[{"embeddable":true,"href":"https:\/\/blogs.sld.cu\/artritisreumatoide\/wp-json\/wp\/v2\/comments?post=9"}],"version-history":[{"count":5,"href":"https:\/\/blogs.sld.cu\/artritisreumatoide\/wp-json\/wp\/v2\/pages\/9\/revisions"}],"predecessor-version":[{"id":109,"href":"https:\/\/blogs.sld.cu\/artritisreumatoide\/wp-json\/wp\/v2\/pages\/9\/revisions\/109"}],"wp:attachment":[{"href":"https:\/\/blogs.sld.cu\/artritisreumatoide\/wp-json\/wp\/v2\/media?parent=9"}],"curies":[{"name":"wp","href":"https:\/\/api.w.org\/{rel}","templated":true}]}}