{"id":55,"date":"2020-05-04T18:49:25","date_gmt":"2020-05-04T18:49:25","guid":{"rendered":"http:\/\/blogs.sld.cu\/asma\/?page_id=55"},"modified":"2021-01-03T22:31:55","modified_gmt":"2021-01-03T22:31:55","slug":"55-2","status":"publish","type":"page","link":"https:\/\/blogs.sld.cu\/asma\/","title":{"rendered":"\u00a1Bienvenidos!"},"content":{"rendered":"<h1><a href=\"http:\/\/blogs.sld.cu\/asma\/files\/2020\/12\/asmacuba.jpg\"><img loading=\"lazy\" class=\"alignnone  wp-image-244\" src=\"http:\/\/blogs.sld.cu\/asma\/files\/2020\/12\/asmacuba-300x141.jpg\" alt=\"asmacuba\" width=\"551\" height=\"259\" srcset=\"https:\/\/blogs.sld.cu\/asma\/files\/2020\/12\/asmacuba-300x141.jpg 300w, https:\/\/blogs.sld.cu\/asma\/files\/2020\/12\/asmacuba-250x118.jpg 250w, https:\/\/blogs.sld.cu\/asma\/files\/2020\/12\/asmacuba.jpg 700w\" sizes=\"(max-width: 551px) 100vw, 551px\" \/><\/a><\/h1>\n<p><span style=\"font-size: 12pt\">Al sitio de Asma del<strong>\u00a0Portal de Enfermedades\u00a0<\/strong>de Infomed, Centro Nacional de Informaci\u00f3n de Ciencias M\u00e9dicas,\u00a0que est\u00e1 constituido por un grupo de instituciones y personas que trabajan para que la informaci\u00f3n de salud llegue a todos.<\/span><\/p>\n<p><span style=\"font-size: 12pt\">Hemos extendido a la poblaci\u00f3n la informaci\u00f3n sobre las enfermedades, lo que contribuir\u00e1 a conocerlas mejor y por lo tanto ayudar\u00e1 a mejorar el conocimiento de salud.<\/span><\/p>\n<p><span style=\"font-size: 12pt\">En nuestras p\u00e1ginas,\u00a0puedes encontrar cu\u00e1les son las caracter\u00edsticas de esta enfermedad, qu\u00e9 s\u00edntomas presenta, c\u00f3mo se detecta,\u00a0qu\u00e9 tipos de tratamientos se aplican y diferentes aspectos relativos a la misma.<\/span><\/p>\n<p><span style=\"font-size: 12pt\">Su editora es la Dra en C. Mirta \u00c1lvarez Castell\u00f3.<\/span><\/p>\n<p><span style=\"font-size: 12pt\">\u00a0<\/span><\/p>\n","protected":false},"excerpt":{"rendered":"<p>Al sitio de Asma del\u00a0Portal de Enfermedades\u00a0de Infomed, Centro Nacional de Informaci\u00f3n de Ciencias M\u00e9dicas,\u00a0que est\u00e1 constituido por un grupo de instituciones y personas que trabajan para que la informaci\u00f3n de salud llegue a todos. Hemos extendido a la poblaci\u00f3n la informaci\u00f3n sobre las enfermedades, lo que contribuir\u00e1 a conocerlas mejor y por lo tanto [&hellip;]<\/p>\n","protected":false},"author":208,"featured_media":0,"parent":0,"menu_order":0,"comment_status":"closed","ping_status":"closed","template":"","meta":[],"_links":{"self":[{"href":"https:\/\/blogs.sld.cu\/asma\/wp-json\/wp\/v2\/pages\/55"}],"collection":[{"href":"https:\/\/blogs.sld.cu\/asma\/wp-json\/wp\/v2\/pages"}],"about":[{"href":"https:\/\/blogs.sld.cu\/asma\/wp-json\/wp\/v2\/types\/page"}],"author":[{"embeddable":true,"href":"https:\/\/blogs.sld.cu\/asma\/wp-json\/wp\/v2\/users\/208"}],"replies":[{"embeddable":true,"href":"https:\/\/blogs.sld.cu\/asma\/wp-json\/wp\/v2\/comments?post=55"}],"version-history":[{"count":16,"href":"https:\/\/blogs.sld.cu\/asma\/wp-json\/wp\/v2\/pages\/55\/revisions"}],"predecessor-version":[{"id":273,"href":"https:\/\/blogs.sld.cu\/asma\/wp-json\/wp\/v2\/pages\/55\/revisions\/273"}],"wp:attachment":[{"href":"https:\/\/blogs.sld.cu\/asma\/wp-json\/wp\/v2\/media?parent=55"}],"curies":[{"name":"wp","href":"https:\/\/api.w.org\/{rel}","templated":true}]}}