{"id":7,"date":"2008-07-24T13:17:32","date_gmt":"2008-07-24T17:17:32","guid":{"rendered":"http:\/\/blogs.sld.cu\/behique\/acerca-de\/"},"modified":"2014-08-07T19:48:12","modified_gmt":"2014-08-07T19:48:12","slug":"acerca-de","status":"publish","type":"page","link":"https:\/\/blogs.sld.cu\/behique\/acerca-de\/","title":{"rendered":"Informaci\u00f3n"},"content":{"rendered":"<p>Este blog est\u00e1 destinado a recoger algunas de mis ideas y reflexiones sobre varios temas como la medicina, el tiempo y el clima, la radioafici\u00f3n, el mundo audiovisual, los desastres y muchos otros temas.<\/p>\n<p>Soy enfermero especializado en cuidados intensivos, m\u00e9dico especialista en Medicina General Integral, t\u00e9cnico medio en meteorolog\u00eda y\u00a0 radio aficionado. Desde hace siete a\u00f1os atiendo el <a href=\"http:\/\/www.sld.cu\/red\/tiempo\">sitio web sobre tiempo, clima y salud<\/a> de Infomed y la lista por correo electr\u00f3nico sobre el mismo tema.<\/p>\n<p>Laboro en el <a href=\"http:\/\/www.sld.cu\/sitios\/desastres\">Centro Latinoamericano de Medicina de Desastres<\/a> y entre otras funciones atiendo el sitio web del centro.<\/p>\n","protected":false},"excerpt":{"rendered":"<p>Este blog est\u00e1 destinado a recoger algunas de mis ideas y reflexiones sobre varios temas como la medicina, el tiempo y el clima, la radioafici\u00f3n, el mundo audiovisual, los desastres y muchos otros temas. Soy enfermero especializado en cuidados intensivos, m\u00e9dico especialista en Medicina General Integral, t\u00e9cnico medio en meteorolog\u00eda y\u00a0 radio aficionado. Desde hace [&hellip;]<\/p>\n","protected":false},"author":169,"featured_media":0,"parent":0,"menu_order":0,"comment_status":"open","ping_status":"open","template":"","meta":[],"_links":{"self":[{"href":"https:\/\/blogs.sld.cu\/behique\/wp-json\/wp\/v2\/pages\/7"}],"collection":[{"href":"https:\/\/blogs.sld.cu\/behique\/wp-json\/wp\/v2\/pages"}],"about":[{"href":"https:\/\/blogs.sld.cu\/behique\/wp-json\/wp\/v2\/types\/page"}],"author":[{"embeddable":true,"href":"https:\/\/blogs.sld.cu\/behique\/wp-json\/wp\/v2\/users\/169"}],"replies":[{"embeddable":true,"href":"https:\/\/blogs.sld.cu\/behique\/wp-json\/wp\/v2\/comments?post=7"}],"version-history":[{"count":1,"href":"https:\/\/blogs.sld.cu\/behique\/wp-json\/wp\/v2\/pages\/7\/revisions"}],"predecessor-version":[{"id":2067,"href":"https:\/\/blogs.sld.cu\/behique\/wp-json\/wp\/v2\/pages\/7\/revisions\/2067"}],"wp:attachment":[{"href":"https:\/\/blogs.sld.cu\/behique\/wp-json\/wp\/v2\/media?parent=7"}],"curies":[{"name":"wp","href":"https:\/\/api.w.org\/{rel}","templated":true}]}}