{"id":15,"date":"2020-02-12T19:33:33","date_gmt":"2020-02-12T19:33:33","guid":{"rendered":"http:\/\/blogs.sld.cu\/bibliocncma\/?page_id=15"},"modified":"2020-02-12T20:39:31","modified_gmt":"2020-02-12T20:39:31","slug":"acerca-de","status":"publish","type":"page","link":"https:\/\/blogs.sld.cu\/bibliocncma\/acerca-de\/","title":{"rendered":"Acerca de"},"content":{"rendered":"<h1>Blog de la Biblioteca del Centro Nacional de Cirug\u00eda de M\u00ednimo Acceso.<\/h1>\n<p>Este blog tiene como objetivo ofrecer informaci\u00f3n especializada y actualizada relativa a los Procedimientos M\u00ednimamente Invasivos, dirigido a la comunidad de profesionales que laboran en este perfil con el fin de elevar la calidad de la asistencia, la investigaci\u00f3n y la docencia, propiciando el hallazgo de soluciones que posibiliten enfrentar los problemas de salud de nuestra poblaci\u00f3n y otros pueblos.<\/p>\n<p>Permite el acceso a diversos recursos de informaci\u00f3n tales como bases de datos, libros, revistas, art\u00edculos cient\u00edficos, sitios web afines, noticias de actualidad, que esperamos sean \u00fatiles.<\/p>\n<p>El comit\u00e9 editor espera se convierta en un referente para todas aquellas personas interesadas en los Procedimientos M\u00ednimamente Invasivos.<\/p>\n","protected":false},"excerpt":{"rendered":"<p>Blog de la Biblioteca del Centro Nacional de Cirug\u00eda de M\u00ednimo Acceso. Este blog tiene como objetivo ofrecer informaci\u00f3n especializada y actualizada relativa a los Procedimientos M\u00ednimamente Invasivos, dirigido a la comunidad de profesionales que laboran en este perfil con el fin de elevar la calidad de la asistencia, la investigaci\u00f3n y la docencia, propiciando [&hellip;]<\/p>\n","protected":false},"author":202,"featured_media":0,"parent":0,"menu_order":0,"comment_status":"closed","ping_status":"closed","template":"monocolumn.php","meta":[],"_links":{"self":[{"href":"https:\/\/blogs.sld.cu\/bibliocncma\/wp-json\/wp\/v2\/pages\/15"}],"collection":[{"href":"https:\/\/blogs.sld.cu\/bibliocncma\/wp-json\/wp\/v2\/pages"}],"about":[{"href":"https:\/\/blogs.sld.cu\/bibliocncma\/wp-json\/wp\/v2\/types\/page"}],"author":[{"embeddable":true,"href":"https:\/\/blogs.sld.cu\/bibliocncma\/wp-json\/wp\/v2\/users\/202"}],"replies":[{"embeddable":true,"href":"https:\/\/blogs.sld.cu\/bibliocncma\/wp-json\/wp\/v2\/comments?post=15"}],"version-history":[{"count":4,"href":"https:\/\/blogs.sld.cu\/bibliocncma\/wp-json\/wp\/v2\/pages\/15\/revisions"}],"predecessor-version":[{"id":28,"href":"https:\/\/blogs.sld.cu\/bibliocncma\/wp-json\/wp\/v2\/pages\/15\/revisions\/28"}],"wp:attachment":[{"href":"https:\/\/blogs.sld.cu\/bibliocncma\/wp-json\/wp\/v2\/media?parent=15"}],"curies":[{"name":"wp","href":"https:\/\/api.w.org\/{rel}","templated":true}]}}