{"id":14,"date":"2021-05-10T18:12:26","date_gmt":"2021-05-10T18:12:26","guid":{"rendered":"http:\/\/blogs.sld.cu\/bronquiectasias\/?page_id=14"},"modified":"2021-11-17T22:07:15","modified_gmt":"2021-11-17T22:07:15","slug":"dr-manuel-diaz-toledo","status":"publish","type":"page","link":"https:\/\/blogs.sld.cu\/bronquiectasias\/dr-manuel-diaz-toledo\/","title":{"rendered":"Dr. Manuel D\u00edaz Toledo"},"content":{"rendered":"<p><span style=\"font-family: verdana, geneva; font-size: 10pt;\"><a href=\"http:\/\/blogs.sld.cu\/bronquiectasias\/files\/2021\/11\/ManueldiazToledo.jpg\"><img loading=\"lazy\" class=\"alignnone wp-image-143\" src=\"http:\/\/blogs.sld.cu\/bronquiectasias\/files\/2021\/11\/ManueldiazToledo.jpg\" alt=\"\" width=\"485\" height=\"316\" srcset=\"https:\/\/blogs.sld.cu\/bronquiectasias\/files\/2021\/11\/ManueldiazToledo.jpg 899w, https:\/\/blogs.sld.cu\/bronquiectasias\/files\/2021\/11\/ManueldiazToledo-300x196.jpg 300w, https:\/\/blogs.sld.cu\/bronquiectasias\/files\/2021\/11\/ManueldiazToledo-768x501.jpg 768w, https:\/\/blogs.sld.cu\/bronquiectasias\/files\/2021\/11\/ManueldiazToledo-250x163.jpg 250w\" sizes=\"(max-width: 485px) 100vw, 485px\" \/><\/a>Especialista en Medicina General Integral. Especialista de 2do. grado en Neumolog\u00eda. Profesor Asistente de la Facultad Dr. Salvador Allende. Jefe Departamento de Oncolog\u00eda.<\/span><\/p>\n<p>Hospital Jur\u00eddico<\/p>\n<p><span style=\"font-family: verdana, geneva; font-size: 10pt;\">\u00a0<\/span><\/p>\n","protected":false},"excerpt":{"rendered":"<p>Especialista en Medicina General Integral. Especialista de 2do. grado en Neumolog\u00eda. Profesor Asistente de la Facultad Dr. Salvador Allende. Jefe Departamento de Oncolog\u00eda. Hospital Jur\u00eddico \u00a0<\/p>\n","protected":false},"author":208,"featured_media":0,"parent":0,"menu_order":0,"comment_status":"closed","ping_status":"open","template":"","meta":[],"_links":{"self":[{"href":"https:\/\/blogs.sld.cu\/bronquiectasias\/wp-json\/wp\/v2\/pages\/14"}],"collection":[{"href":"https:\/\/blogs.sld.cu\/bronquiectasias\/wp-json\/wp\/v2\/pages"}],"about":[{"href":"https:\/\/blogs.sld.cu\/bronquiectasias\/wp-json\/wp\/v2\/types\/page"}],"author":[{"embeddable":true,"href":"https:\/\/blogs.sld.cu\/bronquiectasias\/wp-json\/wp\/v2\/users\/208"}],"replies":[{"embeddable":true,"href":"https:\/\/blogs.sld.cu\/bronquiectasias\/wp-json\/wp\/v2\/comments?post=14"}],"version-history":[{"count":5,"href":"https:\/\/blogs.sld.cu\/bronquiectasias\/wp-json\/wp\/v2\/pages\/14\/revisions"}],"predecessor-version":[{"id":146,"href":"https:\/\/blogs.sld.cu\/bronquiectasias\/wp-json\/wp\/v2\/pages\/14\/revisions\/146"}],"wp:attachment":[{"href":"https:\/\/blogs.sld.cu\/bronquiectasias\/wp-json\/wp\/v2\/media?parent=14"}],"curies":[{"name":"wp","href":"https:\/\/api.w.org\/{rel}","templated":true}]}}

Dr. Manuel Díaz Toledo

<p><span style="font-family: verdana, geneva; font-size: 10pt;"><a href="http://blogs.sld.cu/bronquiectasias/files/2021/11/ManueldiazToledo.jpg"><img loading="lazy" class="alignnone wp-image-143" src="http://blogs.sld.cu/bronquiectasias/files/2021/11/ManueldiazToledo.jpg" alt="" width="485" height="316" srcset="https://blogs.sld.cu/bronquiectasias/files/2021/11/ManueldiazToledo.jpg 899w, https://blogs.sld.cu/bronquiectasias/files/2021/11/ManueldiazToledo-300x196.jpg 300w, https://blogs.sld.cu/bronquiectasias/files/2021/11/ManueldiazToledo-768x501.jpg 768w, https://blogs.sld.cu/bronquiectasias/files/2021/11/ManueldiazToledo-250x163.jpg 250w" sizes="(max-width: 485px) 100vw, 485px" /></a>Especialista en Medicina General Integral. Especialista de 2do. grado en Neumología. Profesor Asistente de la Facultad Dr. Salvador Allende. Jefe Departamento de Oncología.</span></p>
<p>Hospital Jurídico</p>
<p><span style="font-family: verdana, geneva; font-size: 10pt;"> </span></p>

<p>Especialista en Medicina General Integral. Especialista de 2do. grado en Neumología. Profesor Asistente de la Facultad Dr. Salvador Allende. Jefe Departamento de Oncología. Hospital Jurídico  </p>
