{"id":18,"date":"2021-05-10T18:18:00","date_gmt":"2021-05-10T18:18:00","guid":{"rendered":"http:\/\/blogs.sld.cu\/bronquiectasias\/?page_id=18"},"modified":"2021-05-27T23:32:09","modified_gmt":"2021-05-27T23:32:09","slug":"bronquiectasias","status":"publish","type":"page","link":"https:\/\/blogs.sld.cu\/bronquiectasias\/bronquiectasias\/","title":{"rendered":"Bronquiectasias"},"content":{"rendered":"<p><span style=\"font-family: verdana, geneva; font-size: 10pt;\">Las bronquiectasias se definen como la dilataci\u00f3n y destrucci\u00f3n de la pared bronquial, irreversible y en ocasiones progresiva, que se produce como consecuencia de un c\u00edrculo vicioso, compuesto por la lesi\u00f3n de los mecanismos de defensa local, la infecci\u00f3n y la inflamaci\u00f3n de la v\u00eda respiratoria.<\/span><\/p>\n<p><span style=\"font-family: verdana, geneva; font-size: 10pt;\">Es una enfermedad pulmonar cr\u00f3nica que como expresamos anteriormente, se debe a la dilataci\u00f3n y destrucci\u00f3n de los grandes bronquios causadas por inflamaci\u00f3n y\/o una infecci\u00f3n cr\u00f3nica.\u00a0<\/span><br \/>\n<span style=\"font-family: verdana, geneva; font-size: 10pt;\"> Su significado es \u201cv\u00edas respiratorias dilatadas\u201d, por una parte \u201cbronquio\u201d alude a las v\u00edas respiratorias, espec\u00edficamente a los bronquios y \u201cectasia\u201d significa alargamiento o dilataci\u00f3n de un \u00f3rgano.<\/span><br \/>\n<span style=\"font-family: verdana, geneva; font-size: 10pt;\"> Una vez que las paredes de las v\u00edas respiratorias est\u00e1n da\u00f1adas, es dif\u00edcil que la mucosidad se elimine del cuerpo, por lo tanto, con el tiempo se van acumulando y esto puede producir una infecci\u00f3n e inflamaci\u00f3n cr\u00f3nica y si esta no es tratada correctamente, la funci\u00f3n pulmonar puede disminuir gradualmente a lo largo de los a\u00f1os.\u00a0<\/span><\/p>\n","protected":false},"excerpt":{"rendered":"<p>Las bronquiectasias se definen como la dilataci\u00f3n y destrucci\u00f3n de la pared bronquial, irreversible y en ocasiones progresiva, que se produce como consecuencia de un c\u00edrculo vicioso, compuesto por la lesi\u00f3n de los mecanismos de defensa local, la infecci\u00f3n y la inflamaci\u00f3n de la v\u00eda respiratoria. Es una enfermedad pulmonar cr\u00f3nica que como expresamos anteriormente, [&hellip;]<\/p>\n","protected":false},"author":208,"featured_media":0,"parent":0,"menu_order":0,"comment_status":"closed","ping_status":"open","template":"","meta":[],"_links":{"self":[{"href":"https:\/\/blogs.sld.cu\/bronquiectasias\/wp-json\/wp\/v2\/pages\/18"}],"collection":[{"href":"https:\/\/blogs.sld.cu\/bronquiectasias\/wp-json\/wp\/v2\/pages"}],"about":[{"href":"https:\/\/blogs.sld.cu\/bronquiectasias\/wp-json\/wp\/v2\/types\/page"}],"author":[{"embeddable":true,"href":"https:\/\/blogs.sld.cu\/bronquiectasias\/wp-json\/wp\/v2\/users\/208"}],"replies":[{"embeddable":true,"href":"https:\/\/blogs.sld.cu\/bronquiectasias\/wp-json\/wp\/v2\/comments?post=18"}],"version-history":[{"count":8,"href":"https:\/\/blogs.sld.cu\/bronquiectasias\/wp-json\/wp\/v2\/pages\/18\/revisions"}],"predecessor-version":[{"id":104,"href":"https:\/\/blogs.sld.cu\/bronquiectasias\/wp-json\/wp\/v2\/pages\/18\/revisions\/104"}],"wp:attachment":[{"href":"https:\/\/blogs.sld.cu\/bronquiectasias\/wp-json\/wp\/v2\/media?parent=18"}],"curies":[{"name":"wp","href":"https:\/\/api.w.org\/{rel}","templated":true}]}}