{"id":47,"date":"2021-05-10T19:11:34","date_gmt":"2021-05-10T19:11:34","guid":{"rendered":"http:\/\/blogs.sld.cu\/bronquiectasias\/?page_id=47"},"modified":"2021-11-19T00:01:28","modified_gmt":"2021-11-19T00:01:28","slug":"preguntas-frecuentes","status":"publish","type":"page","link":"https:\/\/blogs.sld.cu\/bronquiectasias\/preguntas-frecuentes\/","title":{"rendered":"Preguntas frecuentes"},"content":{"rendered":"<h3><strong><span style=\"font-family: verdana, geneva; font-size: 12pt;\">Sobre bronquiectasias<\/span><\/strong><\/h3>\n<p><strong><span style=\"font-family: verdana, geneva; font-size: 10pt;\">\u00bfLas bronquiectasias tienen cura?<\/span><\/strong><\/p>\n<ul>\n<li>Las bronquiectasias no tienen cura, constituyen una enfermedad cr\u00f3nica, y tratable .<\/li>\n<\/ul>\n<p><strong><span style=\"font-family: verdana, geneva; font-size: 10pt;\">\u00bfSe tratan con antibi\u00f3ticos?<\/span><\/strong><\/p>\n<ul>\n<li>Se tratan con antibi\u00f3ticos solamente cuando se infectan con g\u00e9rmenes bacterianos. Si la infecci\u00f3n es cr\u00f3nica el tratamiento es por tiempo prolongado. Nunca se indica de forma permanente.<\/li>\n<\/ul>\n<p>&nbsp;<\/p>\n<p><strong><span style=\"font-family: verdana, geneva; font-size: 10pt;\">\u00bfExisten algunos remedios caseros que ayuden con los s\u00edntomas?<\/span><\/strong><\/p>\n<ul>\n<li>Se pueden utilizar remedios caseros que pudieran ayudar al alivio de algunos s\u00edntomas como la expectoraci\u00f3n y la tos. Uso de plantas medicinales para la preparaci\u00f3n de expectorantes, como es el or\u00e9gano, la majagua, aloe, etc.<\/li>\n<\/ul>\n<p>&nbsp;<\/p>\n<p>&nbsp;<\/p>\n","protected":false},"excerpt":{"rendered":"<p>Sobre bronquiectasias \u00bfLas bronquiectasias tienen cura? Las bronquiectasias no tienen cura, constituyen una enfermedad cr\u00f3nica, y tratable . \u00bfSe tratan con antibi\u00f3ticos? Se tratan con antibi\u00f3ticos solamente cuando se infectan con g\u00e9rmenes bacterianos. Si la infecci\u00f3n es cr\u00f3nica el tratamiento es por tiempo prolongado. Nunca se indica de forma permanente. &nbsp; \u00bfExisten algunos remedios caseros [&hellip;]<\/p>\n","protected":false},"author":208,"featured_media":0,"parent":0,"menu_order":0,"comment_status":"closed","ping_status":"open","template":"","meta":[],"_links":{"self":[{"href":"https:\/\/blogs.sld.cu\/bronquiectasias\/wp-json\/wp\/v2\/pages\/47"}],"collection":[{"href":"https:\/\/blogs.sld.cu\/bronquiectasias\/wp-json\/wp\/v2\/pages"}],"about":[{"href":"https:\/\/blogs.sld.cu\/bronquiectasias\/wp-json\/wp\/v2\/types\/page"}],"author":[{"embeddable":true,"href":"https:\/\/blogs.sld.cu\/bronquiectasias\/wp-json\/wp\/v2\/users\/208"}],"replies":[{"embeddable":true,"href":"https:\/\/blogs.sld.cu\/bronquiectasias\/wp-json\/wp\/v2\/comments?post=47"}],"version-history":[{"count":7,"href":"https:\/\/blogs.sld.cu\/bronquiectasias\/wp-json\/wp\/v2\/pages\/47\/revisions"}],"predecessor-version":[{"id":152,"href":"https:\/\/blogs.sld.cu\/bronquiectasias\/wp-json\/wp\/v2\/pages\/47\/revisions\/152"}],"wp:attachment":[{"href":"https:\/\/blogs.sld.cu\/bronquiectasias\/wp-json\/wp\/v2\/media?parent=47"}],"curies":[{"name":"wp","href":"https:\/\/api.w.org\/{rel}","templated":true}]}}