{"id":9,"date":"2021-05-10T18:00:15","date_gmt":"2021-05-10T18:00:15","guid":{"rendered":"http:\/\/blogs.sld.cu\/bronquiectasias\/?page_id=9"},"modified":"2021-05-27T23:26:54","modified_gmt":"2021-05-27T23:26:54","slug":"acerca-de","status":"publish","type":"page","link":"https:\/\/blogs.sld.cu\/bronquiectasias\/acerca-de\/","title":{"rendered":"Acerca de"},"content":{"rendered":"<p><span style=\"font-family: verdana, geneva; font-size: 10pt;\">Han pasado dos siglos desde que <strong>Laennec<\/strong> realizara la primera descripci\u00f3n cl\u00ednica de un paciente con <strong>bronquiectasias<\/strong> y m\u00e1s de medio siglo que <strong>Reid<\/strong> bas\u00e1ndose en la comparaci\u00f3n entre los hallazgos de los estudios del tejido bronquial, describiera y clasificara a las bronquiectasias de una forma aproximada a como se conocen hoy d\u00eda. <\/span><\/p>\n<p><span style=\"font-family: verdana, geneva; font-size: 10pt;\">En su historia bicentenaria, esta enfermedad ha pasado por varias etapas desde un punto de vista epidemiol\u00f3gico. En la era pre antibi\u00f3tica era mucho m\u00e1s frecuente y de elevada mortalidad, falleciendo los pacientes antes de los 40 a\u00f1os de edad.\u00a0\u00a0 Esta elevada frecuencia \u00a0corr\u00eda paralela a la existencia de algunas enfermedades infecciosas generadoras de bronquiectasias como la tuberculosis o las neumon\u00edas con un componente destructivo importante. M\u00e1s tarde, gracias al desarrollo de la medicina preventiva especialmente de las vacunas y del arsenal antibi\u00f3tico, descendi\u00f3 de forma importante su diagn\u00f3stico.<\/span><\/p>\n<p><span style=\"font-family: verdana, geneva; font-size: 10pt;\">Desde finales de la d\u00e9cada de 1980 se ha visto un incremento en la cantidad de casos, propiciado por el resurgimiento de viejas enfermedades como la tuberculosis pulmonar, el establecimiento de la epidemia del SIDA y la creciente longevidad de la poblaci\u00f3n.<\/span><\/p>\n<p><span style=\"font-family: verdana, geneva; font-size: 10pt;\">Este sitio est\u00e1 dedicado a la poblaci\u00f3n en general, interesada en el conocimiento de esta enfermedad, su editor, es el <a title=\"Dr. Manuel D\u00edaz Toledo\" href=\"http:\/\/blogs.sld.cu\/bronquiectasias\/dr-manuel-diaz-toledo\/\"><strong>Dr. Manuel D\u00edaz Toledo<\/strong><\/a>, que de forma educativa, los conducir\u00e1 a trav\u00e9s de sus p\u00e1ginas, responder\u00e1 sus interrogantes y dudas y podr\u00e1 interactuar con los interesados en Consulta con el m\u00e9dico.<\/span><\/p>\n","protected":false},"excerpt":{"rendered":"<p>Han pasado dos siglos desde que Laennec realizara la primera descripci\u00f3n cl\u00ednica de un paciente con bronquiectasias y m\u00e1s de medio siglo que Reid bas\u00e1ndose en la comparaci\u00f3n entre los hallazgos de los estudios del tejido bronquial, describiera y clasificara a las bronquiectasias de una forma aproximada a como se conocen hoy d\u00eda. En su [&hellip;]<\/p>\n","protected":false},"author":208,"featured_media":0,"parent":0,"menu_order":0,"comment_status":"closed","ping_status":"open","template":"","meta":[],"_links":{"self":[{"href":"https:\/\/blogs.sld.cu\/bronquiectasias\/wp-json\/wp\/v2\/pages\/9"}],"collection":[{"href":"https:\/\/blogs.sld.cu\/bronquiectasias\/wp-json\/wp\/v2\/pages"}],"about":[{"href":"https:\/\/blogs.sld.cu\/bronquiectasias\/wp-json\/wp\/v2\/types\/page"}],"author":[{"embeddable":true,"href":"https:\/\/blogs.sld.cu\/bronquiectasias\/wp-json\/wp\/v2\/users\/208"}],"replies":[{"embeddable":true,"href":"https:\/\/blogs.sld.cu\/bronquiectasias\/wp-json\/wp\/v2\/comments?post=9"}],"version-history":[{"count":8,"href":"https:\/\/blogs.sld.cu\/bronquiectasias\/wp-json\/wp\/v2\/pages\/9\/revisions"}],"predecessor-version":[{"id":101,"href":"https:\/\/blogs.sld.cu\/bronquiectasias\/wp-json\/wp\/v2\/pages\/9\/revisions\/101"}],"wp:attachment":[{"href":"https:\/\/blogs.sld.cu\/bronquiectasias\/wp-json\/wp\/v2\/media?parent=9"}],"curies":[{"name":"wp","href":"https:\/\/api.w.org\/{rel}","templated":true}]}}