{"id":131,"date":"2021-12-17T17:42:14","date_gmt":"2021-12-17T17:42:14","guid":{"rendered":"https:\/\/blogs.sld.cu\/cancerpulmon\/?page_id=131"},"modified":"2021-12-17T17:43:59","modified_gmt":"2021-12-17T17:43:59","slug":"diagnostico-y-estadios","status":"publish","type":"page","link":"https:\/\/blogs.sld.cu\/cancerpulmon\/diagnostico-y-estadios\/","title":{"rendered":"Diagn\u00f3stico y estadios"},"content":{"rendered":"<p>Para llegar al diagn\u00f3stico de un c\u00e1ncer de pulm\u00f3n es necesario realizar algunas pruebas diagn\u00f3sticas de imagen, entre las que se incluyen:<\/p>\n<ul>\n<li>Historia cl\u00ednica con exploraci\u00f3n f\u00edsica.<\/li>\n<li>Anal\u00edtica general.<\/li>\n<li>Radiograf\u00eda de t\u00f3rax.<\/li>\n<li>TAC de t\u00f3rax y hemiabdomen superior.<\/li>\n<li>TAC y\/o Resonancia magn\u00e9tica cerebral.<\/li>\n<li>PET CT<\/li>\n<li>Espirometria.<\/li>\n<\/ul>\n<p>Adem\u00e1s, en la mayor\u00eda de las ocasiones, es necesario realizar estudios endosc\u00f3picos u otros para tomar una muestra del tejido y conocer el tipo de tumor a tratar adem\u00e1s de\u00a0su pron\u00f3stico y tratamientos m\u00e1s adecuados.<\/p>\n<ul>\n<li>Broncoscopia.<\/li>\n<li>Punci\u00f3n transtor\u00e1cica.<\/li>\n<li>Ecobroncoscopia (EBUS\/EUS)<\/li>\n<li>Mediastinoscopia.<\/li>\n<li>Ultrasonido abdominal y toma de muestras en lesiones abdominales.<\/li>\n<\/ul>\n<ul>\n<li>Existen procedimientos de diagn\u00f3stico por im\u00e1genes que le permiten al m\u00e9dico buscar pruebas de que el c\u00e1ncer se disemin\u00f3 fuera de los pulmones incluyen tomograf\u00edas computarizadas, resonancias magn\u00e9ticas, tomograf\u00edas por emisi\u00f3n de positrones (PET) y esc\u00e1neres .\u00f3seos.<\/li>\n<\/ul>\n<p>Una vez que se haya diagnosticado el c\u00e1ncer de pulm\u00f3n, el m\u00e9dico seguir\u00e1 trabajando para determinar el grado (estadio) del c\u00e1ncer. El estadio del c\u00e1ncer sirve para que t\u00fa y tu m\u00e9dico puedan decidir qu\u00e9 tratamiento es el m\u00e1s adecuado.<\/p>\n<p>Los estadios del c\u00e1ncer de pulm\u00f3n se indican con n\u00fameros romanos que van del 0 al IV, y los estadios m\u00e1s bajos indican un c\u00e1ncer que se limita al pulm\u00f3n. En el estadio IV, el c\u00e1ncer se considera avanzado y se ha propagado a otras zonas del cuerpo.<\/p>\n<ul>\n<li>Cansancio o debilidad.<\/li>\n<li>Infecciones como bronquitis y neumon\u00eda que no desaparecen o que siguen recurriendo,<\/li>\n<li>Nuevo silbido de pecho.<\/li>\n<\/ul>\n<p>&nbsp;<\/p>\n","protected":false},"excerpt":{"rendered":"<p>Para llegar al diagn\u00f3stico de un c\u00e1ncer de pulm\u00f3n es necesario realizar algunas pruebas diagn\u00f3sticas de imagen, entre las que se incluyen: Historia cl\u00ednica con exploraci\u00f3n f\u00edsica. Anal\u00edtica general. Radiograf\u00eda de t\u00f3rax. TAC de t\u00f3rax y hemiabdomen superior. TAC y\/o Resonancia magn\u00e9tica cerebral. PET CT Espirometria. Adem\u00e1s, en la mayor\u00eda de las ocasiones, es necesario [&hellip;]<\/p>\n","protected":false},"author":208,"featured_media":0,"parent":0,"menu_order":0,"comment_status":"closed","ping_status":"closed","template":"","meta":[],"_links":{"self":[{"href":"https:\/\/blogs.sld.cu\/cancerpulmon\/wp-json\/wp\/v2\/pages\/131"}],"collection":[{"href":"https:\/\/blogs.sld.cu\/cancerpulmon\/wp-json\/wp\/v2\/pages"}],"about":[{"href":"https:\/\/blogs.sld.cu\/cancerpulmon\/wp-json\/wp\/v2\/types\/page"}],"author":[{"embeddable":true,"href":"https:\/\/blogs.sld.cu\/cancerpulmon\/wp-json\/wp\/v2\/users\/208"}],"replies":[{"embeddable":true,"href":"https:\/\/blogs.sld.cu\/cancerpulmon\/wp-json\/wp\/v2\/comments?post=131"}],"version-history":[{"count":1,"href":"https:\/\/blogs.sld.cu\/cancerpulmon\/wp-json\/wp\/v2\/pages\/131\/revisions"}],"predecessor-version":[{"id":132,"href":"https:\/\/blogs.sld.cu\/cancerpulmon\/wp-json\/wp\/v2\/pages\/131\/revisions\/132"}],"wp:attachment":[{"href":"https:\/\/blogs.sld.cu\/cancerpulmon\/wp-json\/wp\/v2\/media?parent=131"}],"curies":[{"name":"wp","href":"https:\/\/api.w.org\/{rel}","templated":true}]}}