{"id":134,"date":"2021-12-17T18:26:01","date_gmt":"2021-12-17T18:26:01","guid":{"rendered":"https:\/\/blogs.sld.cu\/cancerpulmon\/?page_id=134"},"modified":"2021-12-17T18:40:04","modified_gmt":"2021-12-17T18:40:04","slug":"signos-y-sintomas","status":"publish","type":"page","link":"https:\/\/blogs.sld.cu\/cancerpulmon\/signos-y-sintomas\/","title":{"rendered":"Signos y s\u00edntomas"},"content":{"rendered":"<p>La mayor\u00eda de los c\u00e1nceres de pulm\u00f3n solo causan s\u00edntomas cuando ya se han propagado. Sin embargo, algunas personas con c\u00e1ncer de pulm\u00f3n en etapas tempranas presentan s\u00edntomas. Si acude al m\u00e9dico cuando comienza a notar los s\u00edntomas, es posible que el c\u00e1ncer se diagnostique en una etapa m\u00e1s temprana cuando es m\u00e1s probable que el tratamiento sea eficaz.<\/p>\n<p>Los s\u00edntomas m\u00e1s comunes del c\u00e1ncer de pulm\u00f3n son:<\/p>\n<ul>\n<li>Una tos que no desaparece o que empeora.<\/li>\n<li>Esputo con sangre (saliva o flema) del color del metal oxidado.<\/li>\n<li>Dolor en el pecho que a menudo empeora cuando respira profundamente, tose o se r\u00ede.<\/li>\n<li>Ronquera.<\/li>\n<li>P\u00e9rdida del apetito.<\/li>\n<li>P\u00e9rdida de peso inexplicable.<\/li>\n<li>Dificultad para respirar.<\/li>\n<li>Cansancio o debilidad.<\/li>\n<li>Infecciones como bronquitis y neumon\u00eda que no desaparecen o que siguen recurriendo.<\/li>\n<li>Nuevo silbido de pecho<\/li>\n<\/ul>\n<p>&nbsp;<\/p>\n<p>Si el c\u00e1ncer de pulm\u00f3n se propaga a otras partes del cuerpo, puede causar:<\/p>\n<ul>\n<li>Dolor en los huesos (como dolor en la espalda o las caderas)<\/li>\n<li>Alteraciones del sistema nervioso (como dolor de cabeza, debilidad o adormecimiento de un brazo o una pierna, mareos, problemas con el equilibrio o convulsiones) a causa de la propagaci\u00f3n del c\u00e1ncer al cerebro<\/li>\n<li>Coloraci\u00f3n amarillenta de la piel y los ojos (ictericia) a causa de la propagaci\u00f3n del c\u00e1ncer al h\u00edgado<\/li>\n<li>Hinchaz\u00f3n de los ganglios linf\u00e1ticos (grupos de c\u00e9lulas del sistema inmunitario) como las del cuello o por encima de la clav\u00edcula<\/li>\n<\/ul>\n<p>&nbsp;<\/p>\n<p>Algunos c\u00e1nceres de pulm\u00f3n pueden causar s\u00edndromes, los cuales son grupos de s\u00edntomas espec\u00edficos.<\/p>\n<p><strong><em>S\u00edndrome de Horner<\/em><\/strong>, los c\u00e1nceres de la parte superior de los pulmones a veces se les llama <em>tumor de Pancoast<\/em> los cuales pueden afectar ciertos nervios de los ojos y parte del rostro, causando un grupo de s\u00edntomas:<\/p>\n<h2><a href=\"https:\/\/blogs.sld.cu\/cancerpulmon\/diagnostico-y-estadios\/\">Diagn\u00f3stico y estadios<\/a><\/h2>\n","protected":false},"excerpt":{"rendered":"<p>La mayor\u00eda de los c\u00e1nceres de pulm\u00f3n solo causan s\u00edntomas cuando ya se han propagado. Sin embargo, algunas personas con c\u00e1ncer de pulm\u00f3n en etapas tempranas presentan s\u00edntomas. Si acude al m\u00e9dico cuando comienza a notar los s\u00edntomas, es posible que el c\u00e1ncer se diagnostique en una etapa m\u00e1s temprana cuando es m\u00e1s probable que [&hellip;]<\/p>\n","protected":false},"author":208,"featured_media":0,"parent":0,"menu_order":0,"comment_status":"closed","ping_status":"closed","template":"","meta":[],"_links":{"self":[{"href":"https:\/\/blogs.sld.cu\/cancerpulmon\/wp-json\/wp\/v2\/pages\/134"}],"collection":[{"href":"https:\/\/blogs.sld.cu\/cancerpulmon\/wp-json\/wp\/v2\/pages"}],"about":[{"href":"https:\/\/blogs.sld.cu\/cancerpulmon\/wp-json\/wp\/v2\/types\/page"}],"author":[{"embeddable":true,"href":"https:\/\/blogs.sld.cu\/cancerpulmon\/wp-json\/wp\/v2\/users\/208"}],"replies":[{"embeddable":true,"href":"https:\/\/blogs.sld.cu\/cancerpulmon\/wp-json\/wp\/v2\/comments?post=134"}],"version-history":[{"count":3,"href":"https:\/\/blogs.sld.cu\/cancerpulmon\/wp-json\/wp\/v2\/pages\/134\/revisions"}],"predecessor-version":[{"id":138,"href":"https:\/\/blogs.sld.cu\/cancerpulmon\/wp-json\/wp\/v2\/pages\/134\/revisions\/138"}],"wp:attachment":[{"href":"https:\/\/blogs.sld.cu\/cancerpulmon\/wp-json\/wp\/v2\/media?parent=134"}],"curies":[{"name":"wp","href":"https:\/\/api.w.org\/{rel}","templated":true}]}}

Signos y síntomas

<p>La mayoría de los cánceres de pulmón solo causan síntomas cuando ya se han propagado. Sin embargo, algunas personas con cáncer de pulmón en etapas tempranas presentan síntomas. Si acude al médico cuando comienza a notar los síntomas, es posible que el cáncer se diagnostique en una etapa más temprana cuando es más probable que el tratamiento sea eficaz.</p>
<p>Los síntomas más comunes del cáncer de pulmón son:</p>
<ul>
<li>Una tos que no desaparece o que empeora.</li>
<li>Esputo con sangre (saliva o flema) del color del metal oxidado.</li>
<li>Dolor en el pecho que a menudo empeora cuando respira profundamente, tose o se ríe.</li>
<li>Ronquera.</li>
<li>Pérdida del apetito.</li>
<li>Pérdida de peso inexplicable.</li>
<li>Dificultad para respirar.</li>
<li>Cansancio o debilidad.</li>
<li>Infecciones como bronquitis y neumonía que no desaparecen o que siguen recurriendo.</li>
<li>Nuevo silbido de pecho</li>
</ul>
<p>&nbsp;</p>
<p>Si el cáncer de pulmón se propaga a otras partes del cuerpo, puede causar:</p>
<ul>
<li>Dolor en los huesos (como dolor en la espalda o las caderas)</li>
<li>Alteraciones del sistema nervioso (como dolor de cabeza, debilidad o adormecimiento de un brazo o una pierna, mareos, problemas con el equilibrio o convulsiones) a causa de la propagación del cáncer al cerebro</li>
<li>Coloración amarillenta de la piel y los ojos (ictericia) a causa de la propagación del cáncer al hígado</li>
<li>Hinchazón de los ganglios linfáticos (grupos de células del sistema inmunitario) como las del cuello o por encima de la clavícula</li>
</ul>
<p>&nbsp;</p>
<p>Algunos cánceres de pulmón pueden causar síndromes, los cuales son grupos de síntomas específicos.</p>
<p><strong><em>Síndrome de Horner</em></strong>, los cánceres de la parte superior de los pulmones a veces se les llama <em>tumor de Pancoast</em> los cuales pueden afectar ciertos nervios de los ojos y parte del rostro, causando un grupo de síntomas:</p>
<h2><a href="https://blogs.sld.cu/cancerpulmon/diagnostico-y-estadios/">Diagnóstico y estadios</a></h2>

<p>La mayoría de los cánceres de pulmón solo causan síntomas cuando ya se han propagado. Sin embargo, algunas personas con cáncer de pulmón en etapas tempranas presentan síntomas. Si acude al médico cuando comienza a notar los síntomas, es posible que el cáncer se diagnostique en una etapa más temprana cuando es más probable que [&hellip;]</p>
