{"id":140,"date":"2021-12-17T19:26:37","date_gmt":"2021-12-17T19:26:37","guid":{"rendered":"https:\/\/blogs.sld.cu\/cancerpulmon\/?page_id=140"},"modified":"2021-12-17T19:26:37","modified_gmt":"2021-12-17T19:26:37","slug":"factores-de-riesgo","status":"publish","type":"page","link":"https:\/\/blogs.sld.cu\/cancerpulmon\/factores-de-riesgo\/","title":{"rendered":"Factores de riesgo"},"content":{"rendered":"<p style=\"text-align: left;\"><strong>Fumar cigarros, tabacos o pipa<\/strong><\/p>\n<p>Fumar tabaco, en cualquiera de sus formas, es el factor de riesgo m\u00e1s importante.<\/p>\n<p>Los estudios tambi\u00e9n han demostrado que el riesgo de c\u00e1ncer de pulm\u00f3n por fumar cigarrillos aumenta con el n\u00famero de cigarrillos fumados por a\u00f1osd\u00eda\/a\u00f1os\u00a0 durante los que se fum\u00f3. Las personas que fuman tienen un riesgo cerca de 20 veces mayor de presentar c\u00e1ncer de pulm\u00f3n en comparaci\u00f3n con los no fumadores.<\/p>\n<p><strong>Exposici\u00f3n pasiva al humo de tabaco <\/strong>es tambi\u00e9n un factor de riesgo para el c\u00e1ncer de pulm\u00f3n. La exposici\u00f3n pasiva al humo de tabaco es el humo que proviene de un cigarrillo encendido o de otro producto de tabaco o que es exhalado por fumadores. Las personas que inhalan el humo de tabaco en el ambiente est\u00e1n expuestas a las mismas sustancias que producen <a href=\"https:\/\/www.cancer.gov\/Common\/PopUps\/popDefinition.aspx?id=45333&amp;version=patient&amp;language=Spanish&amp;dictionary=Cancer.gov\">c\u00e1ncer<\/a> que los fumadores, aunque en cantidades menores. La <a href=\"https:\/\/www.cancer.gov\/Common\/PopUps\/popDefinition.aspx?id=44600&amp;version=patient&amp;language=Spanish&amp;dictionary=Cancer.gov\">inhalaci\u00f3n<\/a> pasiva del humo de tabaco se llama tabaquismo <a href=\"https:\/\/www.cancer.gov\/Common\/PopUps\/popDefinition.aspx?id=476297&amp;version=patient&amp;language=Spanish&amp;dictionary=Cancer.gov\">involuntario<\/a> o pasivo.<\/p>\n<p><strong>Antecedentes familiares<\/strong><\/p>\n<p>Tener <a href=\"https:\/\/www.cancer.gov\/Common\/PopUps\/popDefinition.aspx?id=302456&amp;version=patient&amp;language=Spanish&amp;dictionary=Cancer.gov\">antecedentes familiares <\/a>de c\u00e1ncer de pulm\u00f3n es un factor de riesgo para este tipo de c\u00e1ncer. Las personas con un pariente que tuvo c\u00e1ncer de pulm\u00f3n quiz\u00e1s tengan el doble de probabilidades de tener c\u00e1ncer de pulm\u00f3n que las personas que no tienen ning\u00fan pariente que haya tenido c\u00e1ncer de pulm\u00f3n. Dado que fumar cigarrillos tiende a ser una costumbre en algunas familias y los miembros de la familia est\u00e1n expuestos al humo de tabaco de manera pasiva, es dif\u00edcil determinar si el aumento del riesgo de c\u00e1ncer de pulm\u00f3n resulta de los antecedentes familiares o de la exposici\u00f3n al humo del cigarrillo.<\/p>\n<p><strong>Infecci\u00f3n por el virus de la inmunodeficiencia humana<\/strong><\/p>\n<p>La <a href=\"https:\/\/www.cancer.gov\/Common\/PopUps\/popDefinition.aspx?id=45364&amp;version=patient&amp;language=Spanish&amp;dictionary=Cancer.gov\">infecci\u00f3n<\/a> por el <a href=\"https:\/\/www.cancer.gov\/Common\/PopUps\/popDefinition.aspx?id=44366&amp;version=patient&amp;language=Spanish&amp;dictionary=Cancer.gov\">virus de la inmunodeficiencia humana<\/a> (VIH), la causa del <a href=\"https:\/\/www.cancer.gov\/Common\/PopUps\/popDefinition.aspx?id=44365&amp;version=patient&amp;language=Spanish&amp;dictionary=Cancer.gov\">s\u00edndrome de inmunodeficiencia adquirida<\/a> (SIDA), se vincula con un riesgo m\u00e1s alto de c\u00e1ncer de pulm\u00f3n. Las personas infectadas por el VIH tienen m\u00e1s del doble de riesgo de c\u00e1ncer de pulm\u00f3n que las personas no infectadas. Dado que las tasas de tabaquismo son m\u00e1s altas en los infectados por el VIH que en los no infectados, es dif\u00edcil saber si el aumento del riesgo de c\u00e1ncer de pulm\u00f3n se debe a la infecci\u00f3n por el VIH o a la exposici\u00f3n al humo de cigarrillos.<\/p>\n<p><strong>Factores de riesgo ambiental<\/strong><\/p>\n<ul style=\"text-align: left;\">\n<li><strong>Exposici\u00f3n a la <\/strong><strong>radiaci\u00f3n<\/strong><strong>:<\/strong> exponerse a la radiaci\u00f3n es un factor de riesgo de c\u00e1ncer para el pulm\u00f3n. La radiaci\u00f3n que produce una bomba at\u00f3mica, la <a href=\"https:\/\/www.cancer.gov\/Common\/PopUps\/popDefinition.aspx?id=44971&amp;version=patient&amp;language=Spanish&amp;dictionary=Cancer.gov\">radioterapia<\/a>, las <a href=\"https:\/\/www.cancer.gov\/Common\/PopUps\/popDefinition.aspx?id=689578&amp;version=patient&amp;language=Spanish&amp;dictionary=Cancer.gov\">pruebas con im\u00e1genes<\/a> y el rad\u00f3n son fuentes de exposici\u00f3n a la radiaci\u00f3n:\n<ul>\n<li>Radiaci\u00f3n at\u00f3mica: la exposici\u00f3n a la radiaci\u00f3n tras la explosi\u00f3n de una bomba at\u00f3mica aumenta el riesgo de c\u00e1ncer de pulm\u00f3n.<\/li>\n<li>\n<pre>Radioterapia: la radioterapia dirigida al t\u00f3rax se usa para tratar ciertos c\u00e1nceres, como el <a href=\"https:\/\/www.cancer.gov\/Common\/PopUps\/popDefinition.aspx?id=444971&amp;version=patient&amp;language=Spanish&amp;dictionary=Cancer.gov\">c\u00e1ncer de mama<\/a> y el <a href=\"https:\/\/www.cancer.gov\/Common\/PopUps\/popDefinition.aspx?id=270800&amp;version=patient&amp;language=Spanish&amp;dictionary=Cancer.gov\">linfoma de Hodgkin<\/a>. En la radioterapia se usan <a href=\"https:\/\/www.cancer.gov\/Common\/PopUps\/popDefinition.aspx?id=45944&amp;version=patient&amp;language=Spanish&amp;dictionary=Cancer.gov\">rayos X<\/a>, <a href=\"https:\/\/www.cancer.gov\/Common\/PopUps\/popDefinition.aspx?id=270730&amp;version=patient&amp;language=Spanish&amp;dictionary=Cancer.gov\">rayos gamma<\/a> u otros tipos de radiaci\u00f3n que aumentan el riesgo de c\u00e1ncer de pulm\u00f3n. Cuanto m\u00e1s alta sea la <a href=\"https:\/\/www.cancer.gov\/Common\/PopUps\/popDefinition.aspx?id=44664&amp;version=patient&amp;language=Spanish&amp;dictionary=Cancer.gov\">dosis<\/a> de radiaci\u00f3n que se reciba, el riesgo ser\u00e1 m\u00e1s alto. El riesgo de c\u00e1ncer de pulm\u00f3n despu\u00e9s de la radioterapia es m\u00e1s alto en los pacientes que fuman que en los que no fuman.<\/pre>\n<\/li>\n<li>\n<pre>Pruebas con im\u00e1genes: las pruebas con im\u00e1genes, como la <a href=\"https:\/\/www.cancer.gov\/Common\/PopUps\/popDefinition.aspx?id=44236&amp;version=patient&amp;language=Spanish&amp;dictionary=Cancer.gov\">tomograf\u00eda computarizada<\/a> (TC), exponen a los pacientes a la radiaci\u00f3n. Las <a href=\"https:\/\/www.cancer.gov\/Common\/PopUps\/popDefinition.aspx?id=44983&amp;version=patient&amp;language=Spanish&amp;dictionary=Cancer.gov\">TC en espiral<\/a> exponen a los pacientes a menos radiaci\u00f3n que las TC de dosis m\u00e1s altas. En un <a href=\"https:\/\/www.cancer.gov\/Common\/PopUps\/popDefinition.aspx?id=46171&amp;version=patient&amp;language=Spanish&amp;dictionary=Cancer.gov\">examen de detecci\u00f3n<\/a>, el uso de las TC en espiral de dosis baja puede disminuir los efectos da\u00f1inos de la radiaci\u00f3n.<\/pre>\n<\/li>\n<li>\n<pre>Rad\u00f3n: el rad\u00f3n es un gas radiactivo que se forma por la descomposici\u00f3n del uranio que se encuentra en las rocas y la tierra. Este se filtra de los suelos y se mezcla con el aire o contamina las reservas de agua. Es posible que el rad\u00f3n se filtre en las casas a trav\u00e9s de grietas en el suelo, las paredes o los cimientos; las concentraciones de rad\u00f3n se acumulan con el tiempo.<\/pre>\n<\/li>\n<\/ul>\n<\/li>\n<\/ul>\n<pre>Los estudios revelan que las concentraciones altas de gas rad\u00f3n dentro de las casas o en el trabajo aumentan los casos nuevos de c\u00e1ncer de pulm\u00f3n y el n\u00famero de muertes por este c\u00e1ncer. El riesgo de c\u00e1ncer de pulm\u00f3n es mayor entre los fumadores que est\u00e1n expuestos al rad\u00f3n que entre las personas que no fuman pero que igual est\u00e1n expuestas al rad\u00f3n. En las personas que nunca han fumado, casi 26\u00a0% de las muertes por c\u00e1ncer de pulm\u00f3n se relacionan con la exposici\u00f3n al rad\u00f3n.<\/pre>\n<ul style=\"text-align: left;\">\n<li>\n<pre><strong>Exposici\u00f3n laboral:<\/strong> los estudios muestran que la exposici\u00f3n a las siguientes sustancias aumenta el riesgo de c\u00e1ncer de pulm\u00f3n:<\/pre>\n<ul>\n<li>\n<pre><a href=\"https:\/\/www.cancer.gov\/Common\/PopUps\/popDefinition.aspx?id=46528&amp;version=patient&amp;language=Spanish&amp;dictionary=Cancer.gov\">Amianto<\/a>.<\/pre>\n<\/li>\n<li>\n<pre><a href=\"https:\/\/www.cancer.gov\/Common\/PopUps\/popDefinition.aspx?id=44303&amp;version=patient&amp;language=Spanish&amp;dictionary=Cancer.gov\">Ars\u00e9nico<\/a>.<\/pre>\n<\/li>\n<li>\n<pre>Cromo.<\/pre>\n<\/li>\n<li>\n<pre>N\u00edquel.<\/pre>\n<\/li>\n<li>\n<pre>Berilio.<\/pre>\n<\/li>\n<li>\n<pre><a href=\"https:\/\/www.cancer.gov\/Common\/PopUps\/popDefinition.aspx?id=344348&amp;version=patient&amp;language=Spanish&amp;dictionary=Cancer.gov\">Cadmio<\/a>.<\/pre>\n<\/li>\n<li>\n<pre>Alquitr\u00e1n y holl\u00edn.<\/pre>\n<\/li>\n<\/ul>\n<\/li>\n<\/ul>\n<pre>Estas sustancias pueden causar c\u00e1ncer de pulm\u00f3n en personas expuestas a ellas en el lugar de trabajo y que nunca fumaron. A medida que aumenta el grado de exposici\u00f3n a estas sustancias, tambi\u00e9n aumenta el riesgo de c\u00e1ncer de pulm\u00f3n. El riesgo de c\u00e1ncer de pulm\u00f3n es a\u00fan m\u00e1s alto en las personas que est\u00e1n expuestas y que tambi\u00e9n fuman.<\/pre>\n<ul style=\"text-align: left;\">\n<li>\n<pre><strong>Contaminaci\u00f3n atmosf\u00e9rica:<\/strong> en algunos estudios se mostr\u00f3 una relaci\u00f3n entre la contaminaci\u00f3n atmosf\u00e9rica y un aumento del riesgo de c\u00e1ncer de pulm\u00f3n.<\/pre>\n<\/li>\n<\/ul>\n<pre><strong>Suplementos de betacaroteno para los fumadores empedernidos<\/strong>\r\n\r\nEl consumo de suplementos de <a href=\"https:\/\/www.cancer.gov\/Common\/PopUps\/popDefinition.aspx?id=45328&amp;version=patient&amp;language=Spanish&amp;dictionary=Cancer.gov\">betacaroteno<\/a> (comprimidos) aumenta el riesgo de c\u00e1ncer de pulm\u00f3n, en especial en fumadores que consumen una o m\u00e1s cajetillas por d\u00eda. El riesgo es m\u00e1s alto para los fumadores que consumen por lo menos una bebida <a href=\"https:\/\/www.cancer.gov\/Common\/PopUps\/popDefinition.aspx?id=463134&amp;version=patient&amp;language=Spanish&amp;dictionary=Cancer.gov\">alcoh\u00f3lica<\/a> por d\u00eda.\r\n\r\n<strong>Los siguientes son factores de <em>protecci\u00f3n<\/em> para el c\u00e1ncer de pulm\u00f3n:<\/strong>\r\n\r\n<strong>No fumar<\/strong>\r\n\r\nLa mejor manera de prevenir el c\u00e1ncer de pulm\u00f3n es no fumar.\r\n\r\n<strong>Dejar de fumar<\/strong>\r\n\r\nLos fumadores pueden disminuir el riesgo de c\u00e1ncer de pulm\u00f3n si dejan de fumar. En los fumadores que han sido tratados por c\u00e1ncer de pulm\u00f3n, dejar de fumar reduce el riesgo de nuevos c\u00e1nceres de pulm\u00f3n. La <a href=\"https:\/\/www.cancer.gov\/Common\/PopUps\/popDefinition.aspx?id=450098&amp;version=patient&amp;language=Spanish&amp;dictionary=Cancer.gov\">orientaci\u00f3n<\/a>, el uso de productos de reemplazo de la <a href=\"https:\/\/www.cancer.gov\/Common\/PopUps\/popDefinition.aspx?id=439405&amp;version=patient&amp;language=Spanish&amp;dictionary=Cancer.gov\">nicotina<\/a> y la <a href=\"https:\/\/www.cancer.gov\/Common\/PopUps\/popDefinition.aspx?id=44737&amp;version=patient&amp;language=Spanish&amp;dictionary=Cancer.gov\">terapia<\/a> <a href=\"https:\/\/www.cancer.gov\/Common\/PopUps\/popDefinition.aspx?id=44105&amp;version=patient&amp;language=Spanish&amp;dictionary=Cancer.gov\">antidepresiva<\/a> han ayudado a los fumadores a dejar de fumar de manera definitiva.\r\n\r\nEn una persona que dej\u00f3 de fumar, la posibilidad de prevenir el c\u00e1ncer de pulm\u00f3n depende de la cantidad de a\u00f1os y de cu\u00e1nto fum\u00f3 la persona as\u00ed como del tiempo transcurrido desde que dej\u00f3 el h\u00e1bito. Despu\u00e9s de que una persona dej\u00f3 de fumar durante 10 a\u00f1os, el riesgo de c\u00e1ncer de pulm\u00f3n disminuye de 30 a 60\u00a0%.\r\n\r\nSi bien el riesgo de muerte por c\u00e1ncer de pulm\u00f3n quiz\u00e1s disminuya mucho cuando se deja de fumar por un largo per\u00edodo de tiempo, el riesgo nunca ser\u00e1 tan bajo como el de los no fumadores. Por esta raz\u00f3n, es importante que los j\u00f3venes no empiecen a fumar.\r\n\r\nConsulte la informaci\u00f3n a continuaci\u00f3n sobre dejar de fumar:<\/pre>\n<ul style=\"text-align: left;\">\n<li>\n<pre><a href=\"https:\/\/www.cancer.gov\/espanol\/cancer\/causas-prevencion\/riesgo\/tabaco\">Tabaco (incluye ayuda para dejar de fumar)<\/a><\/pre>\n<\/li>\n<li>\n<pre><a href=\"https:\/\/www.cancer.gov\/espanol\/cancer\/causas-prevencion\/riesgo\/tabaco\/dejar-fumar-pdq\">Consumo de cigarrillo: riesgos para la salud y c\u00f3mo dejar de fumar<\/a><\/pre>\n<\/li>\n<\/ul>\n<pre><strong>Menor exposici\u00f3n a factores de riesgo en el lugar de trabajo<\/strong>\r\n\r\nEs posible que las leyes que protegen a los trabajadores de la exposici\u00f3n a sustancias cancerosas, como amianto, ars\u00e9nico, n\u00edquel y cromo ayuden a reducir el riesgo de presentar c\u00e1ncer de pulm\u00f3n. Las leyes que impiden fumar en el lugar de trabajo contribuyen a reducir el riesgo de c\u00e1ncer de pulm\u00f3n provocado por la exposici\u00f3n pasiva al humo de tabaco.\r\n\r\n<strong>Reducci\u00f3n de la exposici\u00f3n al rad\u00f3n<\/strong>\r\n\r\nLa reducci\u00f3n de las concentraciones de rad\u00f3n quiz\u00e1 reduzca el riesgo de c\u00e1ncer de pulm\u00f3n, en especial entre los fumadores de cigarrillos. Las concentraciones altas de rad\u00f3n en los hogares pueden reducirse tomando medidas para evitar la filtraci\u00f3n de rad\u00f3n, por ejemplo con el sellado de s\u00f3tanos.<\/pre>\n","protected":false},"excerpt":{"rendered":"<p>Fumar cigarros, tabacos o pipa Fumar tabaco, en cualquiera de sus formas, es el factor de riesgo m\u00e1s importante. Los estudios tambi\u00e9n han demostrado que el riesgo de c\u00e1ncer de pulm\u00f3n por fumar cigarrillos aumenta con el n\u00famero de cigarrillos fumados por a\u00f1osd\u00eda\/a\u00f1os\u00a0 durante los que se fum\u00f3. Las personas que fuman tienen un riesgo [&hellip;]<\/p>\n","protected":false},"author":208,"featured_media":0,"parent":0,"menu_order":0,"comment_status":"closed","ping_status":"closed","template":"","meta":[],"_links":{"self":[{"href":"https:\/\/blogs.sld.cu\/cancerpulmon\/wp-json\/wp\/v2\/pages\/140"}],"collection":[{"href":"https:\/\/blogs.sld.cu\/cancerpulmon\/wp-json\/wp\/v2\/pages"}],"about":[{"href":"https:\/\/blogs.sld.cu\/cancerpulmon\/wp-json\/wp\/v2\/types\/page"}],"author":[{"embeddable":true,"href":"https:\/\/blogs.sld.cu\/cancerpulmon\/wp-json\/wp\/v2\/users\/208"}],"replies":[{"embeddable":true,"href":"https:\/\/blogs.sld.cu\/cancerpulmon\/wp-json\/wp\/v2\/comments?post=140"}],"version-history":[{"count":2,"href":"https:\/\/blogs.sld.cu\/cancerpulmon\/wp-json\/wp\/v2\/pages\/140\/revisions"}],"predecessor-version":[{"id":142,"href":"https:\/\/blogs.sld.cu\/cancerpulmon\/wp-json\/wp\/v2\/pages\/140\/revisions\/142"}],"wp:attachment":[{"href":"https:\/\/blogs.sld.cu\/cancerpulmon\/wp-json\/wp\/v2\/media?parent=140"}],"curies":[{"name":"wp","href":"https:\/\/api.w.org\/{rel}","templated":true}]}}