{"id":34,"date":"2020-06-06T23:32:12","date_gmt":"2020-06-06T23:32:12","guid":{"rendered":"http:\/\/blogs.sld.cu\/cancerpulmon\/?page_id=34"},"modified":"2021-12-17T20:05:34","modified_gmt":"2021-12-17T20:05:34","slug":"sintomas","status":"publish","type":"page","link":"https:\/\/blogs.sld.cu\/cancerpulmon\/sintomas\/","title":{"rendered":"Causas\/S\u00edntomas"},"content":{"rendered":"<h2>Causas<\/h2>\n<p>&nbsp;<\/p>\n<h2><a href=\"https:\/\/blogs.sld.cu\/cancerpulmon\/factores-de-riesgo\/\" target=\"_blank\" rel=\"noopener\">Factores de riesgo<\/a><\/h2>\n<p><strong> <a href=\"http:\/\/blogs.sld.cu\/cancerpulmon\/files\/2020\/06\/cpul2.jpg\"><img loading=\"lazy\" class=\"alignnone wp-image-61 size-medium\" src=\"http:\/\/blogs.sld.cu\/cancerpulmon\/files\/2020\/06\/cpul2-300x189.jpg\" alt=\"C\u00e1ncer pulmonar\" width=\"300\" height=\"189\" srcset=\"https:\/\/blogs.sld.cu\/cancerpulmon\/files\/2020\/06\/cpul2-300x189.jpg 300w, https:\/\/blogs.sld.cu\/cancerpulmon\/files\/2020\/06\/cpul2-250x158.jpg 250w, https:\/\/blogs.sld.cu\/cancerpulmon\/files\/2020\/06\/cpul2.jpg 357w\" sizes=\"(max-width: 300px) 100vw, 300px\" \/><\/a><\/strong><\/p>\n<p><strong>Fumar<\/strong> es definitivamente el factor de riesgo m\u00e1s importante para el c\u00e1ncer de pulm\u00f3n. <strong>Las probabilidades que tiene un fumador cr\u00f3nico de padecer un c\u00e1ncer de pulm\u00f3n a lo largo de su vida puede alcanzar el 30%, mientras que en no fumadores es del 1%<\/strong>. El riesgo depende del n\u00famero de cigarrillos fumados al d\u00eda, as\u00ed como del n\u00famero de a\u00f1os que se fuma. Se cree que aproximadamente 80% de las muertes por c\u00e1ncer de pulm\u00f3n se deben al h\u00e1bito de fumar.<\/p>\n<p>Los puros (tabacos) y las pipas tienen casi la misma probabilidad de causar c\u00e1ncer de pulm\u00f3n que los cigarrillos. Fumar cigarrillos con bajo contenido de alquitr\u00e1n o \u201clight\u201d aumenta el riesgo de c\u00e1ncer de pulm\u00f3n tanto como los cigarrillos corrientes. Asimismo, fumar cigarrillos de mentol podr\u00eda aumentar el riesgo a\u00fan m\u00e1s, ya que el mentol puede permitir que los<\/p>\n<h2><a href=\"https:\/\/blogs.sld.cu\/cancerpulmon\/signos-y-sintomas\/\" target=\"_blank\" rel=\"noopener\">Signos y s\u00edntomas<\/a><\/h2>\n<h2><strong><a href=\"https:\/\/blogs.sld.cu\/cancerpulmon\/diagnostico-y-estadios\/\">Diagn\u00f3stico y estadios<\/a> <\/strong><\/h2>\n<p>&nbsp;<\/p>\n","protected":false},"excerpt":{"rendered":"<p>Causas &nbsp; Factores de riesgo Fumar es definitivamente el factor de riesgo m\u00e1s importante para el c\u00e1ncer de pulm\u00f3n. Las probabilidades que tiene un fumador cr\u00f3nico de padecer un c\u00e1ncer de pulm\u00f3n a lo largo de su vida puede alcanzar el 30%, mientras que en no fumadores es del 1%. El riesgo depende del n\u00famero [&hellip;]<\/p>\n","protected":false},"author":208,"featured_media":0,"parent":0,"menu_order":0,"comment_status":"closed","ping_status":"closed","template":"","meta":[],"_links":{"self":[{"href":"https:\/\/blogs.sld.cu\/cancerpulmon\/wp-json\/wp\/v2\/pages\/34"}],"collection":[{"href":"https:\/\/blogs.sld.cu\/cancerpulmon\/wp-json\/wp\/v2\/pages"}],"about":[{"href":"https:\/\/blogs.sld.cu\/cancerpulmon\/wp-json\/wp\/v2\/types\/page"}],"author":[{"embeddable":true,"href":"https:\/\/blogs.sld.cu\/cancerpulmon\/wp-json\/wp\/v2\/users\/208"}],"replies":[{"embeddable":true,"href":"https:\/\/blogs.sld.cu\/cancerpulmon\/wp-json\/wp\/v2\/comments?post=34"}],"version-history":[{"count":17,"href":"https:\/\/blogs.sld.cu\/cancerpulmon\/wp-json\/wp\/v2\/pages\/34\/revisions"}],"predecessor-version":[{"id":144,"href":"https:\/\/blogs.sld.cu\/cancerpulmon\/wp-json\/wp\/v2\/pages\/34\/revisions\/144"}],"wp:attachment":[{"href":"https:\/\/blogs.sld.cu\/cancerpulmon\/wp-json\/wp\/v2\/media?parent=34"}],"curies":[{"name":"wp","href":"https:\/\/api.w.org\/{rel}","templated":true}]}}