{"id":466,"date":"2020-11-03T21:25:25","date_gmt":"2020-11-03T21:25:25","guid":{"rendered":"http:\/\/blogs.sld.cu\/carlosjfinlay\/?page_id=466"},"modified":"2020-11-17T14:04:33","modified_gmt":"2020-11-17T14:04:33","slug":"centenario-de-finlay-2","status":"publish","type":"page","link":"https:\/\/blogs.sld.cu\/carlosjfinlay\/homenajes\/centenario-de-finlay-2\/","title":{"rendered":"Centenario de Finlay"},"content":{"rendered":"<p><a href=\"http:\/\/blogs.sld.cu\/carlosjfinlay\/files\/2020\/11\/Horacio-Abascal.jpg\"><img loading=\"lazy\" class=\" size-full wp-image-467 aligncenter\" src=\"http:\/\/blogs.sld.cu\/carlosjfinlay\/files\/2020\/11\/Horacio-Abascal.jpg\" alt=\"Horacio Abascal\" width=\"202\" height=\"249\" \/><\/a><\/p>\n<p><strong><span style=\"text-decoration: underline\">EL CENTENARIO DE FINLAY Y EL \u201cDIA DE LA MEDICINA LATINOAMERICANA\u201d<\/span><\/strong><\/p>\n<p>La Academia de Ciencias M\u00e9dicas, F\u00edsicas y Naturales de La Habana, queriendo celebrar con el mayor esplendor la fecha memorable de los cien a\u00f1os del natalicio del gran Finlay, ha hecho suya la idea de requerir de los pa\u00edses fraternos que fijaran un d\u00eda para rememorar la grandeza de su medicina, para festejar la gloria de sus descubrimientos cient\u00edficos, y que eligieran el 3 de diciembre. Al efecto ha creado la Comisi\u00f3n Organizadora del Centenario &#8220;Finlay&#8221; y el D\u00eda de la Medicina Americana.<\/p>\n<p>Es de equidad y de justicia que Cuba, la Am\u00e9rica entera, todo el Universo, reconozcan el valor del descubrimiento del inmortal camag\u00fceyano, y fijen de una vez y para siempre el alcance de su doctrina, la cual inici\u00f3 un nuevo y luminoso sendero de la medicina profil\u00e1ctica. Porque su trabajo b\u00e1sico, &#8220;El mosquito hipot\u00e9ticamente considerado como agente de transmisi\u00f3n de la fiebre amarilla&#8221;, no tuvo s\u00f3lo el valor de descubrir el medio de contagio del v\u00f3mito negro, sino que fue la apertura de un amplio campo en la etiolog\u00eda y patogenia de las enfermedades tropicales; fue el conocimiento de la transmisi\u00f3n de las afecciones de hombre a hombre por el intermedio de insectos chupadores de sangre. Finlay abri\u00f3 el cap\u00edtulo de la medicina preventiva de los tr\u00f3picos. Le siguieron muchos hombres eminentes que la historia guardar\u00e1 con sacrosanta veneraci\u00f3n: Laver\u00e1n, Ross, Osvaldo Cruz, Gorgas, Chagas, Castellani, Donovan, Manson, Noguchi, y tantos otros que har\u00edan la lista interminable. \u00a1Qu\u00e9 honra para esta pl\u00e9yade de m\u00e9dicos geniales que Finlay fuese su precursor!<\/p>\n<p>Sin embargo, la labor de Finlay, la magnitud de su descubrimiento, la prioridad de su doctrina, es a\u00fan en nuestros d\u00edas olvidada o desconocida. Y encontramos que autores de la probidad de Guiart, en su Manual de Parasitolog\u00eda, al hablar de las caracter\u00edsticas etiol\u00f3gicas del paludismo dice: En 1884 P. Manson, entonces m\u00e9dico de las aduanas chinas en Amoy, y hoy d\u00eda profesor de la Escuela de Medicina Tropical de Londres, ense\u00f1aba que los mosquitos eran los agentes de transmisi\u00f3n de la filaria de la sangre. Este descubrimiento fue un rayo de luz para Laveran quien, a partir de aquel d\u00eda, emiti\u00f3 la hip\u00f3tesis de que los mosquitos pod\u00edan muy bien ejercer un papel en la propagaci\u00f3n del paludismo, como suced\u00eda en la filariosis.<\/p>\n<p>Con todo el respeto que nos merece el distinguido profesor de la Facultad de Medicina de Lyon, nosotros, en honor a la justicia y veracidad de los hechos, le antepondr\u00edamos a dicho p\u00e1rrafo el que sigue: En 1881 Finlay, entonces modesto y laborioso m\u00e9dico cubano, y hoy d\u00eda considerado la figura m\u00e1s sobresaliente de la medicina tropical, ense\u00f1aba que los mosquitos eran los agentes de transmisi\u00f3n de la fiebre amarilla. Este descubrimiento fue un rayo de luz para Manson quien, a partir de aquel a\u00f1o, emiti\u00f3 la hip\u00f3tesis de que los mosquitos pod\u00edan muy ejercer un papel en la propagaci\u00f3n de la filariosis, como suced\u00eda en la fiebre amarilla.<\/p>\n<p>Finlay demostrando con su doctrina el medio de transmisi\u00f3n de la fiebre amarilla,<br \/>\nSe\u00f1al\u00f3 el camino a una serie de descubrimientos m\u00e9dicos, que hicieron posible la obra de saneamiento de la zona tropical. Esto permiti\u00f3 la implantaci\u00f3n de m\u00faltiples industrias y el desarrollo de grandes centros comerciales; la inversi\u00f3n de capitales y el desenvolvimiento financiero por las garant\u00edas sanitarias en esta zona del mundo y, como consecuencia sociol\u00f3gica, result\u00f3 factor determinante de muchos acontecimientos internacionales.<\/p>\n<p>La obra de Finlay es de una importancia considerable. No fue estrictamente cient\u00edfica. Tuvo trascendencia m\u00e9dica, social, econ\u00f3mica y pol\u00edtica. Merece pues que su memoria sea perpetuada de acuerdo con la intensidad y alcance de su labor. Am\u00e9rica no debe dudar en elegir, por unanimidad, el 3 de diciembre para celebrar el D\u00eda de la Medicina Americana. Y esa fecha no s\u00f3lo se conmemorar\u00e1 cada a\u00f1o el recuerdo de Finlay, sino tambi\u00e9n el de todos sus grandes cient\u00edficos.<\/p>\n<p>Horacio Abascal<\/p>\n<p>Fuente:<br \/>\nAbascal H. El centenario &#8220;Finlay&#8221; y el D\u00eda de la Medicina Americana. [editorial]. Cron Med Quir Habana 1933;59(1):1-2.<\/p>\n","protected":false},"excerpt":{"rendered":"<p>EL CENTENARIO DE FINLAY Y EL \u201cDIA DE LA MEDICINA LATINOAMERICANA\u201d La Academia de Ciencias M\u00e9dicas, F\u00edsicas y Naturales de La Habana, queriendo celebrar con el mayor esplendor la fecha memorable de los cien a\u00f1os del natalicio del gran Finlay, ha hecho suya la idea de requerir de los pa\u00edses fraternos que fijaran un d\u00eda [&hellip;]<\/p>\n","protected":false},"author":218,"featured_media":0,"parent":462,"menu_order":0,"comment_status":"closed","ping_status":"closed","template":"sidebar-content.php","meta":[],"_links":{"self":[{"href":"https:\/\/blogs.sld.cu\/carlosjfinlay\/wp-json\/wp\/v2\/pages\/466"}],"collection":[{"href":"https:\/\/blogs.sld.cu\/carlosjfinlay\/wp-json\/wp\/v2\/pages"}],"about":[{"href":"https:\/\/blogs.sld.cu\/carlosjfinlay\/wp-json\/wp\/v2\/types\/page"}],"author":[{"embeddable":true,"href":"https:\/\/blogs.sld.cu\/carlosjfinlay\/wp-json\/wp\/v2\/users\/218"}],"replies":[{"embeddable":true,"href":"https:\/\/blogs.sld.cu\/carlosjfinlay\/wp-json\/wp\/v2\/comments?post=466"}],"version-history":[{"count":2,"href":"https:\/\/blogs.sld.cu\/carlosjfinlay\/wp-json\/wp\/v2\/pages\/466\/revisions"}],"predecessor-version":[{"id":476,"href":"https:\/\/blogs.sld.cu\/carlosjfinlay\/wp-json\/wp\/v2\/pages\/466\/revisions\/476"}],"up":[{"embeddable":true,"href":"https:\/\/blogs.sld.cu\/carlosjfinlay\/wp-json\/wp\/v2\/pages\/462"}],"wp:attachment":[{"href":"https:\/\/blogs.sld.cu\/carlosjfinlay\/wp-json\/wp\/v2\/media?parent=466"}],"curies":[{"name":"wp","href":"https:\/\/api.w.org\/{rel}","templated":true}]}}