{"id":583,"date":"2020-11-10T19:49:42","date_gmt":"2020-11-10T19:49:42","guid":{"rendered":"http:\/\/blogs.sld.cu\/carlosjfinlay\/?page_id=583"},"modified":"2020-12-03T19:28:16","modified_gmt":"2020-12-03T19:28:16","slug":"reivindicacion-de-finlay","status":"publish","type":"page","link":"https:\/\/blogs.sld.cu\/carlosjfinlay\/galeria\/reivindicacion-de-finlay\/","title":{"rendered":"Reivindicaci\u00f3n de Finlay"},"content":{"rendered":"<p><a href=\"http:\/\/blogs.sld.cu\/carlosjfinlay\/files\/2020\/10\/X-Congreso-Internacional-de-Historia-de-la-Medicina.jpg\"><img loading=\"lazy\" class=\"  wp-image-394 aligncenter\" src=\"http:\/\/blogs.sld.cu\/carlosjfinlay\/files\/2020\/10\/X-Congreso-Internacional-de-Historia-de-la-Medicina-300x269.jpg\" alt=\"X Congreso Internacional de Historia de la Medicina\" width=\"367\" height=\"329\" srcset=\"https:\/\/blogs.sld.cu\/carlosjfinlay\/files\/2020\/10\/X-Congreso-Internacional-de-Historia-de-la-Medicina-300x269.jpg 300w, https:\/\/blogs.sld.cu\/carlosjfinlay\/files\/2020\/10\/X-Congreso-Internacional-de-Historia-de-la-Medicina.jpg 304w\" sizes=\"(max-width: 367px) 100vw, 367px\" \/><\/a><\/p>\n<p>El el X Congreso Internacional de Historia de la Medicina celebrado en el mes de septiembre de 1935, en la ciudad de Madrid, Espa\u00f1a bajo la presidencia del profesor doctor Gregorio Mara\u00f1\u00f3n y actuando de Secretario el doctor Francisco Oliver, se di\u00f3 a <span class=\"enlacesfinlay2\">conocer una moci\u00f3n presentada por la delegaci\u00f3n oficial de la Rep\u00fablica de Cuba, que integraban los profesores doctores Sergio Garc\u00eda Marruz y Rafael Menocal, en la que se reivindic\u00f3 a Finlay como descubridor del Agente Trasmisor de la Fiebre Amarilla.<br \/>\n<\/span><\/p>\n<p><a href=\"http:\/\/blogs.sld.cu\/carlosjfinlay\/files\/2020\/11\/Sergio-Garc\u00eda-Marruz.jpg\"><img loading=\"lazy\" class=\"  wp-image-587 aligncenter\" src=\"http:\/\/blogs.sld.cu\/carlosjfinlay\/files\/2020\/11\/Sergio-Garc\u00eda-Marruz-260x300.jpg\" alt=\"Sergio Garc\u00eda Marruz\" width=\"319\" height=\"368\" srcset=\"https:\/\/blogs.sld.cu\/carlosjfinlay\/files\/2020\/11\/Sergio-Garc\u00eda-Marruz-260x300.jpg 260w, https:\/\/blogs.sld.cu\/carlosjfinlay\/files\/2020\/11\/Sergio-Garc\u00eda-Marruz.jpg 282w\" sizes=\"(max-width: 319px) 100vw, 319px\" \/><\/a><\/p>\n<p>Naci\u00f3 el 1 de enero de 1886 en Regla, provincia de La Habana y falleci\u00f3 el 3 de octubre de 1947 en La Habana. Doctor en Medicina.<\/p>\n<p>Junto al Dr. Rafael Menocal, present\u00f3 en el X Congreso Internacional de Historia de la Medicina la oraci\u00f3n que sirvi\u00f3 para reivindicar al Dr. Carlos J. Finlay como descubridor del Mosquito Aedes Aegypti como agente trasmisor de la Fiebre Amarilla.<\/p>\n","protected":false},"excerpt":{"rendered":"<p>El el X Congreso Internacional de Historia de la Medicina celebrado en el mes de septiembre de 1935, en la ciudad de Madrid, Espa\u00f1a bajo la presidencia del profesor doctor Gregorio Mara\u00f1\u00f3n y actuando de Secretario el doctor Francisco Oliver, se di\u00f3 a conocer una moci\u00f3n presentada por la delegaci\u00f3n oficial de la Rep\u00fablica de [&hellip;]<\/p>\n","protected":false},"author":218,"featured_media":0,"parent":351,"menu_order":4,"comment_status":"closed","ping_status":"closed","template":"monocolumn.php","meta":[],"_links":{"self":[{"href":"https:\/\/blogs.sld.cu\/carlosjfinlay\/wp-json\/wp\/v2\/pages\/583"}],"collection":[{"href":"https:\/\/blogs.sld.cu\/carlosjfinlay\/wp-json\/wp\/v2\/pages"}],"about":[{"href":"https:\/\/blogs.sld.cu\/carlosjfinlay\/wp-json\/wp\/v2\/types\/page"}],"author":[{"embeddable":true,"href":"https:\/\/blogs.sld.cu\/carlosjfinlay\/wp-json\/wp\/v2\/users\/218"}],"replies":[{"embeddable":true,"href":"https:\/\/blogs.sld.cu\/carlosjfinlay\/wp-json\/wp\/v2\/comments?post=583"}],"version-history":[{"count":5,"href":"https:\/\/blogs.sld.cu\/carlosjfinlay\/wp-json\/wp\/v2\/pages\/583\/revisions"}],"predecessor-version":[{"id":636,"href":"https:\/\/blogs.sld.cu\/carlosjfinlay\/wp-json\/wp\/v2\/pages\/583\/revisions\/636"}],"up":[{"embeddable":true,"href":"https:\/\/blogs.sld.cu\/carlosjfinlay\/wp-json\/wp\/v2\/pages\/351"}],"wp:attachment":[{"href":"https:\/\/blogs.sld.cu\/carlosjfinlay\/wp-json\/wp\/v2\/media?parent=583"}],"curies":[{"name":"wp","href":"https:\/\/api.w.org\/{rel}","templated":true}]}}

Reivindicación de Finlay

<p><a href="http://blogs.sld.cu/carlosjfinlay/files/2020/10/X-Congreso-Internacional-de-Historia-de-la-Medicina.jpg"><img loading="lazy" class="  wp-image-394 aligncenter" src="http://blogs.sld.cu/carlosjfinlay/files/2020/10/X-Congreso-Internacional-de-Historia-de-la-Medicina-300x269.jpg" alt="X Congreso Internacional de Historia de la Medicina" width="367" height="329" srcset="https://blogs.sld.cu/carlosjfinlay/files/2020/10/X-Congreso-Internacional-de-Historia-de-la-Medicina-300x269.jpg 300w, https://blogs.sld.cu/carlosjfinlay/files/2020/10/X-Congreso-Internacional-de-Historia-de-la-Medicina.jpg 304w" sizes="(max-width: 367px) 100vw, 367px" /></a></p>
<p>El el X Congreso Internacional de Historia de la Medicina celebrado en el mes de septiembre de 1935, en la ciudad de Madrid, España bajo la presidencia del profesor doctor Gregorio Marañón y actuando de Secretario el doctor Francisco Oliver, se dió a <span class="enlacesfinlay2">conocer una moción presentada por la delegación oficial de la República de Cuba, que integraban los profesores doctores Sergio García Marruz y Rafael Menocal, en la que se reivindicó a Finlay como descubridor del Agente Trasmisor de la Fiebre Amarilla.<br />
</span></p>
<p><a href="http://blogs.sld.cu/carlosjfinlay/files/2020/11/Sergio-García-Marruz.jpg"><img loading="lazy" class="  wp-image-587 aligncenter" src="http://blogs.sld.cu/carlosjfinlay/files/2020/11/Sergio-García-Marruz-260x300.jpg" alt="Sergio García Marruz" width="319" height="368" srcset="https://blogs.sld.cu/carlosjfinlay/files/2020/11/Sergio-García-Marruz-260x300.jpg 260w, https://blogs.sld.cu/carlosjfinlay/files/2020/11/Sergio-García-Marruz.jpg 282w" sizes="(max-width: 319px) 100vw, 319px" /></a></p>
<p>Nació el 1 de enero de 1886 en Regla, provincia de La Habana y falleció el 3 de octubre de 1947 en La Habana. Doctor en Medicina.</p>
<p>Junto al Dr. Rafael Menocal, presentó en el X Congreso Internacional de Historia de la Medicina la oración que sirvió para reivindicar al Dr. Carlos J. Finlay como descubridor del Mosquito Aedes Aegypti como agente trasmisor de la Fiebre Amarilla.</p>

<p>El el X Congreso Internacional de Historia de la Medicina celebrado en el mes de septiembre de 1935, en la ciudad de Madrid, España bajo la presidencia del profesor doctor Gregorio Marañón y actuando de Secretario el doctor Francisco Oliver, se dió a conocer una moción presentada por la delegación oficial de la República de [&hellip;]</p>
