{"id":1198,"date":"2015-08-22T14:49:45","date_gmt":"2015-08-22T14:49:45","guid":{"rendered":"http:\/\/blogs.sld.cu\/cibernetica\/?page_id=1198"},"modified":"2015-08-22T14:49:45","modified_gmt":"2015-08-22T14:49:45","slug":"sistemas-expertos","status":"publish","type":"page","link":"https:\/\/blogs.sld.cu\/cibernetica\/proyecto-milenio\/sistemas-expertos\/","title":{"rendered":"Sistemas expertos"},"content":{"rendered":"<h1 class=\"entry-title\">Sistemas expertos<\/h1>\n<div class=\"entry-content\">\n<ul>\n<li><em>Pr\u00f3ximamente estar\u00e1 disponible libro sobre sistemas expertos<br \/>\n<\/em><\/li>\n<li><em>Descargue el ejemplo de SE en html (Javascript)<\/em><\/li>\n<\/ul>\n<h3>Objetivo del libro<\/h3>\n<p>Que comprendan la importancia de los sistemas expertos y que sean capaces de desarrollar bases de conocimientos para aplicaciones en su \u00e1rea y\/o elaborar sistemas expertos simples que interactuen con otros sistemas.<\/p>\n<h3>Tematicas<\/h3>\n<p>1. Sistemas de producci\u00f3n.<\/p>\n<ul>\n<li>Introducci\u00f3n a los Sistemas Expertos (SE)<\/li>\n<li>Sistema de producci\u00f3n<\/li>\n<li>Representacion a trav\u00e9s de reglas<\/li>\n<\/ul>\n<p>2. Estrategia de b\u00fasqueda.<br \/>\n\u2022 Definici\u00f3n de b\u00fasqueda de soluci\u00f3n.<br \/>\n\u2022 Encadenamiento hacia delante y encadenamiento hacia atr\u00e1s.<br \/>\n\u2022 B\u00fasqueda primero en profundidad vs primero a lo ancho<br \/>\n\u2022 R\u00e9gimen de control: irrevocable o por tentativa<br \/>\n\u2022 Estrategias de control heur\u00edsticas<\/p>\n<p>3. Representaci\u00f3n del conocimiento.<\/p>\n<ul>\n<li>Redes sem\u00e1nticas<\/li>\n<li>Marcos (frames).<\/li>\n<li>Escenas y guiones<\/li>\n<\/ul>\n<p>4. Razonamiento con incertidumbre.<\/p>\n<ul>\n<li>Factores de certeza<\/li>\n<li>Probabilidades y teorema de Bayes<\/li>\n<\/ul>\n<p>5. Caracter\u00edstica de los SE: Ejemplos y aplicaciones<\/p>\n<ul>\n<li>Caracter\u00edstica de los Sistemas Expertos (SE).<\/li>\n<li>Paradigma de Sistemas Expertos: DENDRAL Y MYCIN.<\/li>\n<li>Ejemplo de una aplicaci\u00f3n: Termi.<\/li>\n<li>Ejemplo de aplicaci\u00f3n en Javascript<\/li>\n<\/ul>\n<h3>Puede descargar el ejemplo de SE<a title=\"Tinas\" href=\"http:\/\/blogs.sld.cu\/cibernetica\/files\/2014\/11\/Tinas.rar\"> aqui<\/a><\/h3>\n<\/div>\n","protected":false},"excerpt":{"rendered":"<p>Sistemas expertos Pr\u00f3ximamente estar\u00e1 disponible libro sobre sistemas expertos Descargue el ejemplo de SE en html (Javascript) Objetivo del libro Que comprendan la importancia de los sistemas expertos y que sean capaces de desarrollar bases de conocimientos para aplicaciones en su \u00e1rea y\/o elaborar sistemas expertos simples que interactuen con otros sistemas. Tematicas 1. Sistemas [&hellip;]<\/p>\n","protected":false},"author":109,"featured_media":0,"parent":859,"menu_order":0,"comment_status":"open","ping_status":"open","template":"","meta":[],"_links":{"self":[{"href":"https:\/\/blogs.sld.cu\/cibernetica\/wp-json\/wp\/v2\/pages\/1198"}],"collection":[{"href":"https:\/\/blogs.sld.cu\/cibernetica\/wp-json\/wp\/v2\/pages"}],"about":[{"href":"https:\/\/blogs.sld.cu\/cibernetica\/wp-json\/wp\/v2\/types\/page"}],"author":[{"embeddable":true,"href":"https:\/\/blogs.sld.cu\/cibernetica\/wp-json\/wp\/v2\/users\/109"}],"replies":[{"embeddable":true,"href":"https:\/\/blogs.sld.cu\/cibernetica\/wp-json\/wp\/v2\/comments?post=1198"}],"version-history":[{"count":1,"href":"https:\/\/blogs.sld.cu\/cibernetica\/wp-json\/wp\/v2\/pages\/1198\/revisions"}],"predecessor-version":[{"id":1199,"href":"https:\/\/blogs.sld.cu\/cibernetica\/wp-json\/wp\/v2\/pages\/1198\/revisions\/1199"}],"up":[{"embeddable":true,"href":"https:\/\/blogs.sld.cu\/cibernetica\/wp-json\/wp\/v2\/pages\/859"}],"wp:attachment":[{"href":"https:\/\/blogs.sld.cu\/cibernetica\/wp-json\/wp\/v2\/media?parent=1198"}],"curies":[{"name":"wp","href":"https:\/\/api.w.org\/{rel}","templated":true}]}}