{"id":1900,"date":"2014-06-13T20:30:05","date_gmt":"2014-06-13T20:30:05","guid":{"rendered":"http:\/\/cibernetica.wordpress.com\/?page_id=859"},"modified":"2014-06-13T20:30:05","modified_gmt":"2014-06-13T20:30:05","slug":"proyecto-milenio-2","status":"publish","type":"page","link":"https:\/\/blogs.sld.cu\/cibernetica\/proyecto-milenio-2\/","title":{"rendered":"Proyectos"},"content":{"rendered":"<div class=\"entry-content\">\n<h2>Proyecto de investigaci\u00f3n<\/h2>\n<p>Problema de investigaci\u00f3n<\/p>\n<p>El desarrollo social de una inteligencia colectiva superior a la del humano actual\u00a0 (superinteligencia colectiva) comprometida con la construcci\u00f3n de un progreso humano verderamente digno y de un futuro sostenible<\/p>\n<p><strong>Campo de acci\u00f3n<\/strong><\/p>\n<p>Esta investigaci\u00f3n se desarrolla en un campo interdisciplinario, donde confluyen conocimientos de Ciencia y Tecnolog\u00eda, Filosof\u00eda, Antropolog\u00eda y las diversas tendencias de la Bio\u00e9tica contempor\u00e1nea. Enfoque transdisciplinar<\/p>\n<p><strong>\u00a0Hip\u00f3tesis<\/strong><\/p>\n<p>Ante el inevitable surgimiento de una superinteligencia transhumana<\/p>\n<ol>\n<li>\u00bfPodr\u00e1 llevarnos el desarrollo sostenible a la supervivencia de la especia humana?<\/li>\n<li>\u00bfO ser\u00e1n ineficaces los plantemamientos y acciones del Desarrollo sostenible ante el avance de las tecnolog\u00edas\u00a0 emergentes?<\/li>\n<li>\u00bfNo ser\u00e1 el surgimiento de una superinteligencia colectiva la alternativa mas viable?<\/li>\n<\/ol>\n<p><strong>Objetivo<\/strong><\/p>\n<p>Determinar los riesgos y los problemas que enfrenta el ser humano como consecuencia del de una inteligencia artificial que lo supere en inteligencia.<\/p>\n<ul>\n<li>Sentar las bases para el surgimiento de una superinteligencia colectiva<\/li>\n<li>Desarrollar una estrategia para la construcci\u00f3n de una superestructura tecnol\u00f3gica sostenible y colaborativa<\/li>\n<li>Elaborar una metodolog\u00eda para manejarnos con los nuevos conocimientos y con las tecnolog\u00edas emergentes<\/li>\n<li>Construir una superinteligencia colectiva que permite ampliar la mente individual (mente colectiva)<\/li>\n<li>Estudiar alternativas a los riesgos y los problemas colaterales que surgir\u00e1n ante el contexto actual de poder y su estructura competitiva que nos lleva a un progreso tecnol\u00f3gico basado en intereses puramente comerciales.<\/li>\n<\/ul>\n<h2>Riesgos tecnol\u00f3gicos (riesgos existenciales).<\/h2>\n<p>Se pretende evitar los riesgos, buscar alternativas y seguir progresando como especie hacia un futuro sostenible.<\/p>\n<ul>\n<li>Identificar y estudiar los problemas actuales debido al <u>impacto de las tecnolog\u00edas convergentes<\/u>: nano, bio, info y cogno (NBIC).<\/li>\n<li>Elaborar y debatir un informe sobre el impacto de las tecnolog\u00edas convergentes donde se defina nuestra posici\u00f3n ante la necesidad de integraci\u00f3n de Am\u00e9rica Latina para enfrentar los riesgos y avanzar hacia un futuro sostenible.<\/li>\n<li>Desarrollar una visi\u00f3n de futuro compartida donde se defina a qu\u00e9 escenario queremos llegar y como alcanzarlo de forma proactiva, para <u>no ir a ciegas al futuro<\/u>.<\/li>\n<li><u>Estudiar alternativas al posible escenario de un futuro posthumano<\/u> y del posicionamiento de la ideolog\u00eda transhumanista as\u00ed como las desigualdades que se producir\u00e1n.<\/li>\n<li>Trabajar en la elaboraci\u00f3n y discusi\u00f3n de principios \u00e9ticos para Latinoam\u00e9rica y el Caribe, en el marco de una bio\u00e9tica global, que <u>impidan el mal uso de las tecnolog\u00edas.<\/u><\/li>\n<li>Crear las bases para una Inteligencia colectiva donde humanos y tecnolog\u00edas se complementan, ante el <u>riesgo de una super inteligencia artificial<\/u>, que busque la ampliaci\u00f3n de la inteligencia y la sabidur\u00eda humana, que acepte la diversidad de seres y la armon\u00eda entre todos.<\/li>\n<li>Mantener actualizados los conocimientos sobre las nuevas tecnolog\u00edas para hacer valer los intereses de Am\u00e9rica latina ante el surgimiento de nuevos mercados orientado al cuerpo humano y al actual enfrentamiento biopol\u00edtico<\/li>\n<li>Debatir conceptos, definiciones y t\u00e9rminos para colocarlos en la Wiki (ir creando una enciclopedia sobre riesgos existenciales) as\u00ed como trabajar en la construcci\u00f3n de la definici\u00f3n de un futuro sostenible en la era tecnol\u00f3gica.<\/li>\n<li>Trabajar en la formaci\u00f3n de las nuevas generaciones en una visi\u00f3n social humanista que se oponga a la visi\u00f3n futurista de una singularidad tecnol\u00f3gica donde humanos y tecnolog\u00eda se funden.<\/li>\n<li>Preparar e Impartir un curso virtual sobre las tecnolog\u00edas para un futuro sostenibl<em>e, <\/em>que abarque los temas de la sostenibilidad, los riesgos tecnol\u00f3gicos, la relaci\u00f3n humanos-tecnolog\u00edas, la prospectiva y el impacto de las tecnolog\u00edas convergentes.<\/li>\n<\/ul>\n<h2><\/h2>\n<h2>Entrevista<\/h2>\n<p>\u2013 red21.com<\/p>\n<p>Curso de Inteligencia Artificial y Robotica<\/p>\n<p><a title=\"Entrevista red21\" href=\"http:\/\/www.red21.net\/entrevistaamadruga.htm\">Entrevista a Alejandro Madruga<\/a><\/p>\n<h2>Publicaciones<\/h2>\n<h3>\u2013 Metas educativas 2021<\/h3>\n<p>La educacion que queremos para la generaci\u00f3n de los Bicentanarios<br \/>\nReflexiones de profesionales de la educaci\u00f3n<br \/>\n<a href=\"http:\/\/www.oei.es\/metas2021\/reflexiones2\/53.pdf\">\u00bfComo enfrentar los retos del siglo XXI<\/a><br \/>\nAlejandro Madruga<\/p>\n<h3>\u2013 III Congreso Online \u2013 Observatorio para la cibersociedad<\/h3>\n<div id=\"home_inferior_titol\">\n<p>Foros de debate: E-13 Hacia un nuevo humano en conexi\u00f3n permanente o c\u00f3mo la tecnolog\u00eda est\u00e1 cambiando nuestra mente<br \/>\n<a href=\"http:\/\/www.cibersociedad.net\/congres2006\/forums\/conversa.php?id=269\">La relaci\u00f3n hombre-maquina y la ideolog\u00eda de una posthumanidad<\/a><br \/>\nConversaci\u00f3n iniciada por: <a class=\"fi\" href=\"http:\/\/www.cibersociedad.net\/congres2006\/comuns\/perfil.php?id=12984\">Alejandro Madruga Gonzalez<\/a><\/p>\n<h3>\u2013 Revista del Centro de Bio\u00e9tica \u201cJuan Pablo II\u201d<\/h3>\n<p><span class=\"Estilo205\">VOLUMEN 10 No. 1 \u2013 <span class=\"Estilo62\"><span class=\"Estilo24\"><span class=\"Estilo209\">ENERO \u2013 ABRIL<\/span><\/span><\/span> 2010<\/span><br \/>\nREVISTA DIGITAL<\/p>\n<p><a href=\"https:\/\/cibernetica.files.wordpress.com\/2012\/12\/portada101.jpg\"><img loading=\"lazy\" class=\"alignleft wp-image-1051\" src=\"https:\/\/cibernetica.files.wordpress.com\/2012\/12\/portada101.jpg?w=189&amp;h=248\" alt=\"portada101\" width=\"189\" height=\"248\" \/><\/a>\u201cEl padre F\u00e9lix Varela y Morales (\u2026) es, en su persona, la mejor s\u00edntesis que podemos encontrar entre fe cristiana y cultura cubana (\u2026) Maestro de generaciones de cubanos, ense\u00f1\u00f3 que, para asumir responsablemente la existencia, lo primero que se debe aprender es el dif\u00edcil arte de pensar correctamente y con cabeza propia (\u2026) Se dedic\u00f3 a formar personas, hombres de conciencia, que no sean soberbios con los d\u00e9biles ni d\u00e9biles con los poderosos\u201d.<br \/>\nJuan Pablo II\u00a0 en el encuentro con el mundo de la cultura, Aula Magna de la Universidad de La Habana, 23 de enero de 1998.<br \/>\n<a title=\"Etica y tecnologia\" href=\"http:\/\/www.cbioetica.org\/revista\/101\/101-1417.pdf\">\u00c9tica y tecnologia<\/a><br \/>\nAlejandro Madruga<\/p>\n<h3>\u2013 Monograf\u00edas<\/h3>\n<p><a href=\"http:\/\/www.monografias.com\/trabajos81\/sostenibilidad-tecnologica\/sostenibilidad-tecnologica.shtml\">Sostenibilidad tecnologica: un enfoque tecnohumanista de la sostenibilidad<\/a><br \/>\nAlejandro Madruga<\/p>\n<p><a href=\"http:\/\/www.monografias.com\/trabajos42\/inteligencia-artificial-filosofia\/inteligencia-artificial-filosofia.shtml\">Inteligencia artificial: su filosof\u00eda<\/a><br \/>\nAlejandro Madruga<\/p>\n<h2>Autor del libro: <em>Inteligencia Artificial, el futuro del hombre<\/em><\/h2>\n<h3>Publicado en Kindle Amazon<\/h3>\n<p><a href=\"https:\/\/cibernetica.files.wordpress.com\/2013\/08\/ia-futuro-del-hombre.png\"><img loading=\"lazy\" class=\"alignleft wp-image-678 size-medium\" src=\"https:\/\/cibernetica.files.wordpress.com\/2013\/08\/ia-futuro-del-hombre.png?w=191&amp;h=300\" alt=\"ia-futuro-del-hombre\" width=\"191\" height=\"300\" srcset=\"https:\/\/blogs.sld.cu\/cibernetica\/files\/2013\/08\/ia-futuro-del-hombre.png 475w, https:\/\/blogs.sld.cu\/cibernetica\/files\/2013\/08\/ia-futuro-del-hombre-191x300.png 191w\" sizes=\"(max-width: 191px) 100vw, 191px\" \/><\/a><\/p>\n<ul>\n<li><a href=\"http:\/\/www.amazon.es\/gp\/product\/B00CP89UR4\/ref=as_li_tf_tl?ie=UTF8&amp;camp=3626&amp;creative=24790&amp;creativeASIN=B00CP89UR4&amp;linkCode=as2&amp;tag=cibersociedad-21\">Inteligencia Artificial, el futuro del hombre<\/a><img loading=\"lazy\" src=\"http:\/\/ir-es.amazon-adsystem.com\/e\/ir?t=cibersociedad-21&amp;l=as2&amp;o=30&amp;a=B00CP89UR4\" alt=\"\" width=\"1\" height=\"1\" border=\"0\" \/><\/li>\n<\/ul>\n<p><span lang=\"ES\">El libro es una propuesta sobre el futuro del hombre y como ser\u00e1 su relaci\u00f3n con una tecnolog\u00eda que cada vez se hace m\u00e1s independiente y m\u00e1s ajena al destino del hombre como ser humano y es un esfuerzo por responder a las preguntas sobre cu\u00e1l ser\u00e1 nuestro futuro ante el acelerado desarrollo de las m\u00e1quinas. Y que opciones tenemos.<\/span><\/p>\n<h2><\/h2>\n<h2><\/h2>\n<\/div>\n<div id=\"jp-post-flair\" class=\"sharedaddy sd-like-enabled sd-sharing-enabled\"><\/div>\n<\/div>\n<h2><\/h2>\n<h2><\/h2>\n<p>&nbsp;<\/p>\n","protected":false},"excerpt":{"rendered":"<p>Proyecto de investigaci\u00f3n Problema de investigaci\u00f3n El desarrollo social de una inteligencia colectiva superior a la del humano actual\u00a0 (superinteligencia colectiva) comprometida con la construcci\u00f3n de un progreso humano verderamente digno y de un futuro sostenible Campo de acci\u00f3n Esta investigaci\u00f3n se desarrolla en un campo interdisciplinario, donde confluyen conocimientos de Ciencia y Tecnolog\u00eda, Filosof\u00eda, [&hellip;]<\/p>\n","protected":false},"author":109,"featured_media":0,"parent":0,"menu_order":18,"comment_status":"open","ping_status":"open","template":"","meta":[],"_links":{"self":[{"href":"https:\/\/blogs.sld.cu\/cibernetica\/wp-json\/wp\/v2\/pages\/1900"}],"collection":[{"href":"https:\/\/blogs.sld.cu\/cibernetica\/wp-json\/wp\/v2\/pages"}],"about":[{"href":"https:\/\/blogs.sld.cu\/cibernetica\/wp-json\/wp\/v2\/types\/page"}],"author":[{"embeddable":true,"href":"https:\/\/blogs.sld.cu\/cibernetica\/wp-json\/wp\/v2\/users\/109"}],"replies":[{"embeddable":true,"href":"https:\/\/blogs.sld.cu\/cibernetica\/wp-json\/wp\/v2\/comments?post=1900"}],"version-history":[{"count":0,"href":"https:\/\/blogs.sld.cu\/cibernetica\/wp-json\/wp\/v2\/pages\/1900\/revisions"}],"wp:attachment":[{"href":"https:\/\/blogs.sld.cu\/cibernetica\/wp-json\/wp\/v2\/media?parent=1900"}],"curies":[{"name":"wp","href":"https:\/\/api.w.org\/{rel}","templated":true}]}}