{"id":16,"date":"2020-12-21T00:41:53","date_gmt":"2020-12-21T00:41:53","guid":{"rendered":"http:\/\/blogs.sld.cu\/colera\/?page_id=16"},"modified":"2021-02-19T17:25:28","modified_gmt":"2021-02-19T17:25:28","slug":"que-es-el-colera","status":"publish","type":"page","link":"https:\/\/blogs.sld.cu\/colera\/que-es-el-colera\/","title":{"rendered":"\u00bfQu\u00e9 es el c\u00f3lera?"},"content":{"rendered":"<p><span style=\"font-family: verdana, geneva;font-size: 12pt\">El c\u00f3lera es una enfermedad infecciosa aguda, provocada por la bacteria\u00a0<strong>\u2018<\/strong><strong><em>vibrio cholerae\u2019<\/em><\/strong><strong>.<\/strong>\u00a0Se caracteriza por desarrollar, de forma muy brusca, una diarrea muy importante y v\u00f3mitos ocasionales. Estas caracter\u00edsticas hacen que en principio sea dif\u00edcil distinguirla de otro tipo de diarrea. Lo m\u00e1s importante con el c\u00f3lera es evitar la deshidrataci\u00f3n de la persona, por eso ante una diarrea, en un pa\u00eds o zona end\u00e9mica para la misma hay que acudir de inmediato al m\u00e9dico, ya que el tiempo es fundamental para la buena evoluci\u00f3n de la enfermedad, que requiere cuarentena y es de declaraci\u00f3n obligatoria nacional e internacionalmente.<\/span><\/p>\n<p><span style=\"font-family: verdana, geneva;font-size: 12pt\">La forma m\u00e1s habitual de contagio es por beber agua o comer alimentos contaminados por la bacteria. No es frecuente que se transmita de persona a persona. Los brotes m\u00e1s importantes suelen estar provocados por fuentes de agua contaminada por residuos fecales. No es inusual que aparezca el c\u00f3lera en lugares que han sido zonas de desastre por la contaminaci\u00f3n de las aguas o desechos que han sido vertidos en las mismas.<\/span><\/p>\n<p><span style=\"font-family: verdana, geneva;font-size: 12pt\">El <em>Vibrio cholerae<\/em> forma parte de la flora normal de aguas saladas, desembocadura de los r\u00edos, bah\u00edas con salinidad moderada y estuarios, donde se asocia a menudo con algas, plancton, conchas, caparazones, crust\u00e1ceos, moluscos y otros seres vivos. Suele aparecer en zonas de Asia, Oriente Medio, \u00c1frica y Am\u00e9rica Latina. En estas \u00e1reas, los brotes de la enfermedad se dan durante los meses de calor y la mayor incidencia es entre los ni\u00f1os. En otras zonas, las epidemias pueden ocurrir en cualquier \u00e9poca del a\u00f1o y la enfermedad puede afectar a cualquier edad.<\/span><\/p>\n<p><span style=\"font-family: verdana, geneva;font-size: 12pt\">Tambi\u00e9n habita en aguas de interior. Prolifera en verano cuando la temperatura del agua supera los 20 grados cent\u00edgrados.<\/span><\/p>\n<p>&nbsp;<\/p>\n","protected":false},"excerpt":{"rendered":"<p>El c\u00f3lera es una enfermedad infecciosa aguda, provocada por la bacteria\u00a0\u2018vibrio cholerae\u2019.\u00a0Se caracteriza por desarrollar, de forma muy brusca, una diarrea muy importante y v\u00f3mitos ocasionales. Estas caracter\u00edsticas hacen que en principio sea dif\u00edcil distinguirla de otro tipo de diarrea. Lo m\u00e1s importante con el c\u00f3lera es evitar la deshidrataci\u00f3n de la persona, por eso [&hellip;]<\/p>\n","protected":false},"author":208,"featured_media":0,"parent":0,"menu_order":0,"comment_status":"closed","ping_status":"open","template":"","meta":[],"_links":{"self":[{"href":"https:\/\/blogs.sld.cu\/colera\/wp-json\/wp\/v2\/pages\/16"}],"collection":[{"href":"https:\/\/blogs.sld.cu\/colera\/wp-json\/wp\/v2\/pages"}],"about":[{"href":"https:\/\/blogs.sld.cu\/colera\/wp-json\/wp\/v2\/types\/page"}],"author":[{"embeddable":true,"href":"https:\/\/blogs.sld.cu\/colera\/wp-json\/wp\/v2\/users\/208"}],"replies":[{"embeddable":true,"href":"https:\/\/blogs.sld.cu\/colera\/wp-json\/wp\/v2\/comments?post=16"}],"version-history":[{"count":5,"href":"https:\/\/blogs.sld.cu\/colera\/wp-json\/wp\/v2\/pages\/16\/revisions"}],"predecessor-version":[{"id":77,"href":"https:\/\/blogs.sld.cu\/colera\/wp-json\/wp\/v2\/pages\/16\/revisions\/77"}],"wp:attachment":[{"href":"https:\/\/blogs.sld.cu\/colera\/wp-json\/wp\/v2\/media?parent=16"}],"curies":[{"name":"wp","href":"https:\/\/api.w.org\/{rel}","templated":true}]}}