{"id":22,"date":"2020-12-21T00:44:24","date_gmt":"2020-12-21T00:44:24","guid":{"rendered":"http:\/\/blogs.sld.cu\/colera\/?page_id=22"},"modified":"2021-02-19T17:34:44","modified_gmt":"2021-02-19T17:34:44","slug":"medidas-preventivas","status":"publish","type":"page","link":"https:\/\/blogs.sld.cu\/colera\/medidas-preventivas\/","title":{"rendered":"Medidas preventivas"},"content":{"rendered":"<h2><a href=\"http:\/\/blogs.sld.cu\/colera\/files\/2020\/12\/lavar-frutas-y-verduras.jpg\"><img loading=\"lazy\" class=\"alignnone  wp-image-42\" src=\"http:\/\/blogs.sld.cu\/colera\/files\/2020\/12\/lavar-frutas-y-verduras.jpg\" alt=\"lavar frutas y verduras\" width=\"514\" height=\"257\" srcset=\"https:\/\/blogs.sld.cu\/colera\/files\/2020\/12\/lavar-frutas-y-verduras.jpg 700w, https:\/\/blogs.sld.cu\/colera\/files\/2020\/12\/lavar-frutas-y-verduras-300x150.jpg 300w, https:\/\/blogs.sld.cu\/colera\/files\/2020\/12\/lavar-frutas-y-verduras-250x125.jpg 250w\" sizes=\"(max-width: 514px) 100vw, 514px\" \/><\/a><\/h2>\n<h2>Para el c\u00f3lera<\/h2>\n<ul>\n<li><span style=\"font-family: verdana, geneva;font-size: 12pt\">Lavado de manos despu\u00e9s de ir al ba\u00f1o y antes de preparar o consumir alimentos.<\/span><\/li>\n<li><span style=\"font-family: verdana, geneva;font-size: 12pt\">Lavar y desinfectar frutas y verduras.<\/span><\/li>\n<li><span style=\"font-family: verdana, geneva;font-size: 12pt\">Consumir solo agua desinfectada con cloro, filtrada, hervida o mineral.<\/span><\/li>\n<li><span style=\"font-family: verdana, geneva;font-size: 12pt\">Evitar consumir alimentos en la calle o hacerlo solo en lugares limpios.<\/span><\/li>\n<li><span style=\"font-family: verdana, geneva;font-size: 12pt\">Consumir pescados y mariscos bien cocidos o fritos.<\/span><\/li>\n<li><span style=\"font-family: verdana, geneva;font-size: 12pt\">Los enfermos deben tomar abundantes l\u00edquidos y no dejar de consumir alimentos.<\/span><\/li>\n<li><span style=\"font-family: verdana, geneva;font-size: 12pt\">Cuide la higiene de los alimentos que consume.<\/span><\/li>\n<li><span style=\"font-family: verdana, geneva;font-size: 12pt\">Si Ud. o alg\u00fan miembro de tu familia presentan alg\u00fan s\u00edntoma consulten de inmediato al m\u00e9dico.<\/span><\/li>\n<\/ul>\n<p><span style=\"font-family: verdana, geneva;font-size: 12pt\">La inmediatez en el tratamiento es la clave para el \u00e9xito en la mejor\u00eda del paciente con c\u00f3lera, pues de esa forma se reponen rapidamente los l\u00edquidos y electrolitos que se pierden por la diarrea y el v\u00f3mito.<\/span><\/p>\n","protected":false},"excerpt":{"rendered":"<p>Para el c\u00f3lera Lavado de manos despu\u00e9s de ir al ba\u00f1o y antes de preparar o consumir alimentos. Lavar y desinfectar frutas y verduras. Consumir solo agua desinfectada con cloro, filtrada, hervida o mineral. Evitar consumir alimentos en la calle o hacerlo solo en lugares limpios. Consumir pescados y mariscos bien cocidos o fritos. Los [&hellip;]<\/p>\n","protected":false},"author":208,"featured_media":0,"parent":0,"menu_order":0,"comment_status":"closed","ping_status":"closed","template":"","meta":[],"_links":{"self":[{"href":"https:\/\/blogs.sld.cu\/colera\/wp-json\/wp\/v2\/pages\/22"}],"collection":[{"href":"https:\/\/blogs.sld.cu\/colera\/wp-json\/wp\/v2\/pages"}],"about":[{"href":"https:\/\/blogs.sld.cu\/colera\/wp-json\/wp\/v2\/types\/page"}],"author":[{"embeddable":true,"href":"https:\/\/blogs.sld.cu\/colera\/wp-json\/wp\/v2\/users\/208"}],"replies":[{"embeddable":true,"href":"https:\/\/blogs.sld.cu\/colera\/wp-json\/wp\/v2\/comments?post=22"}],"version-history":[{"count":9,"href":"https:\/\/blogs.sld.cu\/colera\/wp-json\/wp\/v2\/pages\/22\/revisions"}],"predecessor-version":[{"id":82,"href":"https:\/\/blogs.sld.cu\/colera\/wp-json\/wp\/v2\/pages\/22\/revisions\/82"}],"wp:attachment":[{"href":"https:\/\/blogs.sld.cu\/colera\/wp-json\/wp\/v2\/media?parent=22"}],"curies":[{"name":"wp","href":"https:\/\/api.w.org\/{rel}","templated":true}]}}

<h2><a href="http://blogs.sld.cu/colera/files/2020/12/lavar-frutas-y-verduras.jpg"><img loading="lazy" class="alignnone  wp-image-42" src="http://blogs.sld.cu/colera/files/2020/12/lavar-frutas-y-verduras.jpg" alt="lavar frutas y verduras" width="514" height="257" srcset="https://blogs.sld.cu/colera/files/2020/12/lavar-frutas-y-verduras.jpg 700w, https://blogs.sld.cu/colera/files/2020/12/lavar-frutas-y-verduras-300x150.jpg 300w, https://blogs.sld.cu/colera/files/2020/12/lavar-frutas-y-verduras-250x125.jpg 250w" sizes="(max-width: 514px) 100vw, 514px" /></a></h2>
<h2>Para el cólera</h2>
<ul>
<li><span style="font-family: verdana, geneva;font-size: 12pt">Lavado de manos después de ir al baño y antes de preparar o consumir alimentos.</span></li>
<li><span style="font-family: verdana, geneva;font-size: 12pt">Lavar y desinfectar frutas y verduras.</span></li>
<li><span style="font-family: verdana, geneva;font-size: 12pt">Consumir solo agua desinfectada con cloro, filtrada, hervida o mineral.</span></li>
<li><span style="font-family: verdana, geneva;font-size: 12pt">Evitar consumir alimentos en la calle o hacerlo solo en lugares limpios.</span></li>
<li><span style="font-family: verdana, geneva;font-size: 12pt">Consumir pescados y mariscos bien cocidos o fritos.</span></li>
<li><span style="font-family: verdana, geneva;font-size: 12pt">Los enfermos deben tomar abundantes líquidos y no dejar de consumir alimentos.</span></li>
<li><span style="font-family: verdana, geneva;font-size: 12pt">Cuide la higiene de los alimentos que consume.</span></li>
<li><span style="font-family: verdana, geneva;font-size: 12pt">Si Ud. o algún miembro de tu familia presentan algún síntoma consulten de inmediato al médico.</span></li>
</ul>
<p><span style="font-family: verdana, geneva;font-size: 12pt">La inmediatez en el tratamiento es la clave para el éxito en la mejoría del paciente con cólera, pues de esa forma se reponen rapidamente los líquidos y electrolitos que se pierden por la diarrea y el vómito.</span></p>

<p>Para el cólera Lavado de manos después de ir al baño y antes de preparar o consumir alimentos. Lavar y desinfectar frutas y verduras. Consumir solo agua desinfectada con cloro, filtrada, hervida o mineral. Evitar consumir alimentos en la calle o hacerlo solo en lugares limpios. Consumir pescados y mariscos bien cocidos o fritos. Los [&hellip;]</p>
