{"id":18,"date":"2020-09-10T03:19:09","date_gmt":"2020-09-10T03:19:09","guid":{"rendered":"http:\/\/blogs.sld.cu\/conjuntivitis\/?page_id=18"},"modified":"2020-09-22T01:42:00","modified_gmt":"2020-09-22T01:42:00","slug":"segun-su-causa-la-conjuntivitis-se-clasifica-en","status":"publish","type":"page","link":"https:\/\/blogs.sld.cu\/conjuntivitis\/segun-su-causa-la-conjuntivitis-se-clasifica-en\/","title":{"rendered":"Seg\u00fan su causa la conjuntivitis se clasifica en:"},"content":{"rendered":"<p><span style=\"font-size: 12pt\"><span style=\"color: #0000ff\"><strong>\u2022 Bacteriana:<\/strong><\/span> Diferentes bacterias pueden ser responsables de la infecci\u00f3n. En la conjuntivitis bacteriana los s\u00edntomas del ojo enrojecido est\u00e1n generalmente asociados con lagrimeo de color verdoso o amarillento. A menudo, tambi\u00e9n est\u00e1n presentes s\u00edntomas tales como la congesti\u00f3n de los senos paranasales y mucosidad nasal. Los p\u00e1rpados pueden edematizarse. Se caracterizan por secreci\u00f3n abundante y amarillenta, y formaci\u00f3n de papilas en la conjuntiva palpebral. Se tratan con higiene ocular y antibi\u00f3ticos t\u00f3picos. La conjuntivitis bacteriana es muy contagiosa, pero generalmente se cura entre 7 y 10 d\u00edas despu\u00e9s del comienzo de los s\u00edntomas.<\/span><\/p>\n<p><span style=\"font-size: 12pt\"><a href=\"http:\/\/blogs.sld.cu\/conjuntivitis\/files\/2020\/09\/conj-bact-myor-en-OI.jpg\"><img loading=\"lazy\" class=\" size-full wp-image-19 aligncenter\" src=\"http:\/\/blogs.sld.cu\/conjuntivitis\/files\/2020\/09\/conj-bact-myor-en-OI.jpg\" alt=\"conj bact myor en OI\" width=\"270\" height=\"187\" \/><\/a><\/span><br \/>\n<span style=\"font-size: 12pt\"> <span style=\"color: #0000ff\"><strong>\u2022 V\u00edricas:<\/strong><\/span> son las m\u00e1s frecuentes, producidas generalmente por adenovirus, con menos lega\u00f1as y posible afectaci\u00f3n corneal dolorosa. Son muy contagiosas y habitualmente remiten espont\u00e1neamente, aunque se suele pautar tratamiento sintom\u00e1tico t\u00f3pico (anti-inflamatorios) y lavados frecuentes. Son producidas por las manos, toallas o hasta estornudos. Los s\u00edntomas son enrojecimiento de los ojos, eritema biocular, lagrimeo, costras amarilla, ojos con escleras hiperemicas, epifora, conjuntivas hiperemicas. Se compromete en algunos casos la c\u00f3rnea.<\/span><\/p>\n<p><span style=\"font-size: 12pt\"><a href=\"http:\/\/blogs.sld.cu\/conjuntivitis\/files\/2020\/09\/conj-viral.jpg\"><img loading=\"lazy\" class=\" size-full wp-image-20 aligncenter\" src=\"http:\/\/blogs.sld.cu\/conjuntivitis\/files\/2020\/09\/conj-viral.jpg\" alt=\"conj viral\" width=\"275\" height=\"183\" \/><\/a><\/span><br \/>\n<span style=\"font-size: 12pt\"> <span style=\"color: #0000ff\"><strong>\u2022 Al\u00e9rgicas:<\/strong><\/span> t\u00edpicamente estacionales, se distinguen por tener un importante picor, y por tener lega\u00f1as acuosas y frecuente asociaci\u00f3n con sinusitis.<\/span><\/p>\n<p><span style=\"font-size: 12pt\"><a href=\"http:\/\/blogs.sld.cu\/conjuntivitis\/files\/2020\/09\/Alergica.jpg\"><img loading=\"lazy\" class=\"aligncenter size-full wp-image-21\" src=\"http:\/\/blogs.sld.cu\/conjuntivitis\/files\/2020\/09\/Alergica.jpg\" alt=\"Alergica\" width=\"200\" height=\"133\" \/><\/a><\/span><br \/>\n<span style=\"font-size: 12pt\"> <span style=\"color: #0000ff\"><strong>\u2022 Por cuerpo extra\u00f1o:<\/strong><\/span> El mal uso de las lentes de contacto o lentillas, o si no est\u00e1n correctamente desinfectadas, facilita la introducci\u00f3n de los microbios causando conjuntivitis.<\/span><br \/>\n<span style=\"font-size: 12pt\"> <span style=\"color: #0000ff\"><strong>\u2022 Traum\u00e1ticas:<\/strong><\/span> Los ara\u00f1azos y los golpes facilitan la sobre-infecci\u00f3n conjuntival. Tambi\u00e9n entre este grupo pudi\u00e9ramos incluir la conjuntivitis act\u00ednica es una inflamaci\u00f3n del ojo contra\u00edda de una exposici\u00f3n prolongada a los rayos act\u00ednicos (ultravioleta). Los s\u00edntomas son enrojecimiento e hinchaz\u00f3n de la exposici\u00f3n prolongada a la luz de Klieg, l\u00e1mparas terap\u00e9uticas, o antorchas de acetileno. Otros nombres para la enfermedad incluyen la conjuntivitis de Klieg, quemadura de ojos, conjuntivitis del soldador, queratoconjuntivitis por flash, la oftalm\u00eda rayos act\u00ednicos, la oftalm\u00eda de rayos X y rayos ultravioleta<\/span><\/p>\n<p><span style=\"font-size: 12pt\"><a href=\"http:\/\/blogs.sld.cu\/conjuntivitis\/files\/2020\/09\/traumatica.jpg\"><img loading=\"lazy\" class=\"aligncenter size-full wp-image-22\" src=\"http:\/\/blogs.sld.cu\/conjuntivitis\/files\/2020\/09\/traumatica.jpg\" alt=\"traumatica\" width=\"238\" height=\"168\" \/><\/a><\/span><\/p>\n<p style=\"text-align: right\"><a title=\"M\u00e1s sobre Conjuntivitis\" href=\"http:\/\/blogs.sld.cu\/conjuntivitis\/mas-sobre-conjuntivitis\/\">Continua&#8230;<\/a><\/p>\n","protected":false},"excerpt":{"rendered":"<p>\u2022 Bacteriana: Diferentes bacterias pueden ser responsables de la infecci\u00f3n. En la conjuntivitis bacteriana los s\u00edntomas del ojo enrojecido est\u00e1n generalmente asociados con lagrimeo de color verdoso o amarillento. A menudo, tambi\u00e9n est\u00e1n presentes s\u00edntomas tales como la congesti\u00f3n de los senos paranasales y mucosidad nasal. Los p\u00e1rpados pueden edematizarse. Se caracterizan por secreci\u00f3n abundante [&hellip;]<\/p>\n","protected":false},"author":127,"featured_media":0,"parent":0,"menu_order":0,"comment_status":"closed","ping_status":"closed","template":"","meta":[],"_links":{"self":[{"href":"https:\/\/blogs.sld.cu\/conjuntivitis\/wp-json\/wp\/v2\/pages\/18"}],"collection":[{"href":"https:\/\/blogs.sld.cu\/conjuntivitis\/wp-json\/wp\/v2\/pages"}],"about":[{"href":"https:\/\/blogs.sld.cu\/conjuntivitis\/wp-json\/wp\/v2\/types\/page"}],"author":[{"embeddable":true,"href":"https:\/\/blogs.sld.cu\/conjuntivitis\/wp-json\/wp\/v2\/users\/127"}],"replies":[{"embeddable":true,"href":"https:\/\/blogs.sld.cu\/conjuntivitis\/wp-json\/wp\/v2\/comments?post=18"}],"version-history":[{"count":7,"href":"https:\/\/blogs.sld.cu\/conjuntivitis\/wp-json\/wp\/v2\/pages\/18\/revisions"}],"predecessor-version":[{"id":100,"href":"https:\/\/blogs.sld.cu\/conjuntivitis\/wp-json\/wp\/v2\/pages\/18\/revisions\/100"}],"wp:attachment":[{"href":"https:\/\/blogs.sld.cu\/conjuntivitis\/wp-json\/wp\/v2\/media?parent=18"}],"curies":[{"name":"wp","href":"https:\/\/api.w.org\/{rel}","templated":true}]}}

Según su causa la conjuntivitis se clasifica en:

<p><span style="font-size: 12pt"><span style="color: #0000ff"><strong>• Bacteriana:</strong></span> Diferentes bacterias pueden ser responsables de la infección. En la conjuntivitis bacteriana los síntomas del ojo enrojecido están generalmente asociados con lagrimeo de color verdoso o amarillento. A menudo, también están presentes síntomas tales como la congestión de los senos paranasales y mucosidad nasal. Los párpados pueden edematizarse. Se caracterizan por secreción abundante y amarillenta, y formación de papilas en la conjuntiva palpebral. Se tratan con higiene ocular y antibióticos tópicos. La conjuntivitis bacteriana es muy contagiosa, pero generalmente se cura entre 7 y 10 días después del comienzo de los síntomas.</span></p>
<p><span style="font-size: 12pt"><a href="http://blogs.sld.cu/conjuntivitis/files/2020/09/conj-bact-myor-en-OI.jpg"><img loading="lazy" class=" size-full wp-image-19 aligncenter" src="http://blogs.sld.cu/conjuntivitis/files/2020/09/conj-bact-myor-en-OI.jpg" alt="conj bact myor en OI" width="270" height="187" /></a></span><br />
<span style="font-size: 12pt"> <span style="color: #0000ff"><strong>• Víricas:</strong></span> son las más frecuentes, producidas generalmente por adenovirus, con menos legañas y posible afectación corneal dolorosa. Son muy contagiosas y habitualmente remiten espontáneamente, aunque se suele pautar tratamiento sintomático tópico (anti-inflamatorios) y lavados frecuentes. Son producidas por las manos, toallas o hasta estornudos. Los síntomas son enrojecimiento de los ojos, eritema biocular, lagrimeo, costras amarilla, ojos con escleras hiperemicas, epifora, conjuntivas hiperemicas. Se compromete en algunos casos la córnea.</span></p>
<p><span style="font-size: 12pt"><a href="http://blogs.sld.cu/conjuntivitis/files/2020/09/conj-viral.jpg"><img loading="lazy" class=" size-full wp-image-20 aligncenter" src="http://blogs.sld.cu/conjuntivitis/files/2020/09/conj-viral.jpg" alt="conj viral" width="275" height="183" /></a></span><br />
<span style="font-size: 12pt"> <span style="color: #0000ff"><strong>• Alérgicas:</strong></span> típicamente estacionales, se distinguen por tener un importante picor, y por tener legañas acuosas y frecuente asociación con sinusitis.</span></p>
<p><span style="font-size: 12pt"><a href="http://blogs.sld.cu/conjuntivitis/files/2020/09/Alergica.jpg"><img loading="lazy" class="aligncenter size-full wp-image-21" src="http://blogs.sld.cu/conjuntivitis/files/2020/09/Alergica.jpg" alt="Alergica" width="200" height="133" /></a></span><br />
<span style="font-size: 12pt"> <span style="color: #0000ff"><strong>• Por cuerpo extraño:</strong></span> El mal uso de las lentes de contacto o lentillas, o si no están correctamente desinfectadas, facilita la introducción de los microbios causando conjuntivitis.</span><br />
<span style="font-size: 12pt"> <span style="color: #0000ff"><strong>• Traumáticas:</strong></span> Los arañazos y los golpes facilitan la sobre-infección conjuntival. También entre este grupo pudiéramos incluir la conjuntivitis actínica es una inflamación del ojo contraída de una exposición prolongada a los rayos actínicos (ultravioleta). Los síntomas son enrojecimiento e hinchazón de la exposición prolongada a la luz de Klieg, lámparas terapéuticas, o antorchas de acetileno. Otros nombres para la enfermedad incluyen la conjuntivitis de Klieg, quemadura de ojos, conjuntivitis del soldador, queratoconjuntivitis por flash, la oftalmía rayos actínicos, la oftalmía de rayos X y rayos ultravioleta</span></p>
<p><span style="font-size: 12pt"><a href="http://blogs.sld.cu/conjuntivitis/files/2020/09/traumatica.jpg"><img loading="lazy" class="aligncenter size-full wp-image-22" src="http://blogs.sld.cu/conjuntivitis/files/2020/09/traumatica.jpg" alt="traumatica" width="238" height="168" /></a></span></p>
<p style="text-align: right"><a title="Más sobre Conjuntivitis" href="http://blogs.sld.cu/conjuntivitis/mas-sobre-conjuntivitis/">Continua&#8230;</a></p>

<p>• Bacteriana: Diferentes bacterias pueden ser responsables de la infección. En la conjuntivitis bacteriana los síntomas del ojo enrojecido están generalmente asociados con lagrimeo de color verdoso o amarillento. A menudo, también están presentes síntomas tales como la congestión de los senos paranasales y mucosidad nasal. Los párpados pueden edematizarse. Se caracterizan por secreción abundante [&hellip;]</p>
