{"id":42,"date":"2020-09-10T04:40:56","date_gmt":"2020-09-10T04:40:56","guid":{"rendered":"http:\/\/blogs.sld.cu\/conjuntivitis\/?page_id=42"},"modified":"2020-10-06T02:27:31","modified_gmt":"2020-10-06T02:27:31","slug":"preguntas-frecuentes","status":"publish","type":"page","link":"https:\/\/blogs.sld.cu\/conjuntivitis\/preguntas-frecuentes\/","title":{"rendered":"Preguntas frecuentes"},"content":{"rendered":"<p><span style=\"font-size: 12pt\">En este espacio podr\u00e1s encontrar preguntas frecuentes acerca de la conjuntivitis:<\/span><br \/>\n<span style=\"font-size: 12pt\"> \u2022 \u00bfQu\u00e9 gotas sirven para la conjuntivitis?<\/span><\/p>\n<p><span style=\"font-size: 12pt\">La soluci\u00f3n de ciprofloxacina oft\u00e1lmica se usa para tratar infecciones bacterianas del ojo, que incluyen conjuntivitis (infecci\u00f3n de la membrana que cubre el exterior del globo ocular y el interior del p\u00e1rpado)<\/span><\/p>\n<p><span style=\"font-size: 12pt\">\u2022 \u00bfCu\u00e1nto tiempo dura la conjuntivitis?<\/span><\/p>\n<p><span style=\"font-size: 12pt\">Por norma general los s\u00edntomas est\u00e1n presentes entre una y dos semanas. Lo ideal es seguir las indicaciones recomendadas por el oftalm\u00f3logo para evitar que la duraci\u00f3n sea mayor. Conjuntivitis bacteriana. Su duraci\u00f3n suele oscilar entre siete y diez d\u00edas, siempre que trate de manera adecuada<\/span><\/p>\n<p><span style=\"font-size: 12pt\">\u2022 \u00bfC\u00f3mo eliminar la conjuntivitis en el ojo?<\/span><\/p>\n<p><span style=\"font-size: 12pt\">En caso de sufrir conjuntivitis, se deben limpiar los ojos con cuidado, utilizando una gasa est\u00e9ril y suero fisiol\u00f3gico, para seguidamente aplicar gotas oft\u00e1lmicas dentro del ojo.<\/span><\/p>\n","protected":false},"excerpt":{"rendered":"<p>En este espacio podr\u00e1s encontrar preguntas frecuentes acerca de la conjuntivitis: \u2022 \u00bfQu\u00e9 gotas sirven para la conjuntivitis? La soluci\u00f3n de ciprofloxacina oft\u00e1lmica se usa para tratar infecciones bacterianas del ojo, que incluyen conjuntivitis (infecci\u00f3n de la membrana que cubre el exterior del globo ocular y el interior del p\u00e1rpado) \u2022 \u00bfCu\u00e1nto tiempo dura la [&hellip;]<\/p>\n","protected":false},"author":127,"featured_media":0,"parent":0,"menu_order":0,"comment_status":"closed","ping_status":"closed","template":"","meta":[],"_links":{"self":[{"href":"https:\/\/blogs.sld.cu\/conjuntivitis\/wp-json\/wp\/v2\/pages\/42"}],"collection":[{"href":"https:\/\/blogs.sld.cu\/conjuntivitis\/wp-json\/wp\/v2\/pages"}],"about":[{"href":"https:\/\/blogs.sld.cu\/conjuntivitis\/wp-json\/wp\/v2\/types\/page"}],"author":[{"embeddable":true,"href":"https:\/\/blogs.sld.cu\/conjuntivitis\/wp-json\/wp\/v2\/users\/127"}],"replies":[{"embeddable":true,"href":"https:\/\/blogs.sld.cu\/conjuntivitis\/wp-json\/wp\/v2\/comments?post=42"}],"version-history":[{"count":5,"href":"https:\/\/blogs.sld.cu\/conjuntivitis\/wp-json\/wp\/v2\/pages\/42\/revisions"}],"predecessor-version":[{"id":126,"href":"https:\/\/blogs.sld.cu\/conjuntivitis\/wp-json\/wp\/v2\/pages\/42\/revisions\/126"}],"wp:attachment":[{"href":"https:\/\/blogs.sld.cu\/conjuntivitis\/wp-json\/wp\/v2\/media?parent=42"}],"curies":[{"name":"wp","href":"https:\/\/api.w.org\/{rel}","templated":true}]}}