{"id":55,"date":"2021-03-17T22:36:03","date_gmt":"2021-03-17T22:36:03","guid":{"rendered":"http:\/\/blogs.sld.cu\/dengue\/?page_id=55"},"modified":"2023-03-06T15:35:39","modified_gmt":"2023-03-06T20:35:39","slug":"causassintomas","status":"publish","type":"page","link":"https:\/\/blogs.sld.cu\/dengue\/causassintomas\/","title":{"rendered":"S\u00edntomas y signos"},"content":{"rendered":"<p>Aunque la mayor\u00eda de los casos son asintom\u00e1ticos o presentan s\u00edntomas leves, el dengue puede manifestarse como una enfermedad grave que afecta a lactantes, ni\u00f1os peque\u00f1os y adultos, aunque raras veces resulta letal.<\/p>\n<p>En general, los ni\u00f1os peque\u00f1os y las personas que tienen su primera infecci\u00f3n con dengue presentan formas m\u00e1s leves de la enfermedad que los ni\u00f1os mayores y los adultos.<\/p>\n<p><span style=\"color: #b51b1b;\">Los s\u00edntomas se presentan al cabo de un periodo de incubaci\u00f3n de 4 a 10 d\u00edas despu\u00e9s de la picadura de un mosquito infectado y duran por lo com\u00fan entre 2 y 7 d\u00edas.<\/span><\/p>\n<p>La <a href=\"https:\/\/www.who.int\/es\/news-room\/fact-sheets\/detail\/dengue-and-severe-dengue\" target=\"_blank\" rel=\"noopener\">Organizaci\u00f3n Mundial de la Salud<\/a> clasifica el dengue en dos categor\u00edas principales: dengue (con o sin signos de alarma) y dengue grave. La clasificaci\u00f3n secundaria de dengue con o sin signos de alarma est\u00e1 concebida para ayudar a los profesionales de la salud a seleccionar pacientes para su ingreso hospitalario, a fin de someterlos a observaci\u00f3n estrecha, y reducir al m\u00ednimo el riesgo de que evolucionen hacia la forma m\u00e1s grave de dengue.<\/p>\n<p><a href=\"http:\/\/blogs.sld.cu\/dengue\/files\/2021\/03\/DengueSymptomsA_esp.jpg\" target=\"_blank\" rel=\"noopener\"><img loading=\"lazy\" class=\"alignleft wp-image-106\" title=\"Ampliar\" src=\"http:\/\/blogs.sld.cu\/dengue\/files\/2021\/03\/DengueSymptomsA_esp.jpg\" alt=\"\" width=\"300\" height=\"338\" srcset=\"https:\/\/blogs.sld.cu\/dengue\/files\/2021\/03\/DengueSymptomsA_esp.jpg 744w, https:\/\/blogs.sld.cu\/dengue\/files\/2021\/03\/DengueSymptomsA_esp-266x300.jpg 266w, https:\/\/blogs.sld.cu\/dengue\/files\/2021\/03\/DengueSymptomsA_esp-250x282.jpg 250w\" sizes=\"(max-width: 300px) 100vw, 300px\" \/><\/a>Se sospecha que una persona tiene dengue cuando presenta una fiebre elevada (40 \u00b0C\/104 \u00b0F) acompa\u00f1ada de dos de los siguientes s\u00edntomas durante la fase febril (2 a 7 d\u00edas):<\/p>\n<p>&#8211; dolor de cabeza muy intenso<\/p>\n<p>&#8211; dolor detr\u00e1s de los globos oculares<\/p>\n<p>&#8211; dolores musculares y articulares<\/p>\n<p>&#8211; n\u00e1useas<\/p>\n<p>&#8211; v\u00f3mitos<\/p>\n<p>&#8211; agrandamiento de ganglios linf\u00e1ticos<\/p>\n<p>&#8211; sarpullido<\/p>\n<p>En general, los ni\u00f1os peque\u00f1os y las personas que se infectan por primera vez presentan formas m\u00e1s leves de la enfermedad que los ni\u00f1os mayores y los adultos. Los s\u00edntomas leves del dengue pueden confundirse con otras enfermedades que causan fiebre, molestias, dolores y sarpullido.<\/p>\n<h1>Vea m\u00e1s:<\/h1>\n<p>\u00bb <a href=\"https:\/\/blogs.sld.cu\/dengue\/fases-de-la-enfermedad\/\">Fases de la enfermedad<\/a><\/p>\n<p>\u00bb <a href=\"https:\/\/blogs.sld.cu\/dengue\/dengue-grave\/\" rel=\"noopener\">Dengue grave o hemorr\u00e1gico<\/a><\/p>\n","protected":false},"excerpt":{"rendered":"<p>Aunque la mayor\u00eda de los casos son asintom\u00e1ticos o presentan s\u00edntomas leves, el dengue puede manifestarse como una enfermedad grave que afecta a lactantes, ni\u00f1os peque\u00f1os y adultos, aunque raras veces resulta letal. En general, los ni\u00f1os peque\u00f1os y las personas que tienen su primera infecci\u00f3n con dengue presentan formas m\u00e1s leves de la enfermedad [&hellip;]<\/p>\n","protected":false},"author":208,"featured_media":0,"parent":0,"menu_order":0,"comment_status":"closed","ping_status":"open","template":"","meta":[],"_links":{"self":[{"href":"https:\/\/blogs.sld.cu\/dengue\/wp-json\/wp\/v2\/pages\/55"}],"collection":[{"href":"https:\/\/blogs.sld.cu\/dengue\/wp-json\/wp\/v2\/pages"}],"about":[{"href":"https:\/\/blogs.sld.cu\/dengue\/wp-json\/wp\/v2\/types\/page"}],"author":[{"embeddable":true,"href":"https:\/\/blogs.sld.cu\/dengue\/wp-json\/wp\/v2\/users\/208"}],"replies":[{"embeddable":true,"href":"https:\/\/blogs.sld.cu\/dengue\/wp-json\/wp\/v2\/comments?post=55"}],"version-history":[{"count":50,"href":"https:\/\/blogs.sld.cu\/dengue\/wp-json\/wp\/v2\/pages\/55\/revisions"}],"predecessor-version":[{"id":521,"href":"https:\/\/blogs.sld.cu\/dengue\/wp-json\/wp\/v2\/pages\/55\/revisions\/521"}],"wp:attachment":[{"href":"https:\/\/blogs.sld.cu\/dengue\/wp-json\/wp\/v2\/media?parent=55"}],"curies":[{"name":"wp","href":"https:\/\/api.w.org\/{rel}","templated":true}]}}