{"id":58,"date":"2020-04-17T00:20:11","date_gmt":"2020-04-17T00:20:11","guid":{"rendered":"http:\/\/blogs.sld.cu\/dermatitis\/?page_id=58"},"modified":"2020-05-17T16:40:15","modified_gmt":"2020-05-17T16:40:15","slug":"tratamiento","status":"publish","type":"page","link":"https:\/\/blogs.sld.cu\/dermatitis\/tratamiento\/","title":{"rendered":"Tratamiento"},"content":{"rendered":"<p><span style=\"font-size: 12pt\">La dermatitis no es contagiosa y su tratamiento depende del tipo de causa. Lo rigen los principios generales, el tratamiento general, y el tratamiento local.<\/span><br \/>\n<span style=\"font-size: 12pt\"> <strong>Principios Generales:<\/strong><\/span><br \/>\n<span style=\"font-size: 12pt\"> -Eliminar la o las causas que genera la dermatitis.<\/span><br \/>\n<span style=\"font-size: 12pt\"> -Eliminar o disminuir los factores que favorecen la aparici\u00f3n o mantenimiento de las dermatitis<\/span><br \/>\n<span style=\"font-size: 12pt\"> -Aliviar el prurito<\/span><br \/>\n<span style=\"font-size: 12pt\"> -Suprimir el uso de jab\u00f3n.<\/span><br \/>\n<span style=\"font-size: 12pt\"> -Tranquilizar al paciente, en el sentido que la dermatitis, cuando no esta infectada, no es contagiosa, y la piel cura sin cicatriz.<\/span><br \/>\n<span style=\"font-size: 12pt\"> -En adultos si existe dermatitis diseminada y persistente, se deben eliminar posibles causas generales como leucosis, discrasias hem\u00e1ticas, hepatopat\u00edas y linfomas.<\/span><br \/>\n<span style=\"font-size: 12pt\"> -Recordar que los medicamentos administrados por v\u00eda interna pueden producir una dermatitis medicamentosa.<\/span><br \/>\n<span style=\"font-size: 12pt\"> -Evitar el uso de medicamentos t\u00f3picos irritantes o sensibilizantes. No usar preparados con penicilinas, sulfas, y benzoca\u00edna.<\/span><br \/>\n<span style=\"font-size: 12pt\"> -Evitar la exposici\u00f3n al sol en la fase aguda.<\/span><br \/>\n<span style=\"font-size: 12pt\"> &#8211; Variar las aplicaciones locales de acuerdo al estado de la piel, variando las mismas, con asesor\u00eda m\u00e9dica.<\/span><br \/>\n<span style=\"font-size: 12pt\"> -En Dermatitis profesionales conocer los medios de protecci\u00f3n a usar.<\/span><br \/>\n<span style=\"font-size: 12pt\"> <strong>Tratamiento General:<\/strong><\/span><br \/>\n<span style=\"font-size: 12pt\"> -Se utilizan antihistam\u00ednicos,<\/span><br \/>\n<span style=\"font-size: 12pt\"> -Corticoides t\u00f3picos, orales y v\u00eda endovenosa, seg\u00fan magnitud del cuadro cut\u00e1neo del paciente.<\/span><br \/>\n<span style=\"font-size: 12pt\"> -Sedantes<\/span><br \/>\n<span style=\"font-size: 12pt\"> -Antibi\u00f3ticos en casos de infecci\u00f3n secundaria<\/span><br \/>\n<span style=\"font-size: 12pt\"> <strong>Tratamiento local:<\/strong><\/span><\/p>\n<p><span style=\"font-size: 12pt\"><strong>En fase aguda:<\/strong> si el proceso es generalizado, ba\u00f1os de almidon, manzanilla, sulfato de zinc y cobre, avena, etc. Si el proceso es localizado se recomienda el uso de fomentos de acetato de al\u00famina, suero fisiol\u00f3gico.<\/span><br \/>\n<span style=\"font-size: 12pt\"> Se pueden usar de forma general los linimentos oleocalc\u00e1reo, y de zinc y calamina, asi como las emulsiones.<\/span><\/p>\n<p><span style=\"font-size: 12pt\"><strong>Fase subaguda<\/strong>: Ba\u00f1os, fomentos, tratamientos combinados, pomadas corticosteroides, loci\u00f3n de zinc con medicamentos antipruriginosos, linimentos y emulsiones.<\/span><\/p>\n<p><span style=\"font-size: 12pt\"><strong>Fase cr\u00f3nica:<\/strong> pomadas de corticosteroides, antiprur\u00edticos, y quaratol\u00edticos. Puede usarse radioterapia superficial en algunos casos.<\/span><\/p>\n","protected":false},"excerpt":{"rendered":"<p>La dermatitis no es contagiosa y su tratamiento depende del tipo de causa. Lo rigen los principios generales, el tratamiento general, y el tratamiento local. Principios Generales: -Eliminar la o las causas que genera la dermatitis. -Eliminar o disminuir los factores que favorecen la aparici\u00f3n o mantenimiento de las dermatitis -Aliviar el prurito -Suprimir el [&hellip;]<\/p>\n","protected":false},"author":212,"featured_media":0,"parent":0,"menu_order":0,"comment_status":"closed","ping_status":"closed","template":"","meta":[],"_links":{"self":[{"href":"https:\/\/blogs.sld.cu\/dermatitis\/wp-json\/wp\/v2\/pages\/58"}],"collection":[{"href":"https:\/\/blogs.sld.cu\/dermatitis\/wp-json\/wp\/v2\/pages"}],"about":[{"href":"https:\/\/blogs.sld.cu\/dermatitis\/wp-json\/wp\/v2\/types\/page"}],"author":[{"embeddable":true,"href":"https:\/\/blogs.sld.cu\/dermatitis\/wp-json\/wp\/v2\/users\/212"}],"replies":[{"embeddable":true,"href":"https:\/\/blogs.sld.cu\/dermatitis\/wp-json\/wp\/v2\/comments?post=58"}],"version-history":[{"count":6,"href":"https:\/\/blogs.sld.cu\/dermatitis\/wp-json\/wp\/v2\/pages\/58\/revisions"}],"predecessor-version":[{"id":233,"href":"https:\/\/blogs.sld.cu\/dermatitis\/wp-json\/wp\/v2\/pages\/58\/revisions\/233"}],"wp:attachment":[{"href":"https:\/\/blogs.sld.cu\/dermatitis\/wp-json\/wp\/v2\/media?parent=58"}],"curies":[{"name":"wp","href":"https:\/\/api.w.org\/{rel}","templated":true}]}}