{"id":87,"date":"2020-04-18T04:26:08","date_gmt":"2020-04-18T04:26:08","guid":{"rendered":"http:\/\/blogs.sld.cu\/dermatitis\/?page_id=87"},"modified":"2020-12-26T00:19:28","modified_gmt":"2020-12-26T00:19:28","slug":"dermatitis-dishidrotica","status":"publish","type":"page","link":"https:\/\/blogs.sld.cu\/dermatitis\/dermatitis-dishidrotica\/","title":{"rendered":"Dermatitis dishidr\u00f3tica"},"content":{"rendered":"<p style=\"background: white;margin: 7.5pt 0cm 7.5pt 0cm\"><span style=\"font-family: 'Helvetica', 'sans-serif';color: #707070;font-size: 12pt\">Tambi\u00e9n llamada ponf\u00f3lix. Es una reacci\u00f3n dermat\u00edtica cr\u00f3nica de causa desconocida. Aparece de forma s\u00fabita con ves\u00edculas y bulas profundas de contenido claro en los bordes de los dedos, palmas y plantas.<\/span><\/p>\n<p style=\"background: white;margin: 7.5pt 0cm 7.5pt 0cm\"><span style=\"font-family: 'Helvetica', 'sans-serif';color: #707070;font-size: 12pt\">Los pacientes refieren antecedentes\u00a0de hiperhidrosis (mucha sudoraci\u00f3n) en palmas de manos y planta de los pies. El estr\u00e9s emocional es un factor precipitante importante.<\/span><\/p>\n<p><span style=\"font-size: 12pt\"><a href=\"http:\/\/blogs.sld.cu\/dermatitis\/files\/2020\/04\/dermatitis-dishidrotica.jpg\"><img loading=\"lazy\" class=\"alignnone size-medium wp-image-115\" src=\"http:\/\/blogs.sld.cu\/dermatitis\/files\/2020\/04\/dermatitis-dishidrotica-300x156.jpg\" alt=\"dermatitis dishidrotica\" width=\"300\" height=\"156\" srcset=\"https:\/\/blogs.sld.cu\/dermatitis\/files\/2020\/04\/dermatitis-dishidrotica-300x156.jpg 300w, https:\/\/blogs.sld.cu\/dermatitis\/files\/2020\/04\/dermatitis-dishidrotica.jpg 311w\" sizes=\"(max-width: 300px) 100vw, 300px\" \/><\/a><\/span><\/p>\n","protected":false},"excerpt":{"rendered":"<p>Tambi\u00e9n llamada ponf\u00f3lix. Es una reacci\u00f3n dermat\u00edtica cr\u00f3nica de causa desconocida. Aparece de forma s\u00fabita con ves\u00edculas y bulas profundas de contenido claro en los bordes de los dedos, palmas y plantas. Los pacientes refieren antecedentes\u00a0de hiperhidrosis (mucha sudoraci\u00f3n) en palmas de manos y planta de los pies. El estr\u00e9s emocional es un factor precipitante [&hellip;]<\/p>\n","protected":false},"author":208,"featured_media":0,"parent":0,"menu_order":0,"comment_status":"closed","ping_status":"closed","template":"sidebar-content.php","meta":[],"_links":{"self":[{"href":"https:\/\/blogs.sld.cu\/dermatitis\/wp-json\/wp\/v2\/pages\/87"}],"collection":[{"href":"https:\/\/blogs.sld.cu\/dermatitis\/wp-json\/wp\/v2\/pages"}],"about":[{"href":"https:\/\/blogs.sld.cu\/dermatitis\/wp-json\/wp\/v2\/types\/page"}],"author":[{"embeddable":true,"href":"https:\/\/blogs.sld.cu\/dermatitis\/wp-json\/wp\/v2\/users\/208"}],"replies":[{"embeddable":true,"href":"https:\/\/blogs.sld.cu\/dermatitis\/wp-json\/wp\/v2\/comments?post=87"}],"version-history":[{"count":7,"href":"https:\/\/blogs.sld.cu\/dermatitis\/wp-json\/wp\/v2\/pages\/87\/revisions"}],"predecessor-version":[{"id":274,"href":"https:\/\/blogs.sld.cu\/dermatitis\/wp-json\/wp\/v2\/pages\/87\/revisions\/274"}],"wp:attachment":[{"href":"https:\/\/blogs.sld.cu\/dermatitis\/wp-json\/wp\/v2\/media?parent=87"}],"curies":[{"name":"wp","href":"https:\/\/api.w.org\/{rel}","templated":true}]}}