{"id":29,"date":"2026-04-27T16:30:41","date_gmt":"2026-04-27T21:30:41","guid":{"rendered":"https:\/\/blogs.sld.cu\/deteccionautismo\/?page_id=29"},"modified":"2026-05-04T16:13:29","modified_gmt":"2026-05-04T21:13:29","slug":"intervencion","status":"publish","type":"page","link":"https:\/\/blogs.sld.cu\/deteccionautismo\/intervencion\/","title":{"rendered":"Intervenci\u00f3n temprana"},"content":{"rendered":"<p>Intervenir temprano mejora el pron\u00f3stico, incluso antes de contar con un diagn\u00f3stico definitivo. Un aspecto clave es la comunicaci\u00f3n de los signos de alerta a la familia, los profesionales deben:<\/p>\n<ol>\n<li>Explicar que se trata de indicadores de riesgo, no etiquetas diagn\u00f3sticas, que incluso puede que no est\u00e9 presente.<\/li>\n<li>Enfatizar el valor preventivo de la evaluaci\u00f3n temprana.<\/li>\n<li>Evitar lenguaje alarmista o determinista.<\/li>\n<li>Validar las preocupaciones parentales.<\/li>\n<\/ol>\n<p>Una <strong>comunicaci\u00f3n adecuada<\/strong> mejora la adherencia de los padres a la evaluaci\u00f3n y por tanto brinda la posibilidad de dar seguimiento al ni\u00f1o y de que la familia comprenda la importancia de hacer lo orientado por el profesional respecto a la adecuada estimulaci\u00f3n del ni\u00f1o.<\/p>\n<p>Adem\u00e1s de reducir la ansiedad familiar que puede conllevar a una actitud de sobreprotecci\u00f3n o l\u00e1stima, negativa para el desarrollo sano del ni\u00f1o.<\/p>\n","protected":false},"excerpt":{"rendered":"<p>Intervenir temprano mejora el pron\u00f3stico, incluso antes de contar con un diagn\u00f3stico definitivo. Un aspecto clave es la comunicaci\u00f3n de los signos de alerta a la familia, los profesionales deben: Explicar que se trata de indicadores de riesgo, no etiquetas diagn\u00f3sticas, que incluso puede que no est\u00e9 presente. Enfatizar el valor preventivo de la evaluaci\u00f3n [&hellip;]<\/p>\n","protected":false},"author":163,"featured_media":0,"parent":0,"menu_order":0,"comment_status":"closed","ping_status":"closed","template":"sidebar-content.php","meta":[],"_links":{"self":[{"href":"https:\/\/blogs.sld.cu\/deteccionautismo\/wp-json\/wp\/v2\/pages\/29"}],"collection":[{"href":"https:\/\/blogs.sld.cu\/deteccionautismo\/wp-json\/wp\/v2\/pages"}],"about":[{"href":"https:\/\/blogs.sld.cu\/deteccionautismo\/wp-json\/wp\/v2\/types\/page"}],"author":[{"embeddable":true,"href":"https:\/\/blogs.sld.cu\/deteccionautismo\/wp-json\/wp\/v2\/users\/163"}],"replies":[{"embeddable":true,"href":"https:\/\/blogs.sld.cu\/deteccionautismo\/wp-json\/wp\/v2\/comments?post=29"}],"version-history":[{"count":4,"href":"https:\/\/blogs.sld.cu\/deteccionautismo\/wp-json\/wp\/v2\/pages\/29\/revisions"}],"predecessor-version":[{"id":123,"href":"https:\/\/blogs.sld.cu\/deteccionautismo\/wp-json\/wp\/v2\/pages\/29\/revisions\/123"}],"wp:attachment":[{"href":"https:\/\/blogs.sld.cu\/deteccionautismo\/wp-json\/wp\/v2\/media?parent=29"}],"curies":[{"name":"wp","href":"https:\/\/api.w.org\/{rel}","templated":true}]}}

Intervención temprana

<p>Intervenir temprano mejora el pronóstico, incluso antes de contar con un diagnóstico definitivo. Un aspecto clave es la comunicación de los signos de alerta a la familia, los profesionales deben:</p>
<ol>
<li>Explicar que se trata de indicadores de riesgo, no etiquetas diagnósticas, que incluso puede que no esté presente.</li>
<li>Enfatizar el valor preventivo de la evaluación temprana.</li>
<li>Evitar lenguaje alarmista o determinista.</li>
<li>Validar las preocupaciones parentales.</li>
</ol>
<p>Una <strong>comunicación adecuada</strong> mejora la adherencia de los padres a la evaluación y por tanto brinda la posibilidad de dar seguimiento al niño y de que la familia comprenda la importancia de hacer lo orientado por el profesional respecto a la adecuada estimulación del niño.</p>
<p>Además de reducir la ansiedad familiar que puede conllevar a una actitud de sobreprotección o lástima, negativa para el desarrollo sano del niño.</p>

<p>Intervenir temprano mejora el pronóstico, incluso antes de contar con un diagnóstico definitivo. Un aspecto clave es la comunicación de los signos de alerta a la familia, los profesionales deben: Explicar que se trata de indicadores de riesgo, no etiquetas diagnósticas, que incluso puede que no esté presente. Enfatizar el valor preventivo de la evaluación [&hellip;]</p>
