{"id":15,"date":"2020-04-27T02:45:46","date_gmt":"2020-04-27T02:45:46","guid":{"rendered":"http:\/\/blogs.sld.cu\/diabetesenpediatria\/?page_id=15"},"modified":"2022-01-27T19:31:09","modified_gmt":"2022-01-27T19:31:09","slug":"acerca-de","status":"publish","type":"page","link":"https:\/\/blogs.sld.cu\/diabetesenpediatria\/acerca-de\/","title":{"rendered":"Acerca de"},"content":{"rendered":"<p><span style=\"font-size: 12pt; font-family: verdana, geneva;\">Este sitio forma parte del\u00a0<strong>Portal de Enfermedades<\/strong>, <strong>de Infomed<\/strong>,\u00a0Centro Nacional de Informaci\u00f3n de Ciencias M\u00e9dicas, que est\u00e1 constituido por un grupo de personas e instituciones que trabajan para que la\u00a0informaci\u00f3n y el conocimiento de salud, lleguen a todos.<\/span><\/p>\n<p><span style=\"font-size: 12pt; font-family: verdana, geneva;\">Nuestro objetivo principal es el p\u00fablico en general\u00a0y los padres y familiares de los ni\u00f1os y ni\u00f1as que padecen de diabetes mellitus para que puedan \u00a0encontrar informaci\u00f3n en el sitio, sobre esta enfermedad.\u00a0<\/span><\/p>\n<p><span style=\"font-size: 12pt; font-family: verdana, geneva;\">La diabetes en ni\u00f1os y adolescentes es un problema de salud, que cuando se presenta es muy preocupante y angustiante para la familia.<\/span><\/p>\n<p><span style=\"font-size: 12pt; font-family: verdana, geneva;\">Es una enfermedad en la que el organismo no puede producir o utilizar la insulina, que es la hormona\u00a0que permite que la glucosa entre a\u00a0las c\u00e9lulas.<\/span><\/p>\n<p><span style=\"font-size: 12pt; font-family: verdana, geneva;\">\u00a0\u00bfQu\u00e9 es la diabetes? \u00bfQu\u00e9 la puede causar? \u00bfCu\u00e1les son los tipos de diabetes en los ni\u00f1os y adolescentes? \u00bfExiste forma de prevenirla? \u00bfQu\u00e9 se puede hacer para controlarla? \u00bfQu\u00e9 tipo de diabetes se presenta en los ni\u00f1os y los adolescentes? \u00bfC\u00f3mo es el tratamiento? \u00bfQu\u00e9 medicamentos se pueden utilizar?<\/span><\/p>\n<p><span style=\"font-size: 12pt; font-family: verdana, geneva;\">Su editor principal es el\u00a0<a title=\"Dr. Manuel A. Vera Gonz\u00e1lez\" href=\"http:\/\/blogs.sld.cu\/diabetesenpediatria\/dr-manuel-a-vera-gonzalez\/\"><strong>Dr. Manuel A. Vera Gonz\u00e1lez<\/strong>,<\/a> y la <strong>Doctora <a title=\"Dra. Roc\u00edo Rodr\u00edguez S\u00e1nchez\" href=\"http:\/\/blogs.sld.cu\/diabetesenpediatria\/rocio-rodriguez-sanchez\/\">Roc\u00edo Rodr\u00edguez S\u00e1nchez<\/a>,coeditora<\/strong> que les conducir\u00e1n por estas p\u00e1ginas de forma educativa e interactiva, responder\u00e1n las preguntas y explicar\u00e1n lo que puede hacer para\u00a0controlar su\u00a0 diabetes o la de un familiar, ya que aprender a vivir con ella es la clave para una buena calidad de vida.<\/span><\/p>\n","protected":false},"excerpt":{"rendered":"<p>Este sitio forma parte del\u00a0Portal de Enfermedades, de Infomed,\u00a0Centro Nacional de Informaci\u00f3n de Ciencias M\u00e9dicas, que est\u00e1 constituido por un grupo de personas e instituciones que trabajan para que la\u00a0informaci\u00f3n y el conocimiento de salud, lleguen a todos. Nuestro objetivo principal es el p\u00fablico en general\u00a0y los padres y familiares de los ni\u00f1os y ni\u00f1as [&hellip;]<\/p>\n","protected":false},"author":208,"featured_media":0,"parent":0,"menu_order":0,"comment_status":"closed","ping_status":"closed","template":"","meta":[],"_links":{"self":[{"href":"https:\/\/blogs.sld.cu\/diabetesenpediatria\/wp-json\/wp\/v2\/pages\/15"}],"collection":[{"href":"https:\/\/blogs.sld.cu\/diabetesenpediatria\/wp-json\/wp\/v2\/pages"}],"about":[{"href":"https:\/\/blogs.sld.cu\/diabetesenpediatria\/wp-json\/wp\/v2\/types\/page"}],"author":[{"embeddable":true,"href":"https:\/\/blogs.sld.cu\/diabetesenpediatria\/wp-json\/wp\/v2\/users\/208"}],"replies":[{"embeddable":true,"href":"https:\/\/blogs.sld.cu\/diabetesenpediatria\/wp-json\/wp\/v2\/comments?post=15"}],"version-history":[{"count":16,"href":"https:\/\/blogs.sld.cu\/diabetesenpediatria\/wp-json\/wp\/v2\/pages\/15\/revisions"}],"predecessor-version":[{"id":20,"href":"https:\/\/blogs.sld.cu\/diabetesenpediatria\/wp-json\/wp\/v2\/pages\/15\/revisions\/20"}],"wp:attachment":[{"href":"https:\/\/blogs.sld.cu\/diabetesenpediatria\/wp-json\/wp\/v2\/media?parent=15"}],"curies":[{"name":"wp","href":"https:\/\/api.w.org\/{rel}","templated":true}]}}