{"id":27,"date":"2020-04-27T04:47:14","date_gmt":"2020-04-27T04:47:14","guid":{"rendered":"http:\/\/blogs.sld.cu\/diabetesenpediatria\/?page_id=27"},"modified":"2021-04-15T06:45:58","modified_gmt":"2021-04-15T06:45:58","slug":"sintomas-y","status":"publish","type":"page","link":"https:\/\/blogs.sld.cu\/diabetesenpediatria\/sintomas-y\/","title":{"rendered":"Hipoglicemia"},"content":{"rendered":"<h2><span style=\"font-size: 12pt;font-family: verdana, geneva\"><strong>Lo que deben saber los que viven con Diabetes<br \/>\n<\/strong><\/span><\/h2>\n<p><span style=\"font-size: 12pt;font-family: verdana, geneva\">Si pregunt\u00e1ramos a personas con Diabetes Mellitus tipo 1 (DM1), tanto en edades pedi\u00e1tricas (ni\u00f1os y adolescentes) como en personas adultas, cu\u00e1l es la principal preocupaci\u00f3n en relaci\u00f3n con el tratamiento insul\u00ednico, lo m\u00e1s probable es que la mayor\u00eda responda \u201cla hipoglucemia\u201d, igual sucede al interrogar a los padres o familiares.<\/span><\/p>\n<p><span style=\"font-size: 12pt;font-family: verdana, geneva\">\u00a0<a href=\"http:\/\/blogs.sld.cu\/diabetesenpediatria\/files\/2020\/04\/niopensando.jpg\"><img loading=\"lazy\" class=\"alignnone  wp-image-207\" src=\"http:\/\/blogs.sld.cu\/diabetesenpediatria\/files\/2020\/04\/niopensando.jpg\" alt=\"ni{opensando\" width=\"380\" height=\"537\" srcset=\"https:\/\/blogs.sld.cu\/diabetesenpediatria\/files\/2020\/04\/niopensando.jpg 474w, https:\/\/blogs.sld.cu\/diabetesenpediatria\/files\/2020\/04\/niopensando-212x300.jpg 212w, https:\/\/blogs.sld.cu\/diabetesenpediatria\/files\/2020\/04\/niopensando-250x353.jpg 250w\" sizes=\"(max-width: 380px) 100vw, 380px\" \/><\/a><\/span><\/p>\n<p><span style=\"font-size: 12pt;font-family: verdana, geneva\">Dicha aprehensi\u00f3n tiende a ocasionar dificultades en el manejo diario, ya que, para evitar este evento, se prefiere mantener cifras elevadas de glucemia -lo que acelera la aparici\u00f3n de complicaciones cr\u00f3nicas microvasculares a largo plazo-. en vez de mantener cifras normales de glucemia (normoglucemia).<\/span><\/p>\n<p><span style=\"font-size: 12pt;font-family: verdana, geneva\">Pero, \u00bfqu\u00e9 es la hipoglucemia y por qu\u00e9 despierta este tipo de preocupaciones en pacientes y familiares?<\/span><\/p>\n<p><span style=\"font-size: 12pt;font-family: verdana, geneva\">En la literatura m\u00e9dica la Hipoglucemia se define como la concentraci\u00f3n de glucemia plasm\u00e1tica lo suficientemente baja para producir signos o s\u00edntomas compatibles con alteraci\u00f3n de la funci\u00f3n cerebral. Es el descenso del nivel de az\u00facar que genera afectaciones visibles en el estado general y de consciencia.<\/span><\/p>\n<p><span style=\"font-size: 12pt;font-family: verdana, geneva\">La mayor\u00eda de los episodios ligeros y moderados pasan inadvertidos o no son reflejados por los pacientes. Esto \u00faltimo responde a varias razones: 1) No le dan la importancia requerida 2) No lo recuerdan; lo consideran un fallo del tratamiento, o, lo que es m\u00e1s grave, 3) No son debidamente interrogados por el m\u00e9dico.<\/span><\/p>\n<h1><span style=\"font-size: 12pt;font-family: verdana, geneva\"><a title=\"Clasificaci\u00f3n de las hipoglicemias\" href=\"http:\/\/blogs.sld.cu\/diabetesenpediatria\/69-2\/\">Clasificaci\u00f3n de las hipoglicemias<\/a><\/span><\/h1>\n","protected":false},"excerpt":{"rendered":"<p>Lo que deben saber los que viven con Diabetes Si pregunt\u00e1ramos a personas con Diabetes Mellitus tipo 1 (DM1), tanto en edades pedi\u00e1tricas (ni\u00f1os y adolescentes) como en personas adultas, cu\u00e1l es la principal preocupaci\u00f3n en relaci\u00f3n con el tratamiento insul\u00ednico, lo m\u00e1s probable es que la mayor\u00eda responda \u201cla hipoglucemia\u201d, igual sucede al interrogar [&hellip;]<\/p>\n","protected":false},"author":208,"featured_media":0,"parent":0,"menu_order":0,"comment_status":"closed","ping_status":"closed","template":"","meta":[],"_links":{"self":[{"href":"https:\/\/blogs.sld.cu\/diabetesenpediatria\/wp-json\/wp\/v2\/pages\/27"}],"collection":[{"href":"https:\/\/blogs.sld.cu\/diabetesenpediatria\/wp-json\/wp\/v2\/pages"}],"about":[{"href":"https:\/\/blogs.sld.cu\/diabetesenpediatria\/wp-json\/wp\/v2\/types\/page"}],"author":[{"embeddable":true,"href":"https:\/\/blogs.sld.cu\/diabetesenpediatria\/wp-json\/wp\/v2\/users\/208"}],"replies":[{"embeddable":true,"href":"https:\/\/blogs.sld.cu\/diabetesenpediatria\/wp-json\/wp\/v2\/comments?post=27"}],"version-history":[{"count":15,"href":"https:\/\/blogs.sld.cu\/diabetesenpediatria\/wp-json\/wp\/v2\/pages\/27\/revisions"}],"predecessor-version":[{"id":269,"href":"https:\/\/blogs.sld.cu\/diabetesenpediatria\/wp-json\/wp\/v2\/pages\/27\/revisions\/269"}],"wp:attachment":[{"href":"https:\/\/blogs.sld.cu\/diabetesenpediatria\/wp-json\/wp\/v2\/media?parent=27"}],"curies":[{"name":"wp","href":"https:\/\/api.w.org\/{rel}","templated":true}]}}