{"id":23,"date":"2020-02-22T03:57:24","date_gmt":"2020-02-22T03:57:24","guid":{"rendered":"http:\/\/blogs.sld.cu\/dolor\/?page_id=23"},"modified":"2021-01-12T12:47:56","modified_gmt":"2021-01-12T12:47:56","slug":"recursos","status":"publish","type":"page","link":"https:\/\/blogs.sld.cu\/dolor\/recursos\/","title":{"rendered":"Recursos"},"content":{"rendered":"<p><span style=\"font-size: 10pt\"><a title=\"MedlinePlus\" href=\"https:\/\/medlineplus.gov\/spanish\/pain.html%20\">Dolor. MedlinePlus<\/a><\/span><\/p>\n<p><span style=\"font-size: 10pt\"><a href=\"https:\/\/www.queteduele.es\/dolor\/que-es.html\">Dolor. \u00bfQu\u00e9 te duele? <\/a><\/span><\/p>\n<p><span style=\"font-size: 10pt\"><a href=\"https:\/\/es.wikipedia.org\/wiki\/Dolor\">Dolor. Wikipedia<\/a><\/span><\/p>\n<p><span style=\"font-size: 10pt\"><a href=\"http:\/\/www.comsegovia.com\/paliativos\/pdf\/curso2014\/sesion2\/1%20DOLOR.DEFINI.DIAGINTERDISCIPLINAR.SESION2.pdf\">Dolor. Universidad de Segovia<\/a><\/span><\/p>\n<p><span style=\"font-size: 10pt\"><a href=\"http:\/\/www.sld.cu\/galerias\/pdf\/sitios\/rehabilitacion-doc\/dolor_1.pdf\">Dolor<\/a><\/span><\/p>\n<p><span style=\"font-size: 10pt\"><a href=\"https:\/\/www.dolor.com\/home_paciente.html\">Dolor.com<\/a><\/span><\/p>\n<p><span style=\"font-size: 10pt\"><a href=\"https:\/\/www.cancer.org\/es\/tratamiento\/tratamientos-y-efectos-secundarios\/efectos-secundarios-fisicos\/dolor\/otros-tipos.html\">Dolor agudo, cr\u00f3nico e interurrente<\/a><\/span><\/p>\n<p><span style=\"font-size: 10pt\"><a href=\"https:\/\/www.ecured.cu\/Dolor\">Dolor. Ecured<\/a><\/span><\/p>\n<p><span style=\"font-size: 10pt\"><a href=\"http:\/\/scielo.isciii.es\/scielo.php?script=sci_arttext&amp;pid=S0378-48352005000300006\">Tipos de dolor y escala iatrog\u00e9nica de la OMS<\/a><\/span><\/p>\n","protected":false},"excerpt":{"rendered":"<p>Dolor. MedlinePlus Dolor. \u00bfQu\u00e9 te duele? Dolor. Wikipedia Dolor. Universidad de Segovia Dolor Dolor.com Dolor agudo, cr\u00f3nico e interurrente Dolor. Ecured Tipos de dolor y escala iatrog\u00e9nica de la OMS<\/p>\n","protected":false},"author":208,"featured_media":0,"parent":0,"menu_order":0,"comment_status":"closed","ping_status":"open","template":"","meta":[],"_links":{"self":[{"href":"https:\/\/blogs.sld.cu\/dolor\/wp-json\/wp\/v2\/pages\/23"}],"collection":[{"href":"https:\/\/blogs.sld.cu\/dolor\/wp-json\/wp\/v2\/pages"}],"about":[{"href":"https:\/\/blogs.sld.cu\/dolor\/wp-json\/wp\/v2\/types\/page"}],"author":[{"embeddable":true,"href":"https:\/\/blogs.sld.cu\/dolor\/wp-json\/wp\/v2\/users\/208"}],"replies":[{"embeddable":true,"href":"https:\/\/blogs.sld.cu\/dolor\/wp-json\/wp\/v2\/comments?post=23"}],"version-history":[{"count":11,"href":"https:\/\/blogs.sld.cu\/dolor\/wp-json\/wp\/v2\/pages\/23\/revisions"}],"predecessor-version":[{"id":374,"href":"https:\/\/blogs.sld.cu\/dolor\/wp-json\/wp\/v2\/pages\/23\/revisions\/374"}],"wp:attachment":[{"href":"https:\/\/blogs.sld.cu\/dolor\/wp-json\/wp\/v2\/media?parent=23"}],"curies":[{"name":"wp","href":"https:\/\/api.w.org\/{rel}","templated":true}]}}