{"id":25,"date":"2020-02-22T03:58:13","date_gmt":"2020-02-22T03:58:13","guid":{"rendered":"http:\/\/blogs.sld.cu\/dolor\/?page_id=25"},"modified":"2021-01-12T12:49:10","modified_gmt":"2021-01-12T12:49:10","slug":"preguntas-y-respuestas","status":"publish","type":"page","link":"https:\/\/blogs.sld.cu\/dolor\/preguntas-y-respuestas\/","title":{"rendered":"Preguntas y respuestas"},"content":{"rendered":"<ol>\n<li style=\"text-align: left\"><span style=\"font-size: 10pt\"><strong>\u00bf<\/strong><strong> Se puede usar diclofenaco por tiempo prolongado<\/strong><strong>?<\/strong><\/span><\/li>\n<\/ol>\n<p style=\"text-align: left\"><span style=\"font-size: 10pt\">Tomar Diclofenaco durante cortos periodos de tiempo no suele causar problemas graves. Si las personas afectadas toman antiinflamatorios no esteroideos (AINES) durante un tiempo prolongado, es m\u00e1s probable que surjan problemas, por ejemplo no control de la presi\u00f3n arterial, insuficiencia renal y \u00falceras o sangrado en el tubo digestivo, riesgo de enfermedad card\u00edaca y de accidente cerebrovascular<\/span><\/p>\n<ol style=\"text-align: left\" start=\"2\">\n<li><span style=\"font-size: 10pt\"><strong>\u00bfExisten otros medios, adem\u00e1s de los opioides, para aliviar el dolor?.<\/strong><\/span><\/li>\n<\/ol>\n<p style=\"text-align: left\"><span style=\"font-size: 10pt\">El tratamiento depende de la causa, la intensidad y el tipo de dolor. Hay tratamientos que usan medicamentos, como los analg\u00e9sicos, esteroides, amitriptilina, anticonvulsivantes, entre otros. Tambi\u00e9n existen tratamientos sin medicamentos como la acupuntura, la fisioterapia y rehabilitaci\u00f3n.<\/span><\/p>\n<ol style=\"text-align: left\" start=\"3\">\n<li><span style=\"font-size: 10pt\"><strong>\u00bfPuede la depresi\u00f3n causar dolor f\u00edsico?<\/strong><\/span><\/li>\n<\/ol>\n<p style=\"text-align: left\"><span style=\"font-size: 10pt\">Existe relaci\u00f3n estrecha entre el dolor y la depresi\u00f3n, de la misma forma que pueden ser causa y consecuencia , en ocasiones crean un c\u00edrculo vicioso en que el dolor empeora los s\u00edntomas de la depresi\u00f3n, y la depresi\u00f3n resultante empeora los s\u00edntomas del dolor.<\/span><\/p>\n<p style=\"text-align: left\"><span style=\"font-size: 10pt\">Por ejemplo personas que padecen de cefalea y dolores de espalda o de cabeza, sin que se demuestre otra causa, el dolor puede ser el primer s\u00edntoma de depresi\u00f3n, o el \u00fanico.<\/span><\/p>\n<p style=\"text-align: left\"><span style=\"font-size: 10pt\">La depresi\u00f3n disminuye el umbral del dolor, por lo que constituye un aspecto importante al tratar a una persona con dolor y si tenemos en cuenta que el dolor cr\u00f3nico causa problemas que pueden llevar a la depresi\u00f3n, como dificultades econ\u00f3micas, insomnio y estr\u00e9s.<\/span><\/p>\n<p style=\"text-align: left\"><span style=\"font-size: 10pt\">\u00bfPuede un paciente que no se encuentre en estad\u00edo terminal de su enfermedad llevar tratamiento con opioides?<\/span><\/p>\n<p style=\"text-align: left\"><span style=\"font-size: 10pt\">En pacientes con dolor cr\u00f3nico debido a trastornos no terminales, se puede considerar la terapia con opioides, solo si la terapia no opioide no ha tenido \u00e9xito. En tales casos, los opioides se usan cuando el beneficio supere los efectos adversos.<\/span><\/p>\n<ol style=\"text-align: left\" start=\"4\">\n<li><span style=\"font-size: 10pt\"><strong>\u00bfPuedo desarrollar una adicci\u00f3n a los medicamentos para el dolor? <\/strong><\/span><\/li>\n<\/ol>\n<p style=\"text-align: left\"><span style=\"font-size: 10pt\">A veces se necesitan medicamentos fuertes llamados opioides para controlar el dolor por la intensidad del mismo, cuando se toman por un tiempo corto, son seguros, pero pueden volverse adictivos, especialmente si no se usan como ha sido indicado. Nunca tome opioides en cantidades mayores o con mayor frecuencia de lo que se ha recetado.<\/span><\/p>\n<p style=\"text-align: left\"><span style=\"font-size: 10pt\">El uso regular puede conducir a la dependencia Existen enfermedades como el c\u00e1ncer que requiere para el control del dolor el uso regular de los mismos, por lo que debemos tener presente que puede causar tolerancia, en estos pacientes pero\u00a0 siempre conocer que los pacientes oncol\u00f3gicos no son drogadictos.<\/span><\/p>\n<p style=\"text-align: left\"><span style=\"font-size: 10pt\">El uso de opioides tambi\u00e9n puede aumentar el riesgo de ca\u00eddas, mareos y otros padecimientos en los adultos mayores.<\/span><\/p>\n<ol style=\"text-align: left\" start=\"5\">\n<li><span style=\"font-size: 10pt\"><strong>\u00bfExiste diferencia entre la dependencia y la adicci\u00f3n?<\/strong><\/span><\/li>\n<\/ol>\n<p style=\"text-align: left\"><span style=\"font-size: 10pt\">La dependencia es distinta de la adicci\u00f3n<\/span><\/p>\n<p style=\"text-align: left\"><span style=\"font-size: 10pt\">La <strong>dependencia<\/strong> es un <strong>estado de adaptaci\u00f3n<\/strong> a un f\u00e1rmaco tras un uso prolongado.<\/span><\/p>\n<p style=\"text-align: left\"><span style=\"font-size: 10pt\">Ejemplo Los pacientes tratados con opioides m\u00e1s 3 meses deben evaluarse por su m\u00e9dico si presentan:<\/span><\/p>\n<ul style=\"text-align: left\">\n<li><span style=\"font-size: 10pt\">Dolor intenso persistente a pesar del aumento de las dosis de opioides.<\/span><\/li>\n<li><span style=\"font-size: 10pt\">Los pacientes no aceptan los t\u00e9rminos del tratamiento.<\/span><\/li>\n<li><span style=\"font-size: 10pt\">La funci\u00f3n f\u00edsica o mental no mejora.<\/span><\/li>\n<\/ul>\n<p style=\"text-align: left\"><span style=\"font-size: 10pt\">Debe asumirse que existe dependencia f\u00edsica por lo que debemos tener en cuenta que el uso del opi\u00e1ceo debe ser mientras el paciente lo requiera y reducir gradualmente la dosis, una vez controlada la causa.<\/span><\/p>\n<p style=\"text-align: left\"><span style=\"font-size: 10pt\">Los pacientes con dolor debido a un trastorno agudo (fracturas, quemaduras, cirug\u00eda) deben cambiar a un medicamento no opi\u00e1ceo tan pronto como sea posible.<\/span><\/p>\n<p style=\"text-align: left\"><span style=\"font-size: 10pt\">La <strong>adicci\u00f3n<\/strong> es la <strong>dependencia psicol\u00f3gica<\/strong>, donde el sujeto trata de obtener efectos placenteros sin buscar analgesia y busca el f\u00e1rmaco de forma compulsiva y desesperada que incluye el deseo, la p\u00e9rdida de control sobre el uso a pesar del da\u00f1o.<\/span><\/p>\n<p style=\"text-align: left\"><span style=\"font-size: 10pt\">\u00a0<\/span><\/p>\n","protected":false},"excerpt":{"rendered":"<p>\u00bf Se puede usar diclofenaco por tiempo prolongado? Tomar Diclofenaco durante cortos periodos de tiempo no suele causar problemas graves. Si las personas afectadas toman antiinflamatorios no esteroideos (AINES) durante un tiempo prolongado, es m\u00e1s probable que surjan problemas, por ejemplo no control de la presi\u00f3n arterial, insuficiencia renal y \u00falceras o sangrado en el [&hellip;]<\/p>\n","protected":false},"author":208,"featured_media":0,"parent":0,"menu_order":0,"comment_status":"open","ping_status":"open","template":"","meta":[],"_links":{"self":[{"href":"https:\/\/blogs.sld.cu\/dolor\/wp-json\/wp\/v2\/pages\/25"}],"collection":[{"href":"https:\/\/blogs.sld.cu\/dolor\/wp-json\/wp\/v2\/pages"}],"about":[{"href":"https:\/\/blogs.sld.cu\/dolor\/wp-json\/wp\/v2\/types\/page"}],"author":[{"embeddable":true,"href":"https:\/\/blogs.sld.cu\/dolor\/wp-json\/wp\/v2\/users\/208"}],"replies":[{"embeddable":true,"href":"https:\/\/blogs.sld.cu\/dolor\/wp-json\/wp\/v2\/comments?post=25"}],"version-history":[{"count":7,"href":"https:\/\/blogs.sld.cu\/dolor\/wp-json\/wp\/v2\/pages\/25\/revisions"}],"predecessor-version":[{"id":377,"href":"https:\/\/blogs.sld.cu\/dolor\/wp-json\/wp\/v2\/pages\/25\/revisions\/377"}],"wp:attachment":[{"href":"https:\/\/blogs.sld.cu\/dolor\/wp-json\/wp\/v2\/media?parent=25"}],"curies":[{"name":"wp","href":"https:\/\/api.w.org\/{rel}","templated":true}]}}