{"id":69,"date":"2020-03-26T02:56:53","date_gmt":"2020-03-26T02:56:53","guid":{"rendered":"http:\/\/blogs.sld.cu\/dolor\/?page_id=69"},"modified":"2020-12-25T22:51:25","modified_gmt":"2020-12-25T22:51:25","slug":"aspirina","status":"publish","type":"page","link":"https:\/\/blogs.sld.cu\/dolor\/aspirina\/","title":{"rendered":"Aspirina"},"content":{"rendered":"<p style=\"text-align: left\"><span style=\"font-size: 12pt\"><strong>(\u00e1cido acetilsalic\u00edlico)<\/strong><\/span><\/p>\n<p style=\"text-align: left\"><span style=\"font-size: 12pt\"><strong>La aspirina (\u00e1cido acetilsalic\u00edlico)<\/strong> Se toma por v\u00eda oral y proporciona entre 4 y 6 horas de alivio del dolor. Si la misma tiene cubierta ent\u00e9rica pasa intacta por el est\u00f3mago y no debe ingerirse con alimentos.<\/span><\/p>\n<p style=\"text-align: left\"><span style=\"font-size: 12pt\">Aumenta el riesgo de hemorragias en el organismo y no debe tomarse junto con anticoagulantes (como la warfarina).<\/span><\/p>\n<p style=\"text-align: left\"><span style=\"font-size: 12pt\">Algunas personas, que son al\u00e9rgicas a la aspirina, pueden tener una grave reacci\u00f3n al\u00e9rgica anafilactica.\u00a0 Esta reacci\u00f3n requiere atenci\u00f3n m\u00e9dica inmediata.<\/span><\/p>\n<h3 style=\"text-align: left\"><span style=\"font-size: 12pt\"><strong>Paracetamol (acetaminof\u00e9n)<\/strong><\/span><\/h3>\n<p style=\"text-align: left\"><span style=\"font-size: 12pt\">El <strong>paracetamol<\/strong> es comparable a la aspirina en su acci\u00f3n para reducir el dolor y controlar la fiebre. El paracetamol presenta las caracter\u00edsticas siguientes:<\/span><\/p>\n<ul style=\"text-align: left\">\n<li><span style=\"font-size: 12pt\">Pr\u00e1cticamente no tiene actividad antiinflamatoria \u00fatil<\/span><\/li>\n<li><span style=\"font-size: 12pt\">No afecta a la capacidad de la sangre para coagularse<\/span><\/li>\n<li><span style=\"font-size: 12pt\">Casi no tiene efectos adversos en el est\u00f3mago<\/span><\/li>\n<\/ul>\n<p style=\"text-align: left\"><span style=\"font-size: 12pt\">Se administra por v\u00eda oral o en supositorios, y su acci\u00f3n dura generalmente hasta 4 a 6 horas.<\/span><\/p>\n<p style=\"text-align: left\"><span style=\"font-size: 12pt\">El <strong>paracetamol<\/strong> puede aliviar todos los tipos de dolor,y parece ser un f\u00e1rmaco muy seguro, pero\u00a0 deben evitarse las dosis altas o tomarlo por tiempo prolongado.<\/span><\/p>\n<h3 style=\"text-align: left\"><span style=\"font-size: 12pt\"><strong>Ibuprofeno, diclofenaco, ketoprofeno y naproxeno<\/strong><\/span><\/h3>\n<p style=\"text-align: left\"><span style=\"font-size: 12pt\">El <strong>ibuprofeno, el ketoprofeno y el naproxeno<\/strong> interfieren menos con la coagulaci\u00f3n que la aspirina pero en ocasiones los pacientes al\u00e9rgicos a la aspirina tambi\u00e9n lo son a ellos.<\/span><\/p>\n<h3 style=\"text-align: left\"><span style=\"font-size: 12pt\"><strong>Coxib<\/strong><\/span><\/h3>\n<p style=\"text-align: left\"><span style=\"font-size: 12pt\">Los <strong>coxib<\/strong>, como el <strong>celecoxib<\/strong>,\u00a0 son\u00a0 eficaces en el tratamiento del dolor y la inflamaci\u00f3n, y tienen menos probabilidades de da\u00f1ar el est\u00f3mago y causar n\u00e1useas. Deben ser indicados con moderaci\u00f3n en:<\/span><\/p>\n<ul style=\"text-align: left\">\n<li><span style=\"font-size: 12pt\">Personas de edad avanzada<\/span><\/li>\n<li><span style=\"font-size: 12pt\">Personas que est\u00e1n tomando anticoagulantes<\/span><\/li>\n<li><span style=\"font-size: 12pt\">Aqu\u00e9llas con antecedentes de \u00falceras<\/span><\/li>\n<li><span style=\"font-size: 12pt\">Aqu\u00e9llas que deben tomar un analg\u00e9sico durante mucho tiempo<\/span><\/li>\n<\/ul>\n<p style=\"text-align: left\"><span style=\"font-size: 12pt\">Los coxib, como otros AINE, no son apropiados para las personas con insuficiencia card\u00edaca o riesgo de tenerla (como las que han sufrido un infarto de miocardio).<\/span><\/p>\n<h3 style=\"text-align: left\"><span style=\"font-size: 12pt\"><strong>AINE t\u00f3picos<\/strong><\/span><\/h3>\n<p style=\"text-align: left\"><span style=\"font-size: 12pt\">Algunos AINE est\u00e1n disponibles en forma de cremas o geles que se aplican directamente a la piel sobre la zona dolorida. Por ejemplo, se puede aplicar diclofenaco a una articulaci\u00f3n para aliviar el dolor debido a la artrosis y ayuda a mejorar el movimiento. El diclofenaco tambi\u00e9n est\u00e1 disponible en forma de parche cut\u00e1neo.<\/span><\/p>\n<p style=\"text-align: left\"><span style=\"font-size: 12pt\"><a title=\"Segundo escal\u00f3n para el dolor\" href=\"http:\/\/blogs.sld.cu\/dolor\/75-2\/\">continuar<\/a><\/span><\/p>\n","protected":false},"excerpt":{"rendered":"<p>(\u00e1cido acetilsalic\u00edlico) La aspirina (\u00e1cido acetilsalic\u00edlico) Se toma por v\u00eda oral y proporciona entre 4 y 6 horas de alivio del dolor. Si la misma tiene cubierta ent\u00e9rica pasa intacta por el est\u00f3mago y no debe ingerirse con alimentos. Aumenta el riesgo de hemorragias en el organismo y no debe tomarse junto con anticoagulantes (como [&hellip;]<\/p>\n","protected":false},"author":208,"featured_media":0,"parent":0,"menu_order":0,"comment_status":"open","ping_status":"open","template":"","meta":[],"_links":{"self":[{"href":"https:\/\/blogs.sld.cu\/dolor\/wp-json\/wp\/v2\/pages\/69"}],"collection":[{"href":"https:\/\/blogs.sld.cu\/dolor\/wp-json\/wp\/v2\/pages"}],"about":[{"href":"https:\/\/blogs.sld.cu\/dolor\/wp-json\/wp\/v2\/types\/page"}],"author":[{"embeddable":true,"href":"https:\/\/blogs.sld.cu\/dolor\/wp-json\/wp\/v2\/users\/208"}],"replies":[{"embeddable":true,"href":"https:\/\/blogs.sld.cu\/dolor\/wp-json\/wp\/v2\/comments?post=69"}],"version-history":[{"count":7,"href":"https:\/\/blogs.sld.cu\/dolor\/wp-json\/wp\/v2\/pages\/69\/revisions"}],"predecessor-version":[{"id":228,"href":"https:\/\/blogs.sld.cu\/dolor\/wp-json\/wp\/v2\/pages\/69\/revisions\/228"}],"wp:attachment":[{"href":"https:\/\/blogs.sld.cu\/dolor\/wp-json\/wp\/v2\/media?parent=69"}],"curies":[{"name":"wp","href":"https:\/\/api.w.org\/{rel}","templated":true}]}}