{"id":85,"date":"2020-03-26T04:04:57","date_gmt":"2020-03-26T04:04:57","guid":{"rendered":"http:\/\/blogs.sld.cu\/dolor\/?page_id=85"},"modified":"2021-01-12T12:54:42","modified_gmt":"2021-01-12T12:54:42","slug":"mitos-de-la-morfina","status":"publish","type":"page","link":"https:\/\/blogs.sld.cu\/dolor\/mitos-de-la-morfina\/","title":{"rendered":"Mitos sobre la Morfina"},"content":{"rendered":"<p><span style=\"font-size: 10pt\">Son diversos los mitos en torno a la morfina. Lo cierto es que, al ser una droga, utilizada en exceso causa dependencia, pero cuando existen dolores severos, administrada en las dosis adecuadas, ayuda a la persona a soportar su dolor.<\/span><\/p>\n<p><span style=\"font-size: 10pt\">Algunos de esos mitos son los siguientes:<\/span><\/p>\n<ul>\n<li><span style=\"font-size: 10pt\">La morfina debe darse solo como \u00faltima opci\u00f3n, acorde a la urgencia del dolor<\/span><\/li>\n<li><span style=\"font-size: 10pt\">La morfina deprime peligrosamente la funci\u00f3n respiratoria<\/span><\/li>\n<li><span style=\"font-size: 10pt\">La dependencia de la morfina es un gran problema<\/span><\/li>\n<li><span style=\"font-size: 10pt\">Es probable que la tolerancia se desarrolle r\u00e1pido<\/span><\/li>\n<li><span style=\"font-size: 10pt\">La analgesia va acompa\u00f1ada de sedaci\u00f3n y desorden psicol\u00f3gico<\/span><\/li>\n<li><span style=\"font-size: 10pt\">Vivir con morfina es peor que la muerte<\/span><\/li>\n<li><span style=\"font-size: 10pt\">La morfina no alivia el dolor; lo hace m\u00e1s soportable<\/span><\/li>\n<li><span style=\"font-size: 10pt\">La prescripci\u00f3n temprana de morfina impide posibles tratamientos posteriores<\/span><\/li>\n<li><span style=\"font-size: 10pt\">La prescripci\u00f3n de morfina significa retirarse de los cuidados activos<\/span><\/li>\n<li><span style=\"font-size: 10pt\">La morfina da\u00f1a el coraz\u00f3n<\/span><\/li>\n<li><span style=\"font-size: 10pt\">La morfina acelera la muerte<\/span><\/li>\n<\/ul>\n<p><span style=\"font-size: 10pt\">\u00a0<\/span><\/p>\n<p><span style=\"font-size: 10pt\">\u00a0<\/span><\/p>\n","protected":false},"excerpt":{"rendered":"<p>Son diversos los mitos en torno a la morfina. Lo cierto es que, al ser una droga, utilizada en exceso causa dependencia, pero cuando existen dolores severos, administrada en las dosis adecuadas, ayuda a la persona a soportar su dolor. Algunos de esos mitos son los siguientes: La morfina debe darse solo como \u00faltima opci\u00f3n, [&hellip;]<\/p>\n","protected":false},"author":208,"featured_media":0,"parent":0,"menu_order":0,"comment_status":"open","ping_status":"open","template":"","meta":[],"_links":{"self":[{"href":"https:\/\/blogs.sld.cu\/dolor\/wp-json\/wp\/v2\/pages\/85"}],"collection":[{"href":"https:\/\/blogs.sld.cu\/dolor\/wp-json\/wp\/v2\/pages"}],"about":[{"href":"https:\/\/blogs.sld.cu\/dolor\/wp-json\/wp\/v2\/types\/page"}],"author":[{"embeddable":true,"href":"https:\/\/blogs.sld.cu\/dolor\/wp-json\/wp\/v2\/users\/208"}],"replies":[{"embeddable":true,"href":"https:\/\/blogs.sld.cu\/dolor\/wp-json\/wp\/v2\/comments?post=85"}],"version-history":[{"count":9,"href":"https:\/\/blogs.sld.cu\/dolor\/wp-json\/wp\/v2\/pages\/85\/revisions"}],"predecessor-version":[{"id":384,"href":"https:\/\/blogs.sld.cu\/dolor\/wp-json\/wp\/v2\/pages\/85\/revisions\/384"}],"wp:attachment":[{"href":"https:\/\/blogs.sld.cu\/dolor\/wp-json\/wp\/v2\/media?parent=85"}],"curies":[{"name":"wp","href":"https:\/\/api.w.org\/{rel}","templated":true}]}}