{"id":709,"date":"2012-05-03T20:40:28","date_gmt":"2012-05-04T00:40:28","guid":{"rendered":"http:\/\/blogviejo.sld.cu\/elierortiz\/?page_id=709"},"modified":"2020-03-16T21:20:12","modified_gmt":"2020-03-16T21:20:12","slug":"factores-de-riesgo","status":"publish","type":"page","link":"https:\/\/blogs.sld.cu\/elierortiz\/factores-de-riesgo\/","title":{"rendered":"Factores de riesgo"},"content":{"rendered":"<ul>\n<li><span style=\"color: #3366ff\">Presi\u00f3n intraocular (PIO): es un factor de riesgo para el glaucoma, pero no es necesaria para que exista la enfermedad<\/span><\/li>\n<\/ul>\n<ul>\n<li><span style=\"color: #3366ff\">Edad: infrecuente en menores de 40 a\u00f1os.<\/span><\/li>\n<\/ul>\n<ul>\n<li><span style=\"color: #3366ff\">Historia familiar de glaucoma: El 25-50% de pacientes con GPAA<\/span><\/li>\n<\/ul>\n<ul>\n<li><span style=\"color: #3366ff\">Raza negra: Prevalencia 4-16 veces mayor, La tasa de ceguera es hasta 8 veces mayor.<\/span><\/li>\n<\/ul>\n<ul>\n<li><span style=\"color: #3366ff\">Grosor corneal: Paquimetria inferior a 555 micras conlleva un riesgo 3.4 veces mayor<\/span><\/li>\n<\/ul>\n<h3><span style=\"color: #0000ff\">Riesgo relativo de la p\u00e9rdida del CV<\/span><\/h3>\n<p><span style=\"color: #3366ff\">PIO\u00a0\u00a0\u00a0\u00a0\u00a0\u00a0\u00a0\u00a0\u00a0\u00a0\u00a0\u00a0\u00a0\u00a0\u00a0\u00a0\u00a0\u00a0\u00a0\u00a0 % Da\u00f1o\u00a0\u00a0\u00a0\u00a0\u00a0\u00a0\u00a0\u00a0\u00a0 \u00a0 \u00a0\u00a0 Riesgo<\/span><br \/>\n<span style=\"color: #3366ff\"> mmHg\u00a0\u00a0\u00a0\u00a0\u00a0\u00a0\u00a0\u00a0\u00a0\u00a0\u00a0\u00a0\u00a0\u00a0 relativo<\/span><br \/>\n<span style=\"color: #3366ff\"> &lt;16\u00a0\u00a0\u00a0\u00a0\u00a0\u00a0\u00a0\u00a0\u00a0\u00a0\u00a0\u00a0\u00a0\u00a0\u00a0\u00a0\u00a0\u00a0\u00a0\u00a0\u00a0\u00a0\u00a0 0.8\u00a0\u00a0\u00a0\u00a0\u00a0\u00a0\u00a0\u00a0\u00a0\u00a0\u00a0\u00a0\u00a0\u00a0 \u00a0 \u00a0 \u00a0 \u00a0 1<\/span><br \/>\n<span style=\"color: #3366ff\"> 16-19\u00a0\u00a0\u00a0\u00a0\u00a0\u00a0\u00a0\u00a0\u00a0\u00a0\u00a0\u00a0\u00a0 \u00a0 \u00a0 \u00a0\u00a0 1.4\u00a0\u00a0\u00a0\u00a0\u00a0\u00a0\u00a0\u00a0\u00a0\u00a0\u00a0\u00a0\u00a0\u00a0 \u00a0 \u00a0 \u00a0 \u00a0 1.7<\/span><br \/>\n<span style=\"color: #3366ff\"> 20-23\u00a0\u00a0\u00a0\u00a0\u00a0\u00a0\u00a0\u00a0\u00a0\u00a0\u00a0\u00a0\u00a0\u00a0 \u00a0\u00a0\u00a0 \u00a0 3.1\u00a0\u00a0\u00a0\u00a0\u00a0\u00a0\u00a0\u00a0\u00a0\u00a0\u00a0 \u00a0 \u00a0\u00a0 \u00a0 \u00a0 \u00a0\u00a0 4.0<\/span><br \/>\n<span style=\"color: #3366ff\"> &gt;23\u00a0\u00a0\u00a0\u00a0\u00a0\u00a0\u00a0\u00a0\u00a0\u00a0 \u00a0 \u00a0 \u00a0 \u00a0\u00a0 \u00a0\u00a0\u00a0 8.4\u00a0\u00a0\u00a0\u00a0\u00a0\u00a0\u00a0\u00a0\u00a0\u00a0\u00a0\u00a0 \u00a0 \u00a0 \u00a0 \u00a0\u00a0 10.5<\/span><\/p>\n<p><span style=\"color: #0000ff\">El riesgo relativo de la enfermedad aumenta con el alza de la PIO<\/span><br \/>\n<span style=\"color: #0000ff\"> <em>Sommer AJO 1989<\/em><\/span><\/p>\n<h3><span style=\"color: #0000ff\">Relaci\u00f3n entre edad, raza y glaucoma<\/span><\/h3>\n<p><span style=\"color: #3366ff\">Edad\u00a0\u00a0\u00a0\u00a0\u00a0\u00a0\u00a0\u00a0\u00a0\u00a0 Cauc\u00e1sicos\u00a0\u00a0\u00a0\u00a0\u00a0\u00a0\u00a0\u00a0\u00a0 Afro- Americanos<\/span><br \/>\n<span style=\"color: #3366ff\"> (A\u00f1os)\u00a0\u00a0\u00a0\u00a0\u00a0\u00a0\u00a0\u00a0\u00a0\u00a0\u00a0\u00a0 (%)\u00a0\u00a0\u00a0\u00a0\u00a0\u00a0\u00a0\u00a0\u00a0\u00a0\u00a0\u00a0\u00a0\u00a0\u00a0\u00a0\u00a0\u00a0 \u00a0 \u00a0 \u00a0 \u00a0 \u00a0 \u00a0\u00a0 (%)<\/span><br \/>\n<span style=\"color: #3366ff\"> 40-49\u00a0\u00a0\u00a0\u00a0\u00a0\u00a0\u00a0\u00a0\u00a0\u00a0\u00a0\u00a0 0.92\u00a0\u00a0\u00a0\u00a0\u00a0\u00a0\u00a0\u00a0\u00a0\u00a0\u00a0\u00a0\u00a0\u00a0\u00a0\u00a0\u00a0 \u00a0 \u00a0 \u00a0 \u00a0 \u00a0 \u00a0 1.23<\/span><br \/>\n<span style=\"color: #3366ff\"> 50-59\u00a0\u00a0\u00a0\u00a0\u00a0\u00a0\u00a0\u00a0\u00a0\u00a0\u00a0\u00a0 0.41\u00a0\u00a0\u00a0\u00a0\u00a0\u00a0\u00a0\u00a0\u00a0\u00a0\u00a0\u00a0\u00a0\u00a0\u00a0\u00a0\u00a0 \u00a0 \u00a0 \u00a0 \u00a0 \u00a0 \u00a0 4.05<\/span><br \/>\n<span style=\"color: #3366ff\"> 60-69\u00a0\u00a0\u00a0\u00a0\u00a0\u00a0\u00a0\u00a0\u00a0\u00a0\u00a0\u00a0 0.88\u00a0\u00a0\u00a0\u00a0\u00a0\u00a0\u00a0\u00a0\u00a0\u00a0\u00a0\u00a0 \u00a0 \u00a0 \u00a0 \u00a0 \u00a0 \u00a0 \u00a0\u00a0\u00a0\u00a0 5.51<\/span><br \/>\n<span style=\"color: #3366ff\"> 70-79\u00a0\u00a0\u00a0\u00a0\u00a0\u00a0\u00a0\u00a0\u00a0\u00a0\u00a0\u00a0 2.89\u00a0\u00a0\u00a0\u00a0\u00a0\u00a0\u00a0\u00a0\u00a0\u00a0\u00a0 \u00a0 \u00a0 \u00a0 \u00a0 \u00a0 \u00a0 \u00a0\u00a0\u00a0\u00a0\u00a0 9.15<\/span><br \/>\n<span style=\"color: #3366ff\">80 +\u00a0\u00a0\u00a0\u00a0\u00a0\u00a0\u00a0\u00a0\u00a0\u00a0 \u00a0 \u00a0 2.16\u00a0\u00a0\u00a0\u00a0\u00a0\u00a0\u00a0\u00a0\u00a0\u00a0\u00a0\u00a0\u00a0\u00a0\u00a0 \u00a0 \u00a0 \u00a0 \u00a0 \u00a0 \u00a0 11.26<\/span><\/p>\n<p><span style=\"color: #0000ff\">A mayor edad mayor riesgo de glaucoma afro-americanos mayor riesgo que cauc\u00e1sicos<\/span><br \/>\n<span style=\"color: #0000ff\"> <em>Baltimore Eye Survey JAMA 1999<\/em><\/span><\/p>\n<h3><span style=\"color: #0000ff\">Historia familiar de glaucoma<\/span><\/h3>\n<p><span style=\"color: #3366ff\">4-16% riesgo de glaucoma en familiares de 1\u00b0 grado<em><br \/>\nPaul Lee. Subespeciality day\u00a0 AAO 1999<\/em><\/span><\/p>\n<ul>\n<li><span style=\"color: #0000ff\">Los antecedentes familiares de glaucoma aumentan el riesgo de tener la enfermedad<\/span><\/li>\n<li><span style=\"color: #0000ff\">Herencia multifactorial<\/span><\/li>\n<li><span style=\"color: #0000ff\">Gen GLC1A o MYOC 3% de los glaucomas<\/span><\/li>\n<\/ul>\n<h3><span style=\"color: #0000ff\">Existe un 8% de Hipertensos oculares en la poblaci\u00f3n adulta y la mayor\u00eda de ellos nunca desarrollar\u00e1 glaucoma<\/span><\/h3>\n<h3><span style=\"color: #0000ff\">Otros posibles factores de riesgo<\/span><\/h3>\n<ul>\n<li><span style=\"color: #3366ff\">Presi\u00f3n\u00a0 de perfusi\u00f3n diast\u00f3lica baja<\/span><\/li>\n<\/ul>\n<ul>\n<li><span style=\"color: #3366ff\">Diabetes Mellitus<\/span><\/li>\n<\/ul>\n<ul>\n<li><span style=\"color: #3366ff\">Enfermedades cardiovasculares<\/span><\/li>\n<\/ul>\n<ul>\n<li><span style=\"color: #3366ff\">Hipertensi\u00f3n arterial<\/span><\/li>\n<\/ul>\n<ul>\n<li><span style=\"color: #3366ff\">Miop\u00eda<\/span><\/li>\n<\/ul>\n<ul>\n<li><span style=\"color: #3366ff\">Cefalea migra\u00f1osa<\/span><\/li>\n<\/ul>\n<ul>\n<li><span style=\"color: #3366ff\">Vasoespasmos perif\u00e9ricos<\/span><\/li>\n<\/ul>\n<p style=\"text-align: right\"><span style=\"color: #0000ff\"><a style=\"color: #0000ff\" href=\"http:\/\/blogs.sld.cu\/elierortiz\/glaucoma-primario-de-angulo-abierto\/\">Volver<\/a><\/span><\/p>\n","protected":false},"excerpt":{"rendered":"<p>Presi\u00f3n intraocular (PIO): es un factor de riesgo para el glaucoma, pero no es necesaria para que exista la enfermedad Edad: infrecuente en menores de 40 a\u00f1os. Historia familiar de glaucoma: El 25-50% de pacientes con GPAA Raza negra: Prevalencia 4-16 veces mayor, La tasa de ceguera es hasta 8 veces mayor. Grosor corneal: Paquimetria [&hellip;]<\/p>\n","protected":false},"author":127,"featured_media":0,"parent":0,"menu_order":0,"comment_status":"closed","ping_status":"closed","template":"","meta":[],"_links":{"self":[{"href":"https:\/\/blogs.sld.cu\/elierortiz\/wp-json\/wp\/v2\/pages\/709"}],"collection":[{"href":"https:\/\/blogs.sld.cu\/elierortiz\/wp-json\/wp\/v2\/pages"}],"about":[{"href":"https:\/\/blogs.sld.cu\/elierortiz\/wp-json\/wp\/v2\/types\/page"}],"author":[{"embeddable":true,"href":"https:\/\/blogs.sld.cu\/elierortiz\/wp-json\/wp\/v2\/users\/127"}],"replies":[{"embeddable":true,"href":"https:\/\/blogs.sld.cu\/elierortiz\/wp-json\/wp\/v2\/comments?post=709"}],"version-history":[{"count":3,"href":"https:\/\/blogs.sld.cu\/elierortiz\/wp-json\/wp\/v2\/pages\/709\/revisions"}],"predecessor-version":[{"id":1802,"href":"https:\/\/blogs.sld.cu\/elierortiz\/wp-json\/wp\/v2\/pages\/709\/revisions\/1802"}],"wp:attachment":[{"href":"https:\/\/blogs.sld.cu\/elierortiz\/wp-json\/wp\/v2\/media?parent=709"}],"curies":[{"name":"wp","href":"https:\/\/api.w.org\/{rel}","templated":true}]}}