{"id":10,"date":"2020-02-06T02:00:18","date_gmt":"2020-02-06T02:00:18","guid":{"rendered":"http:\/\/blogs.sld.cu\/enfermedadesdiarreicas\/?page_id=10"},"modified":"2021-01-28T07:53:00","modified_gmt":"2021-01-28T07:53:00","slug":"enfermedades-diarreicas","status":"publish","type":"page","link":"https:\/\/blogs.sld.cu\/enfermedadesdiarreicas\/enfermedades-diarreicas\/","title":{"rendered":"Diarrea"},"content":{"rendered":"<p style=\"background: white;margin: 7.5pt 0cm 7.5pt 0cm\"><span style=\"font-size: 10pt;font-family: verdana, geneva\"><strong><span style=\"color: maroon\">Definici\u00f3n:<\/span><\/strong><span style=\"color: #707070\"><br \/>\n<\/span><span style=\"color: #707070\">La definici\u00f3n precisa de diarrea es dif\u00edcil de dar, ya que la frecuencia y calidad de las deposiciones var\u00edan de acuerdo a los h\u00e1bitos alimentarios y las condiciones higi\u00e9nicas.<\/span><\/span><\/p>\n<p style=\"background: white;margin: 7.5pt 0cm 7.5pt 0cm\"><span style=\"font-family: verdana, geneva;color: #707070;font-size: 10pt\">Internacionalmente se define como episodios de m\u00e1s de 3 deposiciones al d\u00eda y\/o con un aumento en el volumen usual de las mismas (generalmente m\u00e1s de 200g\/d\u00eda), ambas condiciones independientes de la consistencia.<\/span><\/p>\n<p style=\"background: white;margin: 7.5pt 0cm 7.5pt 0cm\"><span style=\"font-size: 10pt;font-family: verdana, geneva\"><strong><span style=\"color: maroon\">Clasificaci\u00f3n:<\/span><\/strong><span style=\"color: #707070\"><br \/>\n<\/span><span style=\"color: #707070\">Existen diferentes clasificaciones para el estudio de las diarreas, pero la m\u00e1s importante y la primera en definir es la relacionada con el tiempo de evoluci\u00f3n.<\/span><\/span><\/p>\n<p style=\"background: white;margin: 7.5pt 0cm 7.5pt 0cm\"><span style=\"font-family: verdana, geneva;color: #707070;font-size: 10pt\">Se considera diarrea aguda cuando su duraci\u00f3n no excede los primeros 7 d\u00edas, aguda prolongada cuando se extiende hasta 14 d\u00edas, persistente cuando excede las dos semanas por los 15 d\u00edas siguientes, y pasado este tiempo, es decir, un mes o m\u00e1s, se considera cr\u00f3nica.<\/span><\/p>\n<p style=\"background: white;margin: 7.5pt 0cm 7.5pt 0cm\"><span style=\"font-family: verdana, geneva;color: #707070;font-size: 10pt\">Si en alg\u00fan momento el paciente presenta deposiciones normales por un per\u00edodo mayor de 48 horas, cualquier cuadro diarreico siguiente debe considerarse como un nuevo episodio. Otra clasificaci\u00f3n es definir si es infecciosa o no, pero eso corresponde al profesional de la salud, aunque el paciente puede aportar valiosa informaci\u00f3n para su definici\u00f3n a priori.<\/span><\/p>\n<p style=\"background: white;margin: 7.5pt 0cm 7.5pt 0cm\"><span style=\"font-size: 10pt;font-family: verdana, geneva\"><strong><span style=\"color: maroon\">Estad\u00edsticas:<\/span><\/strong><span style=\"color: #707070\"><br \/>\n<\/span><span style=\"color: #707070\">La diarrea, principalmente de causa infecciosa, es la segunda causa de ausentismo escolar y laboral en el mundo, solo superada por las infecciones respiratorias. La estad\u00edstica mundial var\u00eda entre regiones e incluso entre pa\u00edses en un mismo continente.<\/span><\/span><\/p>\n<p style=\"background: white;margin: 7.5pt 0cm 7.5pt 0cm\"><span style=\"font-family: verdana, geneva;color: #707070;font-size: 10pt\">En los pa\u00edses subdesarrollados la incidencia y mortalidad es mayor dado por las condiciones socioecon\u00f3micas, higi\u00e9nicas y acceso a los servicios de salud. Las poblaciones m\u00e1s afectadas son los ni\u00f1os menores de 5 a\u00f1os, adultos mayores y pacientes inmunocomprometidos.<\/span><\/p>\n","protected":false},"excerpt":{"rendered":"<p>Definici\u00f3n: La definici\u00f3n precisa de diarrea es dif\u00edcil de dar, ya que la frecuencia y calidad de las deposiciones var\u00edan de acuerdo a los h\u00e1bitos alimentarios y las condiciones higi\u00e9nicas. Internacionalmente se define como episodios de m\u00e1s de 3 deposiciones al d\u00eda y\/o con un aumento en el volumen usual de las mismas (generalmente m\u00e1s [&hellip;]<\/p>\n","protected":false},"author":203,"featured_media":0,"parent":0,"menu_order":0,"comment_status":"closed","ping_status":"closed","template":"","meta":[],"_links":{"self":[{"href":"https:\/\/blogs.sld.cu\/enfermedadesdiarreicas\/wp-json\/wp\/v2\/pages\/10"}],"collection":[{"href":"https:\/\/blogs.sld.cu\/enfermedadesdiarreicas\/wp-json\/wp\/v2\/pages"}],"about":[{"href":"https:\/\/blogs.sld.cu\/enfermedadesdiarreicas\/wp-json\/wp\/v2\/types\/page"}],"author":[{"embeddable":true,"href":"https:\/\/blogs.sld.cu\/enfermedadesdiarreicas\/wp-json\/wp\/v2\/users\/203"}],"replies":[{"embeddable":true,"href":"https:\/\/blogs.sld.cu\/enfermedadesdiarreicas\/wp-json\/wp\/v2\/comments?post=10"}],"version-history":[{"count":10,"href":"https:\/\/blogs.sld.cu\/enfermedadesdiarreicas\/wp-json\/wp\/v2\/pages\/10\/revisions"}],"predecessor-version":[{"id":325,"href":"https:\/\/blogs.sld.cu\/enfermedadesdiarreicas\/wp-json\/wp\/v2\/pages\/10\/revisions\/325"}],"wp:attachment":[{"href":"https:\/\/blogs.sld.cu\/enfermedadesdiarreicas\/wp-json\/wp\/v2\/media?parent=10"}],"curies":[{"name":"wp","href":"https:\/\/api.w.org\/{rel}","templated":true}]}}