{"id":14,"date":"2020-02-06T02:02:20","date_gmt":"2020-02-06T02:02:20","guid":{"rendered":"http:\/\/blogs.sld.cu\/enfermedadesdiarreicas\/?page_id=14"},"modified":"2021-01-28T07:33:40","modified_gmt":"2021-01-28T07:33:40","slug":"recursos","status":"publish","type":"page","link":"https:\/\/blogs.sld.cu\/enfermedadesdiarreicas\/recursos\/","title":{"rendered":"Recursos"},"content":{"rendered":"<p><span style=\"font-size: 10pt;font-family: verdana, geneva\"><strong><a href=\"http:\/\/www.sld.cu\/sitios\/gastroenterologia\/\" target=\"_blank\">Sitio web de Gastroenterolog\u00eda <\/a><\/strong><\/span><\/p>\n<p><span style=\"font-size: 10pt;font-family: verdana, geneva\"><a href=\"https:\/\/blogs.sld.cu\/mirthai\/\" target=\"_blank\"><strong>Gastroblogs<\/strong><\/a><\/span><\/p>\n<p><span style=\"font-size: 10pt;font-family: verdana, geneva\"><strong><a href=\"https:\/\/www.who.int\/es\/news-room\/fact-sheets\/detail\/diarrhoeal-disease\" target=\"_blank\">Enfermedades diarreicas &#8211; World Health Organization<\/a><\/strong><\/span><\/p>\n<p><span style=\"font-size: 10pt;font-family: verdana, geneva\"><a href=\"https:\/\/www.infografiasyremedios.com\/enfermedades-diarreicas-sintomas-y-prevencion\" target=\"_blank\"><strong>Enfermedades diarreicas: S\u00edntomas y prevenci\u00f3n<\/strong><\/a><\/span><\/p>\n<p><span style=\"font-size: 10pt;font-family: verdana, geneva\"><a href=\"https:\/\/www.mayoclinic.org\/es-es\/diseases-conditions\/diarrhea\/symptoms-causes\/syc-20352241\" target=\"_blank\"><strong>Diarrea. Cl\u00ednica Mayo<\/strong><\/a><\/span><\/p>\n<p><span style=\"font-size: 10pt;font-family: verdana, geneva\"><strong><a href=\"https:\/\/www.unicef.org\/spanish\/progressforchildren\/2007n6\/index_41805.htm\" target=\"_blank\">UNICEF. Enfermedades diarreicas<\/a><\/strong><\/span><\/p>\n<p><span style=\"font-size: 10pt;font-family: verdana, geneva\"><a href=\"https:\/\/www.altima-sfi.com\/es\/tanatopedia\/enfermedades-diarreicas\" target=\"_blank\"><strong>\u00c1ltima: Enfermedades diarreicas<\/strong><\/a><\/span><\/p>\n<p><span style=\"font-size: 10pt;font-family: verdana, geneva\"><a href=\"https:\/\/cuidateplus.marca.com\/enfermedades\/digestivas\/diarrea.html\" target=\"_blank\"><strong>Cuidate Plus. Diarrea<\/strong><\/a><\/span><\/p>\n<p><span style=\"font-size: 10pt;font-family: verdana, geneva\"><strong><a href=\"https:\/\/www.ecured.cu\/Enfermedad_Diarreica_Aguda\" target=\"_blank\">ECURED: Enfermedad diarreica aguda<\/a><\/strong><\/span><\/p>\n<p>&nbsp;<\/p>\n","protected":false},"excerpt":{"rendered":"<p>Sitio web de Gastroenterolog\u00eda Gastroblogs Enfermedades diarreicas &#8211; World Health Organization Enfermedades diarreicas: S\u00edntomas y prevenci\u00f3n Diarrea. Cl\u00ednica Mayo UNICEF. Enfermedades diarreicas \u00c1ltima: Enfermedades diarreicas Cuidate Plus. Diarrea ECURED: Enfermedad diarreica aguda &nbsp;<\/p>\n","protected":false},"author":203,"featured_media":0,"parent":0,"menu_order":0,"comment_status":"closed","ping_status":"closed","template":"","meta":[],"_links":{"self":[{"href":"https:\/\/blogs.sld.cu\/enfermedadesdiarreicas\/wp-json\/wp\/v2\/pages\/14"}],"collection":[{"href":"https:\/\/blogs.sld.cu\/enfermedadesdiarreicas\/wp-json\/wp\/v2\/pages"}],"about":[{"href":"https:\/\/blogs.sld.cu\/enfermedadesdiarreicas\/wp-json\/wp\/v2\/types\/page"}],"author":[{"embeddable":true,"href":"https:\/\/blogs.sld.cu\/enfermedadesdiarreicas\/wp-json\/wp\/v2\/users\/203"}],"replies":[{"embeddable":true,"href":"https:\/\/blogs.sld.cu\/enfermedadesdiarreicas\/wp-json\/wp\/v2\/comments?post=14"}],"version-history":[{"count":12,"href":"https:\/\/blogs.sld.cu\/enfermedadesdiarreicas\/wp-json\/wp\/v2\/pages\/14\/revisions"}],"predecessor-version":[{"id":319,"href":"https:\/\/blogs.sld.cu\/enfermedadesdiarreicas\/wp-json\/wp\/v2\/pages\/14\/revisions\/319"}],"wp:attachment":[{"href":"https:\/\/blogs.sld.cu\/enfermedadesdiarreicas\/wp-json\/wp\/v2\/media?parent=14"}],"curies":[{"name":"wp","href":"https:\/\/api.w.org\/{rel}","templated":true}]}}