{"id":232,"date":"2020-04-28T03:50:41","date_gmt":"2020-04-28T03:50:41","guid":{"rendered":"http:\/\/blogs.sld.cu\/enfermedadesdiarreicas\/?page_id=232"},"modified":"2021-01-28T07:39:57","modified_gmt":"2021-01-28T07:39:57","slug":"232-2","status":"publish","type":"page","link":"https:\/\/blogs.sld.cu\/enfermedadesdiarreicas\/232-2\/","title":{"rendered":"Sales de rehidrataci\u00f3n oral"},"content":{"rendered":"<p><span style=\"font-size: 10pt;font-family: verdana, geneva\">Las <b>sales de rehidrataci\u00f3n oral<\/b> (tambi\u00e9n referidas por sus siglas <b>SRO<\/b>) son un compuesto de sales que se administra en casos de deshidrataci\u00f3n. Su distribuci\u00f3n ha sido promocionada por la Organizaci\u00f3n Mundial de la Salud (OMS), principalmente en pa\u00edses pobres donde la infraestructura higi\u00e9nica y sanitaria es deficiente. En estos lugares una de las mayores causas de muerte entre infantes menores de cinco a\u00f1os es la deshidrataci\u00f3n provocada por la diarrea.<\/span><\/p>\n<p><span style=\"font-size: 10pt;font-family: verdana, geneva\">Seg\u00fan la OMS\u00a0 las <b>SRO<\/b> son la manera m\u00e1s sencilla, efectiva y barata de mantener a los ni\u00f1os con vida durante episodios severos de diarrea.<\/span><\/p>\n<p><span style=\"font-size: 10pt;font-family: verdana, geneva\">Se distribuye normalmente en sobres de bajo costo, cuyo contenido debe disolverse en un litro de agua potable.<\/span><\/p>\n<p><span style=\"font-size: 10pt;font-family: verdana, geneva\">La OMS ya ha recomendado una soluci\u00f3n rehidratante en forma de sobres que se vende en farmacias. Se echa un sobre en un litro de agua.<\/span><\/p>\n<p><span style=\"font-size: 10pt;font-family: verdana, geneva\">Su contenido (independientemente de la marca) suele ser:<\/span><\/p>\n<ul>\n<li><span style=\"font-size: 10pt;font-family: verdana, geneva\">\u00a03.5 g de cloruro de sodio2.5 g<\/span><\/li>\n<li><span style=\"font-size: 10pt;font-family: verdana, geneva\">2,5g de bicarbonato s\u00f3dico (\u00f3 2,9g de citrato tris\u00f3dico dihidrato)<\/span><\/li>\n<li><span style=\"font-size: 10pt;font-family: verdana, geneva\">1,5g de cloruro pot\u00e1sico<\/span><\/li>\n<li><span style=\"font-size: 10pt;font-family: verdana, geneva\">20g de glucosa anhidra<\/span><\/li>\n<\/ul>\n<p><span style=\"font-size: 10pt;font-family: verdana, geneva\">Dado su \u00ednfimo coste en la mayor\u00eda de los pa\u00edses, estos sobres preparados pueden tenerse en casa de forma habitual, como medida preventiva.<\/span><\/p>\n<p><span style=\"font-size: 10pt;font-family: verdana, geneva\">La OMS sigue mejorando permanentemente la f\u00f3rmula de las SRO a fin de hacerlas m\u00e1s eficaces.<\/span><\/p>\n","protected":false},"excerpt":{"rendered":"<p>Las sales de rehidrataci\u00f3n oral (tambi\u00e9n referidas por sus siglas SRO) son un compuesto de sales que se administra en casos de deshidrataci\u00f3n. Su distribuci\u00f3n ha sido promocionada por la Organizaci\u00f3n Mundial de la Salud (OMS), principalmente en pa\u00edses pobres donde la infraestructura higi\u00e9nica y sanitaria es deficiente. En estos lugares una de las mayores [&hellip;]<\/p>\n","protected":false},"author":208,"featured_media":0,"parent":0,"menu_order":0,"comment_status":"closed","ping_status":"closed","template":"","meta":[],"_links":{"self":[{"href":"https:\/\/blogs.sld.cu\/enfermedadesdiarreicas\/wp-json\/wp\/v2\/pages\/232"}],"collection":[{"href":"https:\/\/blogs.sld.cu\/enfermedadesdiarreicas\/wp-json\/wp\/v2\/pages"}],"about":[{"href":"https:\/\/blogs.sld.cu\/enfermedadesdiarreicas\/wp-json\/wp\/v2\/types\/page"}],"author":[{"embeddable":true,"href":"https:\/\/blogs.sld.cu\/enfermedadesdiarreicas\/wp-json\/wp\/v2\/users\/208"}],"replies":[{"embeddable":true,"href":"https:\/\/blogs.sld.cu\/enfermedadesdiarreicas\/wp-json\/wp\/v2\/comments?post=232"}],"version-history":[{"count":7,"href":"https:\/\/blogs.sld.cu\/enfermedadesdiarreicas\/wp-json\/wp\/v2\/pages\/232\/revisions"}],"predecessor-version":[{"id":321,"href":"https:\/\/blogs.sld.cu\/enfermedadesdiarreicas\/wp-json\/wp\/v2\/pages\/232\/revisions\/321"}],"wp:attachment":[{"href":"https:\/\/blogs.sld.cu\/enfermedadesdiarreicas\/wp-json\/wp\/v2\/media?parent=232"}],"curies":[{"name":"wp","href":"https:\/\/api.w.org\/{rel}","templated":true}]}}